{"id":58073,"date":"2025-12-12T19:50:36","date_gmt":"2025-12-12T18:50:36","guid":{"rendered":"https:\/\/test.ecbeaute.com\/?post_type=product&#038;p=58073"},"modified":"2025-12-12T19:50:38","modified_gmt":"2025-12-12T18:50:38","slug":"uriage-age-lift-serum-intensif-lissant-fermete-30-ml-3","status":"publish","type":"product","link":"https:\/\/paracherkaoui.ma\/index.php\/produit\/uriage-age-lift-serum-intensif-lissant-fermete-30-ml-3\/","title":{"rendered":"URIAGE AGE LIFT SERUM INTENSIF LISSANT FERMETE 30 ML"},"content":{"rendered":"<p>Il cible non seulement les rides et la fermet\u00e9, mais il combat \u00e9galement les agressions quotidiennes que subit la peau, telles que la lumi\u00e8re bleue, les rayons UV, la pollution, le stress et la fatigue. Gr\u00e2ce \u00e0 sa formule enrichie en c\u00e9ramides (1, 3 et 6-II), acide hyaluronique et glyc\u00e9rine, il prot\u00e8ge, hydrate et adoucit la peau, offrant un effet tenseur visible d\u00e8s les premi\u00e8res applications.<br \/>\nEn utilisant ce s\u00e9rum, vous remarquerez que votre peau est plus lisse et plus ferme. Les traits du visage sont comme d\u00e9froiss\u00e9s, les contours sont mieux d\u00e9finis et la qualit\u00e9 de la peau est nettement am\u00e9lior\u00e9e. Le s\u00e9rum intensif lissant fermet\u00e9 de Uriage est votre solution pour une peau radieuse et visiblement plus jeune.<br \/>\nCOMPOSITION<br \/>\nAQUA (WATER, EAU) \u25cf PROPANEDIOL \u25cf LACTIC ACID \u25cf ISODECYL NEOPENTANOATE \u25cf POLYSORBATE 60 \u25cf GLYCERIN \u25cf BUTYLENE GLYCOL \u25cf SODIUM HYDROXIDE \u25cf CETYL ALCOHOL \u25cf LIMNANTHES ALBA (MEADOWFOAM) SEED OIL \u25cf SORBITAN STEARATE \u25cf ASCORBYL TETRAISOPALMITATE \u25cf TOCOPHERYL ACETATE \u25cf SODIUM HYALURONATE \u25cf RETINYL PALMITATE \u25cf CROTON LECHLERI RESIN EXTRACT \u25cf TOCOPHEROL \u25cf ACRYLATES\/C10-30 ALKYL ACRYLATE CROSSPOLYMER \u25cf DIMETHICONE \u25cf CAESALPINIA SPINOSA FRUIT EXTRACT \u25cf CI 77891 (TITANIUM DIOXIDE) \u25cf CHLORPHENESIN \u25cf XANTHAN GUM \u25cf PARFUM (FRAGRANCE) \u25cf MICA \u25cf o-CYMEN-5-OL \u25cf KAPPAPHYCUS ALVAREZII EXTRACT \u25cf ADENOSINE \u25cf THEOBROMA CACAO (COCOA) SEED EXTRACT \u25cf TIN OXIDE<br \/>\nCONSEIL D\u2019UTILISATION<br \/>\nAppliquez le s\u00e9rum matin et soir sur une peau propre et s\u00e8che. Utilisez quelques gouttes et massez d\u00e9licatement du bout des doigts en mouvements circulaires ascendants pour favoriser la p\u00e9n\u00e9tration du produit.\u00a0 Pour de meilleurs r\u00e9sultats, utilisez ce s\u00e9rum en compl\u00e9ment des autres produits de la gamme AGE LIFT, comme la cr\u00e8me de jour ou la cr\u00e8me de nuit.<\/p>\n","protected":false},"excerpt":{"rendered":"<p>Il cible non seulement les rides et la fermet\u00e9, mais il combat \u00e9galement les agressions quotidiennes que subit la peau,<\/p>\n","protected":false},"featured_media":13810,"comment_status":"open","ping_status":"closed","template":"","meta":[],"product_brand":[130],"product_cat":[140],"product_tag":[],"class_list":{"0":"post-58073","1":"product","2":"type-product","3":"status-publish","4":"has-post-thumbnail","6":"product_brand-uriage","7":"product_cat-anti-age","9":"first","10":"instock","11":"sale","12":"shipping-taxable","13":"purchasable","14":"product-type-simple"},"yoast_head":"<!-- This site is optimized with the Yoast SEO plugin v26.6 - https:\/\/yoast.com\/wordpress\/plugins\/seo\/ -->\r\n<title>URIAGE AGE LIFT SERUM INTENSIF LISSANT FERMETE 30 ML - Paracherkaoui.ma<\/title>\r\n<meta name=\"robots\" content=\"index, follow, max-snippet:-1, max-image-preview:large, max-video-preview:-1\" \/>\r\n<link rel=\"canonical\" href=\"https:\/\/paracherkaoui.ma\/index.php\/produit\/uriage-age-lift-serum-intensif-lissant-fermete-30-ml-3\/\" \/>\r\n<meta property=\"og:locale\" content=\"fr_FR\" \/>\r\n<meta property=\"og:type\" content=\"article\" \/>\r\n<meta property=\"og:title\" content=\"URIAGE AGE LIFT SERUM INTENSIF LISSANT FERMETE 30 ML - Paracherkaoui.ma\" \/>\r\n<meta property=\"og:description\" content=\"Il cible non seulement les rides et la fermet\u00e9, mais il combat \u00e9galement les agressions quotidiennes que subit la peau,\" \/>\r\n<meta property=\"og:url\" content=\"https:\/\/paracherkaoui.ma\/index.php\/produit\/uriage-age-lift-serum-intensif-lissant-fermete-30-ml-3\/\" \/>\r\n<meta property=\"og:site_name\" content=\"Paracherkaoui.ma\" \/>\r\n<meta property=\"article:modified_time\" content=\"2025-12-12T18:50:38+00:00\" \/>\r\n<meta property=\"og:image\" content=\"https:\/\/paracherkaoui.ma\/wp-content\/uploads\/2025\/12\/uriage-uriage-age-lift-serum-intensif-lissant-fermete-30-ml-premieres-rides.jpg\" \/>\r\n\t<meta property=\"og:image:width\" content=\"700\" \/>\r\n\t<meta property=\"og:image:height\" content=\"700\" \/>\r\n\t<meta property=\"og:image:type\" content=\"image\/jpeg\" \/>\r\n<meta name=\"twitter:card\" content=\"summary_large_image\" \/>\r\n<meta name=\"twitter:label1\" content=\"Dur\u00e9e de lecture estim\u00e9e\" \/>\n\t<meta name=\"twitter:data1\" content=\"1 minute\" \/>\r\n<script type=\"application\/ld+json\" class=\"yoast-schema-graph\">{\"@context\":\"https:\/\/schema.org\",\"@graph\":[{\"@type\":\"WebPage\",\"@id\":\"https:\/\/paracherkaoui.ma\/index.php\/produit\/uriage-age-lift-serum-intensif-lissant-fermete-30-ml-3\/\",\"url\":\"https:\/\/paracherkaoui.ma\/index.php\/produit\/uriage-age-lift-serum-intensif-lissant-fermete-30-ml-3\/\",\"name\":\"URIAGE AGE LIFT SERUM INTENSIF LISSANT FERMETE 30 ML - Paracherkaoui.ma\",\"isPartOf\":{\"@id\":\"https:\/\/paracherkaoui.ma\/#website\"},\"primaryImageOfPage\":{\"@id\":\"https:\/\/paracherkaoui.ma\/index.php\/produit\/uriage-age-lift-serum-intensif-lissant-fermete-30-ml-3\/#primaryimage\"},\"image\":{\"@id\":\"https:\/\/paracherkaoui.ma\/index.php\/produit\/uriage-age-lift-serum-intensif-lissant-fermete-30-ml-3\/#primaryimage\"},\"thumbnailUrl\":\"https:\/\/paracherkaoui.ma\/wp-content\/uploads\/2025\/12\/uriage-uriage-age-lift-serum-intensif-lissant-fermete-30-ml-premieres-rides.jpg\",\"datePublished\":\"2025-12-12T18:50:36+00:00\",\"dateModified\":\"2025-12-12T18:50:38+00:00\",\"breadcrumb\":{\"@id\":\"https:\/\/paracherkaoui.ma\/index.php\/produit\/uriage-age-lift-serum-intensif-lissant-fermete-30-ml-3\/#breadcrumb\"},\"inLanguage\":\"fr-FR\",\"potentialAction\":[{\"@type\":\"ReadAction\",\"target\":[\"https:\/\/paracherkaoui.ma\/index.php\/produit\/uriage-age-lift-serum-intensif-lissant-fermete-30-ml-3\/\"]}]},{\"@type\":\"ImageObject\",\"inLanguage\":\"fr-FR\",\"@id\":\"https:\/\/paracherkaoui.ma\/index.php\/produit\/uriage-age-lift-serum-intensif-lissant-fermete-30-ml-3\/#primaryimage\",\"url\":\"https:\/\/paracherkaoui.ma\/wp-content\/uploads\/2025\/12\/uriage-uriage-age-lift-serum-intensif-lissant-fermete-30-ml-premieres-rides.jpg\",\"contentUrl\":\"https:\/\/paracherkaoui.ma\/wp-content\/uploads\/2025\/12\/uriage-uriage-age-lift-serum-intensif-lissant-fermete-30-ml-premieres-rides.jpg\",\"width\":700,\"height\":700},{\"@type\":\"BreadcrumbList\",\"@id\":\"https:\/\/paracherkaoui.ma\/index.php\/produit\/uriage-age-lift-serum-intensif-lissant-fermete-30-ml-3\/#breadcrumb\",\"itemListElement\":[{\"@type\":\"ListItem\",\"position\":1,\"name\":\"Accueil\",\"item\":\"https:\/\/paracherkaoui.ma\/\"},{\"@type\":\"ListItem\",\"position\":2,\"name\":\"Boutique\",\"item\":\"https:\/\/paracherkaoui.ma\/index.php\/boutique\/\"},{\"@type\":\"ListItem\",\"position\":3,\"name\":\"URIAGE AGE LIFT SERUM INTENSIF LISSANT FERMETE 30 ML\"}]},{\"@type\":\"WebSite\",\"@id\":\"https:\/\/paracherkaoui.ma\/#website\",\"url\":\"https:\/\/paracherkaoui.ma\/\",\"name\":\"Paracherkaoui.ma\",\"description\":\"Achetez en ligne sur Paracherkaoui.ma\",\"potentialAction\":[{\"@type\":\"SearchAction\",\"target\":{\"@type\":\"EntryPoint\",\"urlTemplate\":\"https:\/\/paracherkaoui.ma\/?s={search_term_string}\"},\"query-input\":{\"@type\":\"PropertyValueSpecification\",\"valueRequired\":true,\"valueName\":\"search_term_string\"}}],\"inLanguage\":\"fr-FR\"}]}<\/script>\r\n<!-- \/ Yoast SEO plugin. -->","yoast_head_json":{"title":"URIAGE AGE LIFT SERUM INTENSIF LISSANT FERMETE 30 ML - Paracherkaoui.ma","robots":{"index":"index","follow":"follow","max-snippet":"max-snippet:-1","max-image-preview":"max-image-preview:large","max-video-preview":"max-video-preview:-1"},"canonical":"https:\/\/paracherkaoui.ma\/index.php\/produit\/uriage-age-lift-serum-intensif-lissant-fermete-30-ml-3\/","og_locale":"fr_FR","og_type":"article","og_title":"URIAGE AGE LIFT SERUM INTENSIF LISSANT FERMETE 30 ML - Paracherkaoui.ma","og_description":"Il cible non seulement les rides et la fermet\u00e9, mais il combat \u00e9galement les agressions quotidiennes que subit la peau,","og_url":"https:\/\/paracherkaoui.ma\/index.php\/produit\/uriage-age-lift-serum-intensif-lissant-fermete-30-ml-3\/","og_site_name":"Paracherkaoui.ma","article_modified_time":"2025-12-12T18:50:38+00:00","og_image":[{"width":700,"height":700,"url":"https:\/\/paracherkaoui.ma\/wp-content\/uploads\/2025\/12\/uriage-uriage-age-lift-serum-intensif-lissant-fermete-30-ml-premieres-rides.jpg","type":"image\/jpeg"}],"twitter_card":"summary_large_image","twitter_misc":{"Dur\u00e9e de lecture estim\u00e9e":"1 minute"},"schema":{"@context":"https:\/\/schema.org","@graph":[{"@type":"WebPage","@id":"https:\/\/paracherkaoui.ma\/index.php\/produit\/uriage-age-lift-serum-intensif-lissant-fermete-30-ml-3\/","url":"https:\/\/paracherkaoui.ma\/index.php\/produit\/uriage-age-lift-serum-intensif-lissant-fermete-30-ml-3\/","name":"URIAGE AGE LIFT SERUM INTENSIF LISSANT FERMETE 30 ML - Paracherkaoui.ma","isPartOf":{"@id":"https:\/\/paracherkaoui.ma\/#website"},"primaryImageOfPage":{"@id":"https:\/\/paracherkaoui.ma\/index.php\/produit\/uriage-age-lift-serum-intensif-lissant-fermete-30-ml-3\/#primaryimage"},"image":{"@id":"https:\/\/paracherkaoui.ma\/index.php\/produit\/uriage-age-lift-serum-intensif-lissant-fermete-30-ml-3\/#primaryimage"},"thumbnailUrl":"https:\/\/paracherkaoui.ma\/wp-content\/uploads\/2025\/12\/uriage-uriage-age-lift-serum-intensif-lissant-fermete-30-ml-premieres-rides.jpg","datePublished":"2025-12-12T18:50:36+00:00","dateModified":"2025-12-12T18:50:38+00:00","breadcrumb":{"@id":"https:\/\/paracherkaoui.ma\/index.php\/produit\/uriage-age-lift-serum-intensif-lissant-fermete-30-ml-3\/#breadcrumb"},"inLanguage":"fr-FR","potentialAction":[{"@type":"ReadAction","target":["https:\/\/paracherkaoui.ma\/index.php\/produit\/uriage-age-lift-serum-intensif-lissant-fermete-30-ml-3\/"]}]},{"@type":"ImageObject","inLanguage":"fr-FR","@id":"https:\/\/paracherkaoui.ma\/index.php\/produit\/uriage-age-lift-serum-intensif-lissant-fermete-30-ml-3\/#primaryimage","url":"https:\/\/paracherkaoui.ma\/wp-content\/uploads\/2025\/12\/uriage-uriage-age-lift-serum-intensif-lissant-fermete-30-ml-premieres-rides.jpg","contentUrl":"https:\/\/paracherkaoui.ma\/wp-content\/uploads\/2025\/12\/uriage-uriage-age-lift-serum-intensif-lissant-fermete-30-ml-premieres-rides.jpg","width":700,"height":700},{"@type":"BreadcrumbList","@id":"https:\/\/paracherkaoui.ma\/index.php\/produit\/uriage-age-lift-serum-intensif-lissant-fermete-30-ml-3\/#breadcrumb","itemListElement":[{"@type":"ListItem","position":1,"name":"Accueil","item":"https:\/\/paracherkaoui.ma\/"},{"@type":"ListItem","position":2,"name":"Boutique","item":"https:\/\/paracherkaoui.ma\/index.php\/boutique\/"},{"@type":"ListItem","position":3,"name":"URIAGE AGE LIFT SERUM INTENSIF LISSANT FERMETE 30 ML"}]},{"@type":"WebSite","@id":"https:\/\/paracherkaoui.ma\/#website","url":"https:\/\/paracherkaoui.ma\/","name":"Paracherkaoui.ma","description":"Achetez en ligne sur Paracherkaoui.ma","potentialAction":[{"@type":"SearchAction","target":{"@type":"EntryPoint","urlTemplate":"https:\/\/paracherkaoui.ma\/?s={search_term_string}"},"query-input":{"@type":"PropertyValueSpecification","valueRequired":true,"valueName":"search_term_string"}}],"inLanguage":"fr-FR"}]}},"_links":{"self":[{"href":"https:\/\/paracherkaoui.ma\/index.php\/wp-json\/wp\/v2\/product\/58073","targetHints":{"allow":["GET"]}}],"collection":[{"href":"https:\/\/paracherkaoui.ma\/index.php\/wp-json\/wp\/v2\/product"}],"about":[{"href":"https:\/\/paracherkaoui.ma\/index.php\/wp-json\/wp\/v2\/types\/product"}],"replies":[{"embeddable":true,"href":"https:\/\/paracherkaoui.ma\/index.php\/wp-json\/wp\/v2\/comments?post=58073"}],"version-history":[{"count":1,"href":"https:\/\/paracherkaoui.ma\/index.php\/wp-json\/wp\/v2\/product\/58073\/revisions"}],"predecessor-version":[{"id":58103,"href":"https:\/\/paracherkaoui.ma\/index.php\/wp-json\/wp\/v2\/product\/58073\/revisions\/58103"}],"wp:featuredmedia":[{"embeddable":true,"href":"https:\/\/paracherkaoui.ma\/index.php\/wp-json\/wp\/v2\/media\/13810"}],"wp:attachment":[{"href":"https:\/\/paracherkaoui.ma\/index.php\/wp-json\/wp\/v2\/media?parent=58073"}],"wp:term":[{"taxonomy":"product_brand","embeddable":true,"href":"https:\/\/paracherkaoui.ma\/index.php\/wp-json\/wp\/v2\/product_brand?post=58073"},{"taxonomy":"product_cat","embeddable":true,"href":"https:\/\/paracherkaoui.ma\/index.php\/wp-json\/wp\/v2\/product_cat?post=58073"},{"taxonomy":"product_tag","embeddable":true,"href":"https:\/\/paracherkaoui.ma\/index.php\/wp-json\/wp\/v2\/product_tag?post=58073"}],"curies":[{"name":"wp","href":"https:\/\/api.w.org\/{rel}","templated":true}]}}