{"id":57963,"date":"2025-12-12T19:50:24","date_gmt":"2025-12-12T18:50:24","guid":{"rendered":"https:\/\/test.ecbeaute.com\/?post_type=product&#038;p=57963"},"modified":"2025-12-12T19:50:27","modified_gmt":"2025-12-12T18:50:27","slug":"svr-ampoule-anti-ox-c-30-ml-5","status":"publish","type":"product","link":"https:\/\/paracherkaoui.ma\/index.php\/produit\/svr-ampoule-anti-ox-c-30-ml-5\/","title":{"rendered":"SVR AMPOULE ANTI OX C 30 ML"},"content":{"rendered":"<p>Description:<\/p>\n<p>Ce s\u00e9rum est hautement concentr\u00e9 en vitamine C qui poss\u00e8de de nombreuses propri\u00e9t\u00e9s anti-\u00e2ge et antioxydant. Ce principe actif va stimuler la production de collag\u00e8ne et d\u2019\u00e9lastine et va relancer l\u2019action des fibroblastes afin de maintenir la densit\u00e9 de la peau.De plus, cet actif antioxydant va prot\u00e9ger les cellules des d\u00e9g\u00e2ts caus\u00e9s par les radicaux libres responsables de l\u2019alt\u00e9ration cutan\u00e9e.La vitamine C offre une action \u00e9claircissante en diminuant la production de m\u00e9lanine afin d\u2019att\u00e9nuer les taches pigmentaires et le teint terne en lui redonnant de l&rsquo;\u00e9clat.\u00a0L\u2019acide hyaluronique permet d\u2019hydrater en surface afin d\u2019\u00e9quilibrer le film hydrolipidique et p\u00e9n\u00e8tre en profondeur jusqu\u2019au derme pour redensifier et repulper le derme, lissant ainsi les rides.\u00a0L\u2019ur\u00e9e est \u00e9galement un principe actif ultra hydratant dou\u00e9 d\u2019une forte capacit\u00e9 de p\u00e9n\u00e9tration et d\u2019une action k\u00e9ratolytique, lissant le grain de peau.Gr\u00e2ce \u00e0 l\u2019Ampoule Anti-Ox C de SVR, la peau r\u00e9v\u00e8le tout son \u00e9clat et r\u00e9duit les signes de fatigue. La peau est tonifi\u00e9e et le visage est \u00e9clatant de vitalit\u00e9.<\/p>\n","protected":false},"excerpt":{"rendered":"<p>Description: Ce s\u00e9rum est hautement concentr\u00e9 en vitamine C qui poss\u00e8de de nombreuses propri\u00e9t\u00e9s anti-\u00e2ge et antioxydant. Ce principe actif<\/p>\n","protected":false},"featured_media":11749,"comment_status":"open","ping_status":"closed","template":"","meta":[],"product_brand":[133],"product_cat":[140],"product_tag":[],"class_list":{"0":"post-57963","1":"product","2":"type-product","3":"status-publish","4":"has-post-thumbnail","6":"product_brand-svr","7":"product_cat-anti-age","9":"first","10":"instock","11":"sale","12":"shipping-taxable","13":"purchasable","14":"product-type-simple"},"yoast_head":"<!-- This site is optimized with the Yoast SEO plugin v26.6 - https:\/\/yoast.com\/wordpress\/plugins\/seo\/ -->\r\n<title>SVR AMPOULE ANTI OX C 30 ML - Paracherkaoui.ma<\/title>\r\n<meta name=\"robots\" content=\"index, follow, max-snippet:-1, max-image-preview:large, max-video-preview:-1\" \/>\r\n<link rel=\"canonical\" href=\"https:\/\/paracherkaoui.ma\/index.php\/produit\/svr-ampoule-anti-ox-c-30-ml-5\/\" \/>\r\n<meta property=\"og:locale\" content=\"fr_FR\" \/>\r\n<meta property=\"og:type\" content=\"article\" \/>\r\n<meta property=\"og:title\" content=\"SVR AMPOULE ANTI OX C 30 ML - Paracherkaoui.ma\" \/>\r\n<meta property=\"og:description\" content=\"Description: Ce s\u00e9rum est hautement concentr\u00e9 en vitamine C qui poss\u00e8de de nombreuses propri\u00e9t\u00e9s anti-\u00e2ge et antioxydant. Ce principe actif\" \/>\r\n<meta property=\"og:url\" content=\"https:\/\/paracherkaoui.ma\/index.php\/produit\/svr-ampoule-anti-ox-c-30-ml-5\/\" \/>\r\n<meta property=\"og:site_name\" content=\"Paracherkaoui.ma\" \/>\r\n<meta property=\"article:modified_time\" content=\"2025-12-12T18:50:27+00:00\" \/>\r\n<meta property=\"og:image\" content=\"https:\/\/paracherkaoui.ma\/wp-content\/uploads\/2025\/12\/svr-svr-ampoule-anti-ox-c-30-ml-peaux-matures.jpg\" \/>\r\n\t<meta property=\"og:image:width\" content=\"700\" \/>\r\n\t<meta property=\"og:image:height\" content=\"700\" \/>\r\n\t<meta property=\"og:image:type\" content=\"image\/jpeg\" \/>\r\n<meta name=\"twitter:card\" content=\"summary_large_image\" \/>\r\n<meta name=\"twitter:label1\" content=\"Dur\u00e9e de lecture estim\u00e9e\" \/>\n\t<meta name=\"twitter:data1\" content=\"1 minute\" \/>\r\n<script type=\"application\/ld+json\" class=\"yoast-schema-graph\">{\"@context\":\"https:\/\/schema.org\",\"@graph\":[{\"@type\":\"WebPage\",\"@id\":\"https:\/\/paracherkaoui.ma\/index.php\/produit\/svr-ampoule-anti-ox-c-30-ml-5\/\",\"url\":\"https:\/\/paracherkaoui.ma\/index.php\/produit\/svr-ampoule-anti-ox-c-30-ml-5\/\",\"name\":\"SVR AMPOULE ANTI OX C 30 ML - Paracherkaoui.ma\",\"isPartOf\":{\"@id\":\"https:\/\/paracherkaoui.ma\/#website\"},\"primaryImageOfPage\":{\"@id\":\"https:\/\/paracherkaoui.ma\/index.php\/produit\/svr-ampoule-anti-ox-c-30-ml-5\/#primaryimage\"},\"image\":{\"@id\":\"https:\/\/paracherkaoui.ma\/index.php\/produit\/svr-ampoule-anti-ox-c-30-ml-5\/#primaryimage\"},\"thumbnailUrl\":\"https:\/\/paracherkaoui.ma\/wp-content\/uploads\/2025\/12\/svr-svr-ampoule-anti-ox-c-30-ml-peaux-matures.jpg\",\"datePublished\":\"2025-12-12T18:50:24+00:00\",\"dateModified\":\"2025-12-12T18:50:27+00:00\",\"breadcrumb\":{\"@id\":\"https:\/\/paracherkaoui.ma\/index.php\/produit\/svr-ampoule-anti-ox-c-30-ml-5\/#breadcrumb\"},\"inLanguage\":\"fr-FR\",\"potentialAction\":[{\"@type\":\"ReadAction\",\"target\":[\"https:\/\/paracherkaoui.ma\/index.php\/produit\/svr-ampoule-anti-ox-c-30-ml-5\/\"]}]},{\"@type\":\"ImageObject\",\"inLanguage\":\"fr-FR\",\"@id\":\"https:\/\/paracherkaoui.ma\/index.php\/produit\/svr-ampoule-anti-ox-c-30-ml-5\/#primaryimage\",\"url\":\"https:\/\/paracherkaoui.ma\/wp-content\/uploads\/2025\/12\/svr-svr-ampoule-anti-ox-c-30-ml-peaux-matures.jpg\",\"contentUrl\":\"https:\/\/paracherkaoui.ma\/wp-content\/uploads\/2025\/12\/svr-svr-ampoule-anti-ox-c-30-ml-peaux-matures.jpg\",\"width\":700,\"height\":700},{\"@type\":\"BreadcrumbList\",\"@id\":\"https:\/\/paracherkaoui.ma\/index.php\/produit\/svr-ampoule-anti-ox-c-30-ml-5\/#breadcrumb\",\"itemListElement\":[{\"@type\":\"ListItem\",\"position\":1,\"name\":\"Accueil\",\"item\":\"https:\/\/paracherkaoui.ma\/\"},{\"@type\":\"ListItem\",\"position\":2,\"name\":\"Boutique\",\"item\":\"https:\/\/paracherkaoui.ma\/index.php\/boutique\/\"},{\"@type\":\"ListItem\",\"position\":3,\"name\":\"SVR AMPOULE ANTI OX C 30 ML\"}]},{\"@type\":\"WebSite\",\"@id\":\"https:\/\/paracherkaoui.ma\/#website\",\"url\":\"https:\/\/paracherkaoui.ma\/\",\"name\":\"Paracherkaoui.ma\",\"description\":\"Achetez en ligne sur Paracherkaoui.ma\",\"potentialAction\":[{\"@type\":\"SearchAction\",\"target\":{\"@type\":\"EntryPoint\",\"urlTemplate\":\"https:\/\/paracherkaoui.ma\/?s={search_term_string}\"},\"query-input\":{\"@type\":\"PropertyValueSpecification\",\"valueRequired\":true,\"valueName\":\"search_term_string\"}}],\"inLanguage\":\"fr-FR\"}]}<\/script>\r\n<!-- \/ Yoast SEO plugin. -->","yoast_head_json":{"title":"SVR AMPOULE ANTI OX C 30 ML - Paracherkaoui.ma","robots":{"index":"index","follow":"follow","max-snippet":"max-snippet:-1","max-image-preview":"max-image-preview:large","max-video-preview":"max-video-preview:-1"},"canonical":"https:\/\/paracherkaoui.ma\/index.php\/produit\/svr-ampoule-anti-ox-c-30-ml-5\/","og_locale":"fr_FR","og_type":"article","og_title":"SVR AMPOULE ANTI OX C 30 ML - Paracherkaoui.ma","og_description":"Description: Ce s\u00e9rum est hautement concentr\u00e9 en vitamine C qui poss\u00e8de de nombreuses propri\u00e9t\u00e9s anti-\u00e2ge et antioxydant. Ce principe actif","og_url":"https:\/\/paracherkaoui.ma\/index.php\/produit\/svr-ampoule-anti-ox-c-30-ml-5\/","og_site_name":"Paracherkaoui.ma","article_modified_time":"2025-12-12T18:50:27+00:00","og_image":[{"width":700,"height":700,"url":"https:\/\/paracherkaoui.ma\/wp-content\/uploads\/2025\/12\/svr-svr-ampoule-anti-ox-c-30-ml-peaux-matures.jpg","type":"image\/jpeg"}],"twitter_card":"summary_large_image","twitter_misc":{"Dur\u00e9e de lecture estim\u00e9e":"1 minute"},"schema":{"@context":"https:\/\/schema.org","@graph":[{"@type":"WebPage","@id":"https:\/\/paracherkaoui.ma\/index.php\/produit\/svr-ampoule-anti-ox-c-30-ml-5\/","url":"https:\/\/paracherkaoui.ma\/index.php\/produit\/svr-ampoule-anti-ox-c-30-ml-5\/","name":"SVR AMPOULE ANTI OX C 30 ML - Paracherkaoui.ma","isPartOf":{"@id":"https:\/\/paracherkaoui.ma\/#website"},"primaryImageOfPage":{"@id":"https:\/\/paracherkaoui.ma\/index.php\/produit\/svr-ampoule-anti-ox-c-30-ml-5\/#primaryimage"},"image":{"@id":"https:\/\/paracherkaoui.ma\/index.php\/produit\/svr-ampoule-anti-ox-c-30-ml-5\/#primaryimage"},"thumbnailUrl":"https:\/\/paracherkaoui.ma\/wp-content\/uploads\/2025\/12\/svr-svr-ampoule-anti-ox-c-30-ml-peaux-matures.jpg","datePublished":"2025-12-12T18:50:24+00:00","dateModified":"2025-12-12T18:50:27+00:00","breadcrumb":{"@id":"https:\/\/paracherkaoui.ma\/index.php\/produit\/svr-ampoule-anti-ox-c-30-ml-5\/#breadcrumb"},"inLanguage":"fr-FR","potentialAction":[{"@type":"ReadAction","target":["https:\/\/paracherkaoui.ma\/index.php\/produit\/svr-ampoule-anti-ox-c-30-ml-5\/"]}]},{"@type":"ImageObject","inLanguage":"fr-FR","@id":"https:\/\/paracherkaoui.ma\/index.php\/produit\/svr-ampoule-anti-ox-c-30-ml-5\/#primaryimage","url":"https:\/\/paracherkaoui.ma\/wp-content\/uploads\/2025\/12\/svr-svr-ampoule-anti-ox-c-30-ml-peaux-matures.jpg","contentUrl":"https:\/\/paracherkaoui.ma\/wp-content\/uploads\/2025\/12\/svr-svr-ampoule-anti-ox-c-30-ml-peaux-matures.jpg","width":700,"height":700},{"@type":"BreadcrumbList","@id":"https:\/\/paracherkaoui.ma\/index.php\/produit\/svr-ampoule-anti-ox-c-30-ml-5\/#breadcrumb","itemListElement":[{"@type":"ListItem","position":1,"name":"Accueil","item":"https:\/\/paracherkaoui.ma\/"},{"@type":"ListItem","position":2,"name":"Boutique","item":"https:\/\/paracherkaoui.ma\/index.php\/boutique\/"},{"@type":"ListItem","position":3,"name":"SVR AMPOULE ANTI OX C 30 ML"}]},{"@type":"WebSite","@id":"https:\/\/paracherkaoui.ma\/#website","url":"https:\/\/paracherkaoui.ma\/","name":"Paracherkaoui.ma","description":"Achetez en ligne sur Paracherkaoui.ma","potentialAction":[{"@type":"SearchAction","target":{"@type":"EntryPoint","urlTemplate":"https:\/\/paracherkaoui.ma\/?s={search_term_string}"},"query-input":{"@type":"PropertyValueSpecification","valueRequired":true,"valueName":"search_term_string"}}],"inLanguage":"fr-FR"}]}},"_links":{"self":[{"href":"https:\/\/paracherkaoui.ma\/index.php\/wp-json\/wp\/v2\/product\/57963","targetHints":{"allow":["GET"]}}],"collection":[{"href":"https:\/\/paracherkaoui.ma\/index.php\/wp-json\/wp\/v2\/product"}],"about":[{"href":"https:\/\/paracherkaoui.ma\/index.php\/wp-json\/wp\/v2\/types\/product"}],"replies":[{"embeddable":true,"href":"https:\/\/paracherkaoui.ma\/index.php\/wp-json\/wp\/v2\/comments?post=57963"}],"version-history":[{"count":1,"href":"https:\/\/paracherkaoui.ma\/index.php\/wp-json\/wp\/v2\/product\/57963\/revisions"}],"predecessor-version":[{"id":57993,"href":"https:\/\/paracherkaoui.ma\/index.php\/wp-json\/wp\/v2\/product\/57963\/revisions\/57993"}],"wp:featuredmedia":[{"embeddable":true,"href":"https:\/\/paracherkaoui.ma\/index.php\/wp-json\/wp\/v2\/media\/11749"}],"wp:attachment":[{"href":"https:\/\/paracherkaoui.ma\/index.php\/wp-json\/wp\/v2\/media?parent=57963"}],"wp:term":[{"taxonomy":"product_brand","embeddable":true,"href":"https:\/\/paracherkaoui.ma\/index.php\/wp-json\/wp\/v2\/product_brand?post=57963"},{"taxonomy":"product_cat","embeddable":true,"href":"https:\/\/paracherkaoui.ma\/index.php\/wp-json\/wp\/v2\/product_cat?post=57963"},{"taxonomy":"product_tag","embeddable":true,"href":"https:\/\/paracherkaoui.ma\/index.php\/wp-json\/wp\/v2\/product_tag?post=57963"}],"curies":[{"name":"wp","href":"https:\/\/api.w.org\/{rel}","templated":true}]}}