{"id":57443,"date":"2025-12-12T19:48:13","date_gmt":"2025-12-12T18:48:13","guid":{"rendered":"https:\/\/test.ecbeaute.com\/?post_type=product&#038;p=57443"},"modified":"2025-12-12T19:48:17","modified_gmt":"2025-12-12T18:48:17","slug":"crest-3d-white-dentifrice-advanced-fraicheur-arctique-135-ml","status":"publish","type":"product","link":"https:\/\/paracherkaoui.ma\/index.php\/produit\/crest-3d-white-dentifrice-advanced-fraicheur-arctique-135-ml\/","title":{"rendered":"CREST 3D WHITE DENTIFRICE ADVANCED FRAICHEUR ARCTIQUE 135 ML"},"content":{"rendered":"<p>D\u00e9couvrez un sourire \u00e9clatant avec le Crest 3D White Dentifrice Advanced Fra\u00eecheur Arctique 135 ml. Gr\u00e2ce \u00e0 sa formule am\u00e9lior\u00e9e, ce dentifrice blanchissant \u00e9limine jusqu&rsquo;\u00e0 90 % des taches de surface pour des dents visiblement plus blanches d\u00e8s la premi\u00e8re utilisation. Son pouvoir blanchissant agit efficacement tout en offrant une protection longue dur\u00e9e contre les futures taches. Enrichi en fluorure, ce dentifrice renforce l&rsquo;\u00e9mail des dents et aide \u00e0 pr\u00e9venir les caries. Il est l\u2019alli\u00e9 id\u00e9al pour un nettoyage quotidien, assurant une hygi\u00e8ne bucco-dentaire impeccable et un sourire lumineux. De plus, sa fra\u00eecheur arctique laisse une haleine fra\u00eeche et durable pour une sensation de propret\u00e9 tout au long de la journ\u00e9e. Le Crest 3D White ne se contente pas de blanchir vos dents : il polit et lisse d\u00e9licatement l&rsquo;\u00e9mail pour un fini lustr\u00e9, sans abrasion excessive. Sa technologie avanc\u00e9e agit en profondeur pour cibler les taches caus\u00e9es par le caf\u00e9, le th\u00e9 ou le tabac. Avec une utilisation r\u00e9guli\u00e8re, vous b\u00e9n\u00e9ficiez non seulement d&rsquo;un sourire plus blanc, mais aussi d\u2019une bouche plus saine et d\u2019une protection contre les caries. Adoptez ce dentifrice au quotidien pour des r\u00e9sultats rapides et visibles. Obtenez une confiance renouvel\u00e9e gr\u00e2ce \u00e0 un sourire \u00e9blouissant et une haleine fra\u00eeche. Crest 3D White Advanced Fra\u00eecheur Arctique : le choix incontournable pour un sourire \u00e9clatant et une bouche saine ! Conseils d\u2019utilisation : Brossez-vous les dents deux fois par jour avec le dentifrice<\/p>\n","protected":false},"excerpt":{"rendered":"<p>D\u00e9couvrez un sourire \u00e9clatant avec le Crest 3D White Dentifrice Advanced Fra\u00eecheur Arctique 135 ml. Gr\u00e2ce \u00e0 sa formule am\u00e9lior\u00e9e,<\/p>\n","protected":false},"featured_media":57481,"comment_status":"open","ping_status":"closed","template":"","meta":[],"product_brand":[819],"product_cat":[1100],"product_tag":[],"class_list":{"0":"post-57443","1":"product","2":"type-product","3":"status-publish","4":"has-post-thumbnail","6":"product_brand-crest","7":"product_cat-americains","9":"first","10":"instock","11":"shipping-taxable","12":"purchasable","13":"product-type-simple"},"yoast_head":"<!-- This site is optimized with the Yoast SEO plugin v26.6 - https:\/\/yoast.com\/wordpress\/plugins\/seo\/ -->\r\n<title>CREST 3D WHITE DENTIFRICE ADVANCED FRAICHEUR ARCTIQUE 135 ML - Paracherkaoui.ma<\/title>\r\n<meta name=\"robots\" content=\"index, follow, max-snippet:-1, max-image-preview:large, max-video-preview:-1\" \/>\r\n<link rel=\"canonical\" href=\"https:\/\/paracherkaoui.ma\/index.php\/produit\/crest-3d-white-dentifrice-advanced-fraicheur-arctique-135-ml\/\" \/>\r\n<meta property=\"og:locale\" content=\"fr_FR\" \/>\r\n<meta property=\"og:type\" content=\"article\" \/>\r\n<meta property=\"og:title\" content=\"CREST 3D WHITE DENTIFRICE ADVANCED FRAICHEUR ARCTIQUE 135 ML - Paracherkaoui.ma\" \/>\r\n<meta property=\"og:description\" content=\"D\u00e9couvrez un sourire \u00e9clatant avec le Crest 3D White Dentifrice Advanced Fra\u00eecheur Arctique 135 ml. Gr\u00e2ce \u00e0 sa formule am\u00e9lior\u00e9e,\" \/>\r\n<meta property=\"og:url\" content=\"https:\/\/paracherkaoui.ma\/index.php\/produit\/crest-3d-white-dentifrice-advanced-fraicheur-arctique-135-ml\/\" \/>\r\n<meta property=\"og:site_name\" content=\"Paracherkaoui.ma\" \/>\r\n<meta property=\"article:modified_time\" content=\"2025-12-12T18:48:17+00:00\" \/>\r\n<meta property=\"og:image\" content=\"https:\/\/paracherkaoui.ma\/wp-content\/uploads\/2025\/12\/crest-3d-white-dentifrice-advanced-fraicheur-arctique-135-ml.jpg\" \/>\r\n\t<meta property=\"og:image:width\" content=\"700\" \/>\r\n\t<meta property=\"og:image:height\" content=\"700\" \/>\r\n\t<meta property=\"og:image:type\" content=\"image\/jpeg\" \/>\r\n<meta name=\"twitter:card\" content=\"summary_large_image\" \/>\r\n<meta name=\"twitter:label1\" content=\"Dur\u00e9e de lecture estim\u00e9e\" \/>\n\t<meta name=\"twitter:data1\" content=\"1 minute\" \/>\r\n<script type=\"application\/ld+json\" class=\"yoast-schema-graph\">{\"@context\":\"https:\/\/schema.org\",\"@graph\":[{\"@type\":\"WebPage\",\"@id\":\"https:\/\/paracherkaoui.ma\/index.php\/produit\/crest-3d-white-dentifrice-advanced-fraicheur-arctique-135-ml\/\",\"url\":\"https:\/\/paracherkaoui.ma\/index.php\/produit\/crest-3d-white-dentifrice-advanced-fraicheur-arctique-135-ml\/\",\"name\":\"CREST 3D WHITE DENTIFRICE ADVANCED FRAICHEUR ARCTIQUE 135 ML - Paracherkaoui.ma\",\"isPartOf\":{\"@id\":\"https:\/\/paracherkaoui.ma\/#website\"},\"primaryImageOfPage\":{\"@id\":\"https:\/\/paracherkaoui.ma\/index.php\/produit\/crest-3d-white-dentifrice-advanced-fraicheur-arctique-135-ml\/#primaryimage\"},\"image\":{\"@id\":\"https:\/\/paracherkaoui.ma\/index.php\/produit\/crest-3d-white-dentifrice-advanced-fraicheur-arctique-135-ml\/#primaryimage\"},\"thumbnailUrl\":\"https:\/\/paracherkaoui.ma\/wp-content\/uploads\/2025\/12\/crest-3d-white-dentifrice-advanced-fraicheur-arctique-135-ml.jpg\",\"datePublished\":\"2025-12-12T18:48:13+00:00\",\"dateModified\":\"2025-12-12T18:48:17+00:00\",\"breadcrumb\":{\"@id\":\"https:\/\/paracherkaoui.ma\/index.php\/produit\/crest-3d-white-dentifrice-advanced-fraicheur-arctique-135-ml\/#breadcrumb\"},\"inLanguage\":\"fr-FR\",\"potentialAction\":[{\"@type\":\"ReadAction\",\"target\":[\"https:\/\/paracherkaoui.ma\/index.php\/produit\/crest-3d-white-dentifrice-advanced-fraicheur-arctique-135-ml\/\"]}]},{\"@type\":\"ImageObject\",\"inLanguage\":\"fr-FR\",\"@id\":\"https:\/\/paracherkaoui.ma\/index.php\/produit\/crest-3d-white-dentifrice-advanced-fraicheur-arctique-135-ml\/#primaryimage\",\"url\":\"https:\/\/paracherkaoui.ma\/wp-content\/uploads\/2025\/12\/crest-3d-white-dentifrice-advanced-fraicheur-arctique-135-ml.jpg\",\"contentUrl\":\"https:\/\/paracherkaoui.ma\/wp-content\/uploads\/2025\/12\/crest-3d-white-dentifrice-advanced-fraicheur-arctique-135-ml.jpg\",\"width\":700,\"height\":700},{\"@type\":\"BreadcrumbList\",\"@id\":\"https:\/\/paracherkaoui.ma\/index.php\/produit\/crest-3d-white-dentifrice-advanced-fraicheur-arctique-135-ml\/#breadcrumb\",\"itemListElement\":[{\"@type\":\"ListItem\",\"position\":1,\"name\":\"Accueil\",\"item\":\"https:\/\/paracherkaoui.ma\/\"},{\"@type\":\"ListItem\",\"position\":2,\"name\":\"Boutique\",\"item\":\"https:\/\/paracherkaoui.ma\/index.php\/boutique\/\"},{\"@type\":\"ListItem\",\"position\":3,\"name\":\"CREST 3D WHITE DENTIFRICE ADVANCED FRAICHEUR ARCTIQUE 135 ML\"}]},{\"@type\":\"WebSite\",\"@id\":\"https:\/\/paracherkaoui.ma\/#website\",\"url\":\"https:\/\/paracherkaoui.ma\/\",\"name\":\"Paracherkaoui.ma\",\"description\":\"Achetez en ligne sur Paracherkaoui.ma\",\"potentialAction\":[{\"@type\":\"SearchAction\",\"target\":{\"@type\":\"EntryPoint\",\"urlTemplate\":\"https:\/\/paracherkaoui.ma\/?s={search_term_string}\"},\"query-input\":{\"@type\":\"PropertyValueSpecification\",\"valueRequired\":true,\"valueName\":\"search_term_string\"}}],\"inLanguage\":\"fr-FR\"}]}<\/script>\r\n<!-- \/ Yoast SEO plugin. -->","yoast_head_json":{"title":"CREST 3D WHITE DENTIFRICE ADVANCED FRAICHEUR ARCTIQUE 135 ML - Paracherkaoui.ma","robots":{"index":"index","follow":"follow","max-snippet":"max-snippet:-1","max-image-preview":"max-image-preview:large","max-video-preview":"max-video-preview:-1"},"canonical":"https:\/\/paracherkaoui.ma\/index.php\/produit\/crest-3d-white-dentifrice-advanced-fraicheur-arctique-135-ml\/","og_locale":"fr_FR","og_type":"article","og_title":"CREST 3D WHITE DENTIFRICE ADVANCED FRAICHEUR ARCTIQUE 135 ML - Paracherkaoui.ma","og_description":"D\u00e9couvrez un sourire \u00e9clatant avec le Crest 3D White Dentifrice Advanced Fra\u00eecheur Arctique 135 ml. Gr\u00e2ce \u00e0 sa formule am\u00e9lior\u00e9e,","og_url":"https:\/\/paracherkaoui.ma\/index.php\/produit\/crest-3d-white-dentifrice-advanced-fraicheur-arctique-135-ml\/","og_site_name":"Paracherkaoui.ma","article_modified_time":"2025-12-12T18:48:17+00:00","og_image":[{"width":700,"height":700,"url":"https:\/\/paracherkaoui.ma\/wp-content\/uploads\/2025\/12\/crest-3d-white-dentifrice-advanced-fraicheur-arctique-135-ml.jpg","type":"image\/jpeg"}],"twitter_card":"summary_large_image","twitter_misc":{"Dur\u00e9e de lecture estim\u00e9e":"1 minute"},"schema":{"@context":"https:\/\/schema.org","@graph":[{"@type":"WebPage","@id":"https:\/\/paracherkaoui.ma\/index.php\/produit\/crest-3d-white-dentifrice-advanced-fraicheur-arctique-135-ml\/","url":"https:\/\/paracherkaoui.ma\/index.php\/produit\/crest-3d-white-dentifrice-advanced-fraicheur-arctique-135-ml\/","name":"CREST 3D WHITE DENTIFRICE ADVANCED FRAICHEUR ARCTIQUE 135 ML - Paracherkaoui.ma","isPartOf":{"@id":"https:\/\/paracherkaoui.ma\/#website"},"primaryImageOfPage":{"@id":"https:\/\/paracherkaoui.ma\/index.php\/produit\/crest-3d-white-dentifrice-advanced-fraicheur-arctique-135-ml\/#primaryimage"},"image":{"@id":"https:\/\/paracherkaoui.ma\/index.php\/produit\/crest-3d-white-dentifrice-advanced-fraicheur-arctique-135-ml\/#primaryimage"},"thumbnailUrl":"https:\/\/paracherkaoui.ma\/wp-content\/uploads\/2025\/12\/crest-3d-white-dentifrice-advanced-fraicheur-arctique-135-ml.jpg","datePublished":"2025-12-12T18:48:13+00:00","dateModified":"2025-12-12T18:48:17+00:00","breadcrumb":{"@id":"https:\/\/paracherkaoui.ma\/index.php\/produit\/crest-3d-white-dentifrice-advanced-fraicheur-arctique-135-ml\/#breadcrumb"},"inLanguage":"fr-FR","potentialAction":[{"@type":"ReadAction","target":["https:\/\/paracherkaoui.ma\/index.php\/produit\/crest-3d-white-dentifrice-advanced-fraicheur-arctique-135-ml\/"]}]},{"@type":"ImageObject","inLanguage":"fr-FR","@id":"https:\/\/paracherkaoui.ma\/index.php\/produit\/crest-3d-white-dentifrice-advanced-fraicheur-arctique-135-ml\/#primaryimage","url":"https:\/\/paracherkaoui.ma\/wp-content\/uploads\/2025\/12\/crest-3d-white-dentifrice-advanced-fraicheur-arctique-135-ml.jpg","contentUrl":"https:\/\/paracherkaoui.ma\/wp-content\/uploads\/2025\/12\/crest-3d-white-dentifrice-advanced-fraicheur-arctique-135-ml.jpg","width":700,"height":700},{"@type":"BreadcrumbList","@id":"https:\/\/paracherkaoui.ma\/index.php\/produit\/crest-3d-white-dentifrice-advanced-fraicheur-arctique-135-ml\/#breadcrumb","itemListElement":[{"@type":"ListItem","position":1,"name":"Accueil","item":"https:\/\/paracherkaoui.ma\/"},{"@type":"ListItem","position":2,"name":"Boutique","item":"https:\/\/paracherkaoui.ma\/index.php\/boutique\/"},{"@type":"ListItem","position":3,"name":"CREST 3D WHITE DENTIFRICE ADVANCED FRAICHEUR ARCTIQUE 135 ML"}]},{"@type":"WebSite","@id":"https:\/\/paracherkaoui.ma\/#website","url":"https:\/\/paracherkaoui.ma\/","name":"Paracherkaoui.ma","description":"Achetez en ligne sur Paracherkaoui.ma","potentialAction":[{"@type":"SearchAction","target":{"@type":"EntryPoint","urlTemplate":"https:\/\/paracherkaoui.ma\/?s={search_term_string}"},"query-input":{"@type":"PropertyValueSpecification","valueRequired":true,"valueName":"search_term_string"}}],"inLanguage":"fr-FR"}]}},"_links":{"self":[{"href":"https:\/\/paracherkaoui.ma\/index.php\/wp-json\/wp\/v2\/product\/57443","targetHints":{"allow":["GET"]}}],"collection":[{"href":"https:\/\/paracherkaoui.ma\/index.php\/wp-json\/wp\/v2\/product"}],"about":[{"href":"https:\/\/paracherkaoui.ma\/index.php\/wp-json\/wp\/v2\/types\/product"}],"replies":[{"embeddable":true,"href":"https:\/\/paracherkaoui.ma\/index.php\/wp-json\/wp\/v2\/comments?post=57443"}],"version-history":[{"count":1,"href":"https:\/\/paracherkaoui.ma\/index.php\/wp-json\/wp\/v2\/product\/57443\/revisions"}],"predecessor-version":[{"id":57482,"href":"https:\/\/paracherkaoui.ma\/index.php\/wp-json\/wp\/v2\/product\/57443\/revisions\/57482"}],"wp:featuredmedia":[{"embeddable":true,"href":"https:\/\/paracherkaoui.ma\/index.php\/wp-json\/wp\/v2\/media\/57481"}],"wp:attachment":[{"href":"https:\/\/paracherkaoui.ma\/index.php\/wp-json\/wp\/v2\/media?parent=57443"}],"wp:term":[{"taxonomy":"product_brand","embeddable":true,"href":"https:\/\/paracherkaoui.ma\/index.php\/wp-json\/wp\/v2\/product_brand?post=57443"},{"taxonomy":"product_cat","embeddable":true,"href":"https:\/\/paracherkaoui.ma\/index.php\/wp-json\/wp\/v2\/product_cat?post=57443"},{"taxonomy":"product_tag","embeddable":true,"href":"https:\/\/paracherkaoui.ma\/index.php\/wp-json\/wp\/v2\/product_tag?post=57443"}],"curies":[{"name":"wp","href":"https:\/\/api.w.org\/{rel}","templated":true}]}}