{"id":57442,"date":"2025-12-12T19:48:13","date_gmt":"2025-12-12T18:48:13","guid":{"rendered":"https:\/\/test.ecbeaute.com\/?post_type=product&#038;p=57442"},"modified":"2025-12-12T19:48:17","modified_gmt":"2025-12-12T18:48:17","slug":"crest-3d-whitestrips-sensitiveled-light-28-strips","status":"publish","type":"product","link":"https:\/\/paracherkaoui.ma\/index.php\/produit\/crest-3d-whitestrips-sensitiveled-light-28-strips\/","title":{"rendered":"CREST 3D WHITESTRIPS SENSITIVE+LED LIGHT 28 STRIPS"},"content":{"rendered":"<p>Crest 3D Whitestrips Sensitive+LED Light : Offrez \u00e0 vos dents le soin qu&rsquo;elles m\u00e9ritent avec ce traitement de blanchiment con\u00e7u sp\u00e9cifiquement pour les dents sensibles. Recommand\u00e9 par les dentistes, ce kit de blanchiment dentaire vous permet de retrouver des dents \u00e9clatantes de blancheur, tout en pr\u00e9servant votre confort. Gr\u00e2ce \u00e0 sa formule douce et \u00e0 la lumi\u00e8re LED acc\u00e9l\u00e9ratrice, Crest 3D Whitestrips Sensitive+LED Light \u00e9limine les taches tenaces accumul\u00e9es depuis plus de 20 ans. Cette solution innovante est parfaitement adapt\u00e9e aux personnes ayant des dents sensibles, garantissant des r\u00e9sultats visibles et durables. La technologie utilis\u00e9e dans ces bandes de blanchiment est la m\u00eame que celle que les dentistes utilisent, vous assurant un blanchiment professionnel \u00e0 domicile. La lumi\u00e8re LED acc\u00e9l\u00e8re l\u2019action des bandes pour un blanchiment plus rapide et plus efficace. De plus, la conception pratique avec une poign\u00e9e antid\u00e9rapante permet de maintenir les bandes en place, afin que vous puissiez vaquer \u00e0 vos occupations tout en obtenant des r\u00e9sultats remarquables. Conseils d\u2019utilisation : Appliquez les bandes sur vos dents propres et s\u00e8ches, une pour le haut et une pour le bas. Portez les bandes pendant 30 minutes par jour. Utilisez la lumi\u00e8re LED pendant 5 minutes suppl\u00e9mentaires pour maximiser l\u2019effet. R\u00e9p\u00e9tez ce processus quotidiennement pendant 14 jours pour des dents plus blanches et plus \u00e9clatantes. Le kit comprend 28 bandes (14 pour les dents du haut, 14 pour celles du bas) et une lumi\u00e8re LED, offrant un traitement complet pour un sourire \u00e9clatant de blancheur. R\u00e9sultats garantis \u00e0 100 %.* Composition : PVP, PEG-8, Water, Hydrogen Peroxide, Acrylates Copolymer, Sodium Hydroxide, Sodium Sacchari<\/p>\n","protected":false},"excerpt":{"rendered":"<p>Crest 3D Whitestrips Sensitive+LED Light : Offrez \u00e0 vos dents le soin qu&rsquo;elles m\u00e9ritent avec ce traitement de blanchiment con\u00e7u<\/p>\n","protected":false},"featured_media":57479,"comment_status":"open","ping_status":"closed","template":"","meta":[],"product_brand":[819],"product_cat":[1100],"product_tag":[],"class_list":{"0":"post-57442","1":"product","2":"type-product","3":"status-publish","4":"has-post-thumbnail","6":"product_brand-crest","7":"product_cat-americains","9":"first","10":"instock","11":"shipping-taxable","12":"purchasable","13":"product-type-simple"},"yoast_head":"<!-- This site is optimized with the Yoast SEO plugin v26.6 - https:\/\/yoast.com\/wordpress\/plugins\/seo\/ -->\r\n<title>CREST 3D WHITESTRIPS SENSITIVE+LED LIGHT 28 STRIPS - Paracherkaoui.ma<\/title>\r\n<meta name=\"robots\" content=\"index, follow, max-snippet:-1, max-image-preview:large, max-video-preview:-1\" \/>\r\n<link rel=\"canonical\" href=\"https:\/\/paracherkaoui.ma\/index.php\/produit\/crest-3d-whitestrips-sensitiveled-light-28-strips\/\" \/>\r\n<meta property=\"og:locale\" content=\"fr_FR\" \/>\r\n<meta property=\"og:type\" content=\"article\" \/>\r\n<meta property=\"og:title\" content=\"CREST 3D WHITESTRIPS SENSITIVE+LED LIGHT 28 STRIPS - Paracherkaoui.ma\" \/>\r\n<meta property=\"og:description\" content=\"Crest 3D Whitestrips Sensitive+LED Light : Offrez \u00e0 vos dents le soin qu&rsquo;elles m\u00e9ritent avec ce traitement de blanchiment con\u00e7u\" \/>\r\n<meta property=\"og:url\" content=\"https:\/\/paracherkaoui.ma\/index.php\/produit\/crest-3d-whitestrips-sensitiveled-light-28-strips\/\" \/>\r\n<meta property=\"og:site_name\" content=\"Paracherkaoui.ma\" \/>\r\n<meta property=\"article:modified_time\" content=\"2025-12-12T18:48:17+00:00\" \/>\r\n<meta property=\"og:image\" content=\"https:\/\/paracherkaoui.ma\/wp-content\/uploads\/2025\/12\/crest-3d-whitestrips-sensitiveled-light-28-strips.jpg\" \/>\r\n\t<meta property=\"og:image:width\" content=\"700\" \/>\r\n\t<meta property=\"og:image:height\" content=\"700\" \/>\r\n\t<meta property=\"og:image:type\" content=\"image\/jpeg\" \/>\r\n<meta name=\"twitter:card\" content=\"summary_large_image\" \/>\r\n<meta name=\"twitter:label1\" content=\"Dur\u00e9e de lecture estim\u00e9e\" \/>\n\t<meta name=\"twitter:data1\" content=\"1 minute\" \/>\r\n<script type=\"application\/ld+json\" class=\"yoast-schema-graph\">{\"@context\":\"https:\/\/schema.org\",\"@graph\":[{\"@type\":\"WebPage\",\"@id\":\"https:\/\/paracherkaoui.ma\/index.php\/produit\/crest-3d-whitestrips-sensitiveled-light-28-strips\/\",\"url\":\"https:\/\/paracherkaoui.ma\/index.php\/produit\/crest-3d-whitestrips-sensitiveled-light-28-strips\/\",\"name\":\"CREST 3D WHITESTRIPS SENSITIVE+LED LIGHT 28 STRIPS - Paracherkaoui.ma\",\"isPartOf\":{\"@id\":\"https:\/\/paracherkaoui.ma\/#website\"},\"primaryImageOfPage\":{\"@id\":\"https:\/\/paracherkaoui.ma\/index.php\/produit\/crest-3d-whitestrips-sensitiveled-light-28-strips\/#primaryimage\"},\"image\":{\"@id\":\"https:\/\/paracherkaoui.ma\/index.php\/produit\/crest-3d-whitestrips-sensitiveled-light-28-strips\/#primaryimage\"},\"thumbnailUrl\":\"https:\/\/paracherkaoui.ma\/wp-content\/uploads\/2025\/12\/crest-3d-whitestrips-sensitiveled-light-28-strips.jpg\",\"datePublished\":\"2025-12-12T18:48:13+00:00\",\"dateModified\":\"2025-12-12T18:48:17+00:00\",\"breadcrumb\":{\"@id\":\"https:\/\/paracherkaoui.ma\/index.php\/produit\/crest-3d-whitestrips-sensitiveled-light-28-strips\/#breadcrumb\"},\"inLanguage\":\"fr-FR\",\"potentialAction\":[{\"@type\":\"ReadAction\",\"target\":[\"https:\/\/paracherkaoui.ma\/index.php\/produit\/crest-3d-whitestrips-sensitiveled-light-28-strips\/\"]}]},{\"@type\":\"ImageObject\",\"inLanguage\":\"fr-FR\",\"@id\":\"https:\/\/paracherkaoui.ma\/index.php\/produit\/crest-3d-whitestrips-sensitiveled-light-28-strips\/#primaryimage\",\"url\":\"https:\/\/paracherkaoui.ma\/wp-content\/uploads\/2025\/12\/crest-3d-whitestrips-sensitiveled-light-28-strips.jpg\",\"contentUrl\":\"https:\/\/paracherkaoui.ma\/wp-content\/uploads\/2025\/12\/crest-3d-whitestrips-sensitiveled-light-28-strips.jpg\",\"width\":700,\"height\":700},{\"@type\":\"BreadcrumbList\",\"@id\":\"https:\/\/paracherkaoui.ma\/index.php\/produit\/crest-3d-whitestrips-sensitiveled-light-28-strips\/#breadcrumb\",\"itemListElement\":[{\"@type\":\"ListItem\",\"position\":1,\"name\":\"Accueil\",\"item\":\"https:\/\/paracherkaoui.ma\/\"},{\"@type\":\"ListItem\",\"position\":2,\"name\":\"Boutique\",\"item\":\"https:\/\/paracherkaoui.ma\/index.php\/boutique\/\"},{\"@type\":\"ListItem\",\"position\":3,\"name\":\"CREST 3D WHITESTRIPS SENSITIVE+LED LIGHT 28 STRIPS\"}]},{\"@type\":\"WebSite\",\"@id\":\"https:\/\/paracherkaoui.ma\/#website\",\"url\":\"https:\/\/paracherkaoui.ma\/\",\"name\":\"Paracherkaoui.ma\",\"description\":\"Achetez en ligne sur Paracherkaoui.ma\",\"potentialAction\":[{\"@type\":\"SearchAction\",\"target\":{\"@type\":\"EntryPoint\",\"urlTemplate\":\"https:\/\/paracherkaoui.ma\/?s={search_term_string}\"},\"query-input\":{\"@type\":\"PropertyValueSpecification\",\"valueRequired\":true,\"valueName\":\"search_term_string\"}}],\"inLanguage\":\"fr-FR\"}]}<\/script>\r\n<!-- \/ Yoast SEO plugin. -->","yoast_head_json":{"title":"CREST 3D WHITESTRIPS SENSITIVE+LED LIGHT 28 STRIPS - Paracherkaoui.ma","robots":{"index":"index","follow":"follow","max-snippet":"max-snippet:-1","max-image-preview":"max-image-preview:large","max-video-preview":"max-video-preview:-1"},"canonical":"https:\/\/paracherkaoui.ma\/index.php\/produit\/crest-3d-whitestrips-sensitiveled-light-28-strips\/","og_locale":"fr_FR","og_type":"article","og_title":"CREST 3D WHITESTRIPS SENSITIVE+LED LIGHT 28 STRIPS - Paracherkaoui.ma","og_description":"Crest 3D Whitestrips Sensitive+LED Light : Offrez \u00e0 vos dents le soin qu&rsquo;elles m\u00e9ritent avec ce traitement de blanchiment con\u00e7u","og_url":"https:\/\/paracherkaoui.ma\/index.php\/produit\/crest-3d-whitestrips-sensitiveled-light-28-strips\/","og_site_name":"Paracherkaoui.ma","article_modified_time":"2025-12-12T18:48:17+00:00","og_image":[{"width":700,"height":700,"url":"https:\/\/paracherkaoui.ma\/wp-content\/uploads\/2025\/12\/crest-3d-whitestrips-sensitiveled-light-28-strips.jpg","type":"image\/jpeg"}],"twitter_card":"summary_large_image","twitter_misc":{"Dur\u00e9e de lecture estim\u00e9e":"1 minute"},"schema":{"@context":"https:\/\/schema.org","@graph":[{"@type":"WebPage","@id":"https:\/\/paracherkaoui.ma\/index.php\/produit\/crest-3d-whitestrips-sensitiveled-light-28-strips\/","url":"https:\/\/paracherkaoui.ma\/index.php\/produit\/crest-3d-whitestrips-sensitiveled-light-28-strips\/","name":"CREST 3D WHITESTRIPS SENSITIVE+LED LIGHT 28 STRIPS - Paracherkaoui.ma","isPartOf":{"@id":"https:\/\/paracherkaoui.ma\/#website"},"primaryImageOfPage":{"@id":"https:\/\/paracherkaoui.ma\/index.php\/produit\/crest-3d-whitestrips-sensitiveled-light-28-strips\/#primaryimage"},"image":{"@id":"https:\/\/paracherkaoui.ma\/index.php\/produit\/crest-3d-whitestrips-sensitiveled-light-28-strips\/#primaryimage"},"thumbnailUrl":"https:\/\/paracherkaoui.ma\/wp-content\/uploads\/2025\/12\/crest-3d-whitestrips-sensitiveled-light-28-strips.jpg","datePublished":"2025-12-12T18:48:13+00:00","dateModified":"2025-12-12T18:48:17+00:00","breadcrumb":{"@id":"https:\/\/paracherkaoui.ma\/index.php\/produit\/crest-3d-whitestrips-sensitiveled-light-28-strips\/#breadcrumb"},"inLanguage":"fr-FR","potentialAction":[{"@type":"ReadAction","target":["https:\/\/paracherkaoui.ma\/index.php\/produit\/crest-3d-whitestrips-sensitiveled-light-28-strips\/"]}]},{"@type":"ImageObject","inLanguage":"fr-FR","@id":"https:\/\/paracherkaoui.ma\/index.php\/produit\/crest-3d-whitestrips-sensitiveled-light-28-strips\/#primaryimage","url":"https:\/\/paracherkaoui.ma\/wp-content\/uploads\/2025\/12\/crest-3d-whitestrips-sensitiveled-light-28-strips.jpg","contentUrl":"https:\/\/paracherkaoui.ma\/wp-content\/uploads\/2025\/12\/crest-3d-whitestrips-sensitiveled-light-28-strips.jpg","width":700,"height":700},{"@type":"BreadcrumbList","@id":"https:\/\/paracherkaoui.ma\/index.php\/produit\/crest-3d-whitestrips-sensitiveled-light-28-strips\/#breadcrumb","itemListElement":[{"@type":"ListItem","position":1,"name":"Accueil","item":"https:\/\/paracherkaoui.ma\/"},{"@type":"ListItem","position":2,"name":"Boutique","item":"https:\/\/paracherkaoui.ma\/index.php\/boutique\/"},{"@type":"ListItem","position":3,"name":"CREST 3D WHITESTRIPS SENSITIVE+LED LIGHT 28 STRIPS"}]},{"@type":"WebSite","@id":"https:\/\/paracherkaoui.ma\/#website","url":"https:\/\/paracherkaoui.ma\/","name":"Paracherkaoui.ma","description":"Achetez en ligne sur Paracherkaoui.ma","potentialAction":[{"@type":"SearchAction","target":{"@type":"EntryPoint","urlTemplate":"https:\/\/paracherkaoui.ma\/?s={search_term_string}"},"query-input":{"@type":"PropertyValueSpecification","valueRequired":true,"valueName":"search_term_string"}}],"inLanguage":"fr-FR"}]}},"_links":{"self":[{"href":"https:\/\/paracherkaoui.ma\/index.php\/wp-json\/wp\/v2\/product\/57442","targetHints":{"allow":["GET"]}}],"collection":[{"href":"https:\/\/paracherkaoui.ma\/index.php\/wp-json\/wp\/v2\/product"}],"about":[{"href":"https:\/\/paracherkaoui.ma\/index.php\/wp-json\/wp\/v2\/types\/product"}],"replies":[{"embeddable":true,"href":"https:\/\/paracherkaoui.ma\/index.php\/wp-json\/wp\/v2\/comments?post=57442"}],"version-history":[{"count":1,"href":"https:\/\/paracherkaoui.ma\/index.php\/wp-json\/wp\/v2\/product\/57442\/revisions"}],"predecessor-version":[{"id":57480,"href":"https:\/\/paracherkaoui.ma\/index.php\/wp-json\/wp\/v2\/product\/57442\/revisions\/57480"}],"wp:featuredmedia":[{"embeddable":true,"href":"https:\/\/paracherkaoui.ma\/index.php\/wp-json\/wp\/v2\/media\/57479"}],"wp:attachment":[{"href":"https:\/\/paracherkaoui.ma\/index.php\/wp-json\/wp\/v2\/media?parent=57442"}],"wp:term":[{"taxonomy":"product_brand","embeddable":true,"href":"https:\/\/paracherkaoui.ma\/index.php\/wp-json\/wp\/v2\/product_brand?post=57442"},{"taxonomy":"product_cat","embeddable":true,"href":"https:\/\/paracherkaoui.ma\/index.php\/wp-json\/wp\/v2\/product_cat?post=57442"},{"taxonomy":"product_tag","embeddable":true,"href":"https:\/\/paracherkaoui.ma\/index.php\/wp-json\/wp\/v2\/product_tag?post=57442"}],"curies":[{"name":"wp","href":"https:\/\/api.w.org\/{rel}","templated":true}]}}