{"id":56395,"date":"2025-12-12T19:45:34","date_gmt":"2025-12-12T18:45:34","guid":{"rendered":"https:\/\/test.ecbeaute.com\/?post_type=product&#038;p=56395"},"modified":"2025-12-12T19:45:38","modified_gmt":"2025-12-12T18:45:38","slug":"vertuplus-ginkgo-biloba-90-gelules","status":"publish","type":"product","link":"https:\/\/paracherkaoui.ma\/index.php\/produit\/vertuplus-ginkgo-biloba-90-gelules\/","title":{"rendered":"VERTUPLUS GINKGO BILOBA 90 GELULES"},"content":{"rendered":"<p>Le Ginkgo biloba, v\u00e9ritable tr\u00e9sor botanique, est la plus ancienne des esp\u00e8ces d\u2019arbre encore existante aujourd\u2019hui. Cette esp\u00e8ce majestueuse peuplait d\u00e9j\u00e0 notre plan\u00e8te il y a 300 millions d&rsquo;ann\u00e9es, et gr\u00e2ce \u00e0 des sp\u00e9cimens retrouv\u00e9s dans d&rsquo;anciens temples chinois, le Ginkgo a \u00e9t\u00e9 r\u00e9implant\u00e9 un peu partout dans le monde. Surtout utilis\u00e9 comme arbre ornemental, il se distingue par une r\u00e9sistance exceptionnelle aux stress environnementaux et peut vivre jusqu&rsquo;\u00e0 1 000 ans, atteignant une hauteur impressionnante de 40 \u00e0 50 m\u00e8tres. Sa robustesse face \u00e0 la pollution et sa capacit\u00e9 d&rsquo;adaptation aux milieux urbains en font un choix pris\u00e9 pour embellir nos villes.<br \/>\nMais le Ginkgo biloba n\u2019est pas seulement un plaisir pour les yeux. En phytoth\u00e9rapie, il est reconnu pour ses multiples vertus m\u00e9dicinales, notamment veinotoniques, vasodilatatrices et neuroprotectrices. Le Ginkgo biloba aide \u00e0 entretenir le bien-\u00eatre mental et la m\u00e9moire au fil du vieillissement, pr\u00e9servant ainsi les fonctions cognitives. L&rsquo;efficacit\u00e9 de ses feuilles est cliniquement prouv\u00e9e par l&rsquo;Organisation Mondiale de la Sant\u00e9 (OMS) et l&rsquo;usage traditionnel de cette plante est reconnu par la Coop\u00e9ration Scientifique Europ\u00e9enne en Phytoth\u00e9rapie (ESCOP).<br \/>\nGr\u00e2ce \u00e0 ses propri\u00e9t\u00e9s veinotoniques, le Ginkgo biloba favorise une meilleure circulation sanguine, r\u00e9duisant ainsi les sympt\u00f4mes des troubles veineux tels que les jambes lourdes. Ses vertus vasodilatatrices permettent de dilater les vaisseaux sanguins, am\u00e9liorant la circulation g\u00e9n\u00e9rale et contribuant \u00e0 une meilleure oxyg\u00e9nation des tissus. En outre, son effet neuroprotecteur aide \u00e0 prot\u00e9ger les cellules nerveuses contre les dommages, favorisant ainsi une meilleure sant\u00e9 c\u00e9r\u00e9brale.<br \/>\nComposition :<br \/>\nGinkgo (Ginkgo biloba) feuille : 180 mg. Tunique : g\u00e9latine v\u00e9g\u00e9tale (HPMC).<br \/>\nIngr\u00e9dient issu de l&rsquo;Agriculture Biologique<br \/>\nConseils d&rsquo;utilisation :<br \/>\n3 \u00e0 4 g\u00e9lules par jour, avec un grand verre d&rsquo;eau.<\/p>\n","protected":false},"excerpt":{"rendered":"<p>Le Ginkgo biloba, v\u00e9ritable tr\u00e9sor botanique, est la plus ancienne des esp\u00e8ces d\u2019arbre encore existante aujourd\u2019hui. Cette esp\u00e8ce majestueuse peuplait<\/p>\n","protected":false},"featured_media":56431,"comment_status":"open","ping_status":"closed","template":"","meta":[],"product_brand":[1007],"product_cat":[1087],"product_tag":[],"class_list":{"0":"post-56395","1":"product","2":"type-product","3":"status-publish","4":"has-post-thumbnail","6":"product_brand-vertu-plus","7":"product_cat-memoire-et-concentration","9":"first","10":"instock","11":"sale","12":"shipping-taxable","13":"purchasable","14":"product-type-simple"},"yoast_head":"<!-- This site is optimized with the Yoast SEO plugin v26.6 - https:\/\/yoast.com\/wordpress\/plugins\/seo\/ -->\r\n<title>VERTUPLUS GINKGO BILOBA 90 GELULES - Paracherkaoui.ma<\/title>\r\n<meta name=\"robots\" content=\"index, follow, max-snippet:-1, max-image-preview:large, max-video-preview:-1\" \/>\r\n<link rel=\"canonical\" href=\"https:\/\/paracherkaoui.ma\/index.php\/produit\/vertuplus-ginkgo-biloba-90-gelules\/\" \/>\r\n<meta property=\"og:locale\" content=\"fr_FR\" \/>\r\n<meta property=\"og:type\" content=\"article\" \/>\r\n<meta property=\"og:title\" content=\"VERTUPLUS GINKGO BILOBA 90 GELULES - Paracherkaoui.ma\" \/>\r\n<meta property=\"og:description\" content=\"Le Ginkgo biloba, v\u00e9ritable tr\u00e9sor botanique, est la plus ancienne des esp\u00e8ces d\u2019arbre encore existante aujourd\u2019hui. Cette esp\u00e8ce majestueuse peuplait\" \/>\r\n<meta property=\"og:url\" content=\"https:\/\/paracherkaoui.ma\/index.php\/produit\/vertuplus-ginkgo-biloba-90-gelules\/\" \/>\r\n<meta property=\"og:site_name\" content=\"Paracherkaoui.ma\" \/>\r\n<meta property=\"article:modified_time\" content=\"2025-12-12T18:45:38+00:00\" \/>\r\n<meta property=\"og:image\" content=\"https:\/\/paracherkaoui.ma\/wp-content\/uploads\/2025\/12\/vertuplus-vertuplus-ginkgo-biloba-90-gelules-memoire-et-concentration.jpg\" \/>\r\n\t<meta property=\"og:image:width\" content=\"700\" \/>\r\n\t<meta property=\"og:image:height\" content=\"700\" \/>\r\n\t<meta property=\"og:image:type\" content=\"image\/jpeg\" \/>\r\n<meta name=\"twitter:card\" content=\"summary_large_image\" \/>\r\n<meta name=\"twitter:label1\" content=\"Dur\u00e9e de lecture estim\u00e9e\" \/>\n\t<meta name=\"twitter:data1\" content=\"2 minutes\" \/>\r\n<script type=\"application\/ld+json\" class=\"yoast-schema-graph\">{\"@context\":\"https:\/\/schema.org\",\"@graph\":[{\"@type\":\"WebPage\",\"@id\":\"https:\/\/paracherkaoui.ma\/index.php\/produit\/vertuplus-ginkgo-biloba-90-gelules\/\",\"url\":\"https:\/\/paracherkaoui.ma\/index.php\/produit\/vertuplus-ginkgo-biloba-90-gelules\/\",\"name\":\"VERTUPLUS GINKGO BILOBA 90 GELULES - Paracherkaoui.ma\",\"isPartOf\":{\"@id\":\"https:\/\/paracherkaoui.ma\/#website\"},\"primaryImageOfPage\":{\"@id\":\"https:\/\/paracherkaoui.ma\/index.php\/produit\/vertuplus-ginkgo-biloba-90-gelules\/#primaryimage\"},\"image\":{\"@id\":\"https:\/\/paracherkaoui.ma\/index.php\/produit\/vertuplus-ginkgo-biloba-90-gelules\/#primaryimage\"},\"thumbnailUrl\":\"https:\/\/paracherkaoui.ma\/wp-content\/uploads\/2025\/12\/vertuplus-vertuplus-ginkgo-biloba-90-gelules-memoire-et-concentration.jpg\",\"datePublished\":\"2025-12-12T18:45:34+00:00\",\"dateModified\":\"2025-12-12T18:45:38+00:00\",\"breadcrumb\":{\"@id\":\"https:\/\/paracherkaoui.ma\/index.php\/produit\/vertuplus-ginkgo-biloba-90-gelules\/#breadcrumb\"},\"inLanguage\":\"fr-FR\",\"potentialAction\":[{\"@type\":\"ReadAction\",\"target\":[\"https:\/\/paracherkaoui.ma\/index.php\/produit\/vertuplus-ginkgo-biloba-90-gelules\/\"]}]},{\"@type\":\"ImageObject\",\"inLanguage\":\"fr-FR\",\"@id\":\"https:\/\/paracherkaoui.ma\/index.php\/produit\/vertuplus-ginkgo-biloba-90-gelules\/#primaryimage\",\"url\":\"https:\/\/paracherkaoui.ma\/wp-content\/uploads\/2025\/12\/vertuplus-vertuplus-ginkgo-biloba-90-gelules-memoire-et-concentration.jpg\",\"contentUrl\":\"https:\/\/paracherkaoui.ma\/wp-content\/uploads\/2025\/12\/vertuplus-vertuplus-ginkgo-biloba-90-gelules-memoire-et-concentration.jpg\",\"width\":700,\"height\":700},{\"@type\":\"BreadcrumbList\",\"@id\":\"https:\/\/paracherkaoui.ma\/index.php\/produit\/vertuplus-ginkgo-biloba-90-gelules\/#breadcrumb\",\"itemListElement\":[{\"@type\":\"ListItem\",\"position\":1,\"name\":\"Accueil\",\"item\":\"https:\/\/paracherkaoui.ma\/\"},{\"@type\":\"ListItem\",\"position\":2,\"name\":\"Boutique\",\"item\":\"https:\/\/paracherkaoui.ma\/index.php\/boutique\/\"},{\"@type\":\"ListItem\",\"position\":3,\"name\":\"VERTUPLUS GINKGO BILOBA 90 GELULES\"}]},{\"@type\":\"WebSite\",\"@id\":\"https:\/\/paracherkaoui.ma\/#website\",\"url\":\"https:\/\/paracherkaoui.ma\/\",\"name\":\"Paracherkaoui.ma\",\"description\":\"Achetez en ligne sur Paracherkaoui.ma\",\"potentialAction\":[{\"@type\":\"SearchAction\",\"target\":{\"@type\":\"EntryPoint\",\"urlTemplate\":\"https:\/\/paracherkaoui.ma\/?s={search_term_string}\"},\"query-input\":{\"@type\":\"PropertyValueSpecification\",\"valueRequired\":true,\"valueName\":\"search_term_string\"}}],\"inLanguage\":\"fr-FR\"}]}<\/script>\r\n<!-- \/ Yoast SEO plugin. -->","yoast_head_json":{"title":"VERTUPLUS GINKGO BILOBA 90 GELULES - Paracherkaoui.ma","robots":{"index":"index","follow":"follow","max-snippet":"max-snippet:-1","max-image-preview":"max-image-preview:large","max-video-preview":"max-video-preview:-1"},"canonical":"https:\/\/paracherkaoui.ma\/index.php\/produit\/vertuplus-ginkgo-biloba-90-gelules\/","og_locale":"fr_FR","og_type":"article","og_title":"VERTUPLUS GINKGO BILOBA 90 GELULES - Paracherkaoui.ma","og_description":"Le Ginkgo biloba, v\u00e9ritable tr\u00e9sor botanique, est la plus ancienne des esp\u00e8ces d\u2019arbre encore existante aujourd\u2019hui. Cette esp\u00e8ce majestueuse peuplait","og_url":"https:\/\/paracherkaoui.ma\/index.php\/produit\/vertuplus-ginkgo-biloba-90-gelules\/","og_site_name":"Paracherkaoui.ma","article_modified_time":"2025-12-12T18:45:38+00:00","og_image":[{"width":700,"height":700,"url":"https:\/\/paracherkaoui.ma\/wp-content\/uploads\/2025\/12\/vertuplus-vertuplus-ginkgo-biloba-90-gelules-memoire-et-concentration.jpg","type":"image\/jpeg"}],"twitter_card":"summary_large_image","twitter_misc":{"Dur\u00e9e de lecture estim\u00e9e":"2 minutes"},"schema":{"@context":"https:\/\/schema.org","@graph":[{"@type":"WebPage","@id":"https:\/\/paracherkaoui.ma\/index.php\/produit\/vertuplus-ginkgo-biloba-90-gelules\/","url":"https:\/\/paracherkaoui.ma\/index.php\/produit\/vertuplus-ginkgo-biloba-90-gelules\/","name":"VERTUPLUS GINKGO BILOBA 90 GELULES - Paracherkaoui.ma","isPartOf":{"@id":"https:\/\/paracherkaoui.ma\/#website"},"primaryImageOfPage":{"@id":"https:\/\/paracherkaoui.ma\/index.php\/produit\/vertuplus-ginkgo-biloba-90-gelules\/#primaryimage"},"image":{"@id":"https:\/\/paracherkaoui.ma\/index.php\/produit\/vertuplus-ginkgo-biloba-90-gelules\/#primaryimage"},"thumbnailUrl":"https:\/\/paracherkaoui.ma\/wp-content\/uploads\/2025\/12\/vertuplus-vertuplus-ginkgo-biloba-90-gelules-memoire-et-concentration.jpg","datePublished":"2025-12-12T18:45:34+00:00","dateModified":"2025-12-12T18:45:38+00:00","breadcrumb":{"@id":"https:\/\/paracherkaoui.ma\/index.php\/produit\/vertuplus-ginkgo-biloba-90-gelules\/#breadcrumb"},"inLanguage":"fr-FR","potentialAction":[{"@type":"ReadAction","target":["https:\/\/paracherkaoui.ma\/index.php\/produit\/vertuplus-ginkgo-biloba-90-gelules\/"]}]},{"@type":"ImageObject","inLanguage":"fr-FR","@id":"https:\/\/paracherkaoui.ma\/index.php\/produit\/vertuplus-ginkgo-biloba-90-gelules\/#primaryimage","url":"https:\/\/paracherkaoui.ma\/wp-content\/uploads\/2025\/12\/vertuplus-vertuplus-ginkgo-biloba-90-gelules-memoire-et-concentration.jpg","contentUrl":"https:\/\/paracherkaoui.ma\/wp-content\/uploads\/2025\/12\/vertuplus-vertuplus-ginkgo-biloba-90-gelules-memoire-et-concentration.jpg","width":700,"height":700},{"@type":"BreadcrumbList","@id":"https:\/\/paracherkaoui.ma\/index.php\/produit\/vertuplus-ginkgo-biloba-90-gelules\/#breadcrumb","itemListElement":[{"@type":"ListItem","position":1,"name":"Accueil","item":"https:\/\/paracherkaoui.ma\/"},{"@type":"ListItem","position":2,"name":"Boutique","item":"https:\/\/paracherkaoui.ma\/index.php\/boutique\/"},{"@type":"ListItem","position":3,"name":"VERTUPLUS GINKGO BILOBA 90 GELULES"}]},{"@type":"WebSite","@id":"https:\/\/paracherkaoui.ma\/#website","url":"https:\/\/paracherkaoui.ma\/","name":"Paracherkaoui.ma","description":"Achetez en ligne sur Paracherkaoui.ma","potentialAction":[{"@type":"SearchAction","target":{"@type":"EntryPoint","urlTemplate":"https:\/\/paracherkaoui.ma\/?s={search_term_string}"},"query-input":{"@type":"PropertyValueSpecification","valueRequired":true,"valueName":"search_term_string"}}],"inLanguage":"fr-FR"}]}},"_links":{"self":[{"href":"https:\/\/paracherkaoui.ma\/index.php\/wp-json\/wp\/v2\/product\/56395","targetHints":{"allow":["GET"]}}],"collection":[{"href":"https:\/\/paracherkaoui.ma\/index.php\/wp-json\/wp\/v2\/product"}],"about":[{"href":"https:\/\/paracherkaoui.ma\/index.php\/wp-json\/wp\/v2\/types\/product"}],"replies":[{"embeddable":true,"href":"https:\/\/paracherkaoui.ma\/index.php\/wp-json\/wp\/v2\/comments?post=56395"}],"version-history":[{"count":1,"href":"https:\/\/paracherkaoui.ma\/index.php\/wp-json\/wp\/v2\/product\/56395\/revisions"}],"predecessor-version":[{"id":56432,"href":"https:\/\/paracherkaoui.ma\/index.php\/wp-json\/wp\/v2\/product\/56395\/revisions\/56432"}],"wp:featuredmedia":[{"embeddable":true,"href":"https:\/\/paracherkaoui.ma\/index.php\/wp-json\/wp\/v2\/media\/56431"}],"wp:attachment":[{"href":"https:\/\/paracherkaoui.ma\/index.php\/wp-json\/wp\/v2\/media?parent=56395"}],"wp:term":[{"taxonomy":"product_brand","embeddable":true,"href":"https:\/\/paracherkaoui.ma\/index.php\/wp-json\/wp\/v2\/product_brand?post=56395"},{"taxonomy":"product_cat","embeddable":true,"href":"https:\/\/paracherkaoui.ma\/index.php\/wp-json\/wp\/v2\/product_cat?post=56395"},{"taxonomy":"product_tag","embeddable":true,"href":"https:\/\/paracherkaoui.ma\/index.php\/wp-json\/wp\/v2\/product_tag?post=56395"}],"curies":[{"name":"wp","href":"https:\/\/api.w.org\/{rel}","templated":true}]}}