{"id":56314,"date":"2025-12-12T19:45:26","date_gmt":"2025-12-12T18:45:26","guid":{"rendered":"https:\/\/test.ecbeaute.com\/?post_type=product&#038;p=56314"},"modified":"2025-12-12T19:45:28","modified_gmt":"2025-12-12T18:45:28","slug":"belle-and-bio-propolis-bio-immunite-120-gelules","status":"publish","type":"product","link":"https:\/\/paracherkaoui.ma\/index.php\/produit\/belle-and-bio-propolis-bio-immunite-120-gelules\/","title":{"rendered":"BELLE AND BIO PROPOLIS BIO IMMUNITE 120 GELULES"},"content":{"rendered":"<p>La nature regorge de ressources insoup\u00e7onn\u00e9es pour notre sant\u00e9. La propolis en est une parfaite illustration. Cette substance r\u00e9sineuse, collect\u00e9e par les abeilles sur les bourgeons et l&rsquo;\u00e9corce des arbres (notamment le peuplier), est un v\u00e9ritable chef-d&rsquo;\u0153uvre de la biodiversit\u00e9. Utilis\u00e9e par les abeilles pour assainir et prot\u00e9ger la ruche, elle est depuis toujours pl\u00e9biscit\u00e9e par l&rsquo;homme pour ses propri\u00e9t\u00e9s exceptionnelles. Les BELLE &#038; BIO Propolis Bio Immunit\u00e9 120 G\u00e9lules vous offrent les bienfaits de cette propolis, avec la garantie d&rsquo;une origine biologique, gage de puret\u00e9 et de respect de l&rsquo;environnement.<br \/>\nLa composition unique de la propolis la rend tr\u00e8s int\u00e9ressante pour le corps. Elle est un m\u00e9lange complexe de r\u00e9sines, de baumes, d&rsquo;huiles essentielles, de cires, de pollen, et surtout, d&rsquo;une grande vari\u00e9t\u00e9 de compos\u00e9s actifs comme les flavono\u00efdes, les acides ph\u00e9noliques et les huiles volatiles. C&rsquo;est cette richesse qui lui conf\u00e8re ses multiples vertus.<br \/>\nCe compl\u00e9ment alimentaire est particuli\u00e8rement id\u00e9al sous forme de cure au moment de l\u2019hiver. C&rsquo;est une p\u00e9riode o\u00f9 notre syst\u00e8me immunitaire est souvent sollicit\u00e9 par le froid, l&rsquo;humidit\u00e9 et la circulation des virus. La propolis agit comme un soutien naturel pour aider l&rsquo;organisme \u00e0 mieux se d\u00e9fendre, \u00e0 r\u00e9duire les risques de coups de froid et \u00e0 favoriser un r\u00e9tablissement plus rapide. Elle est un v\u00e9ritable bouclier pr\u00e9ventif et un soutien en cas de besoin.<br \/>\nMais les bienfaits de la propolis ne se limitent pas \u00e0 la saison froide ; elle peut \u00e9galement \u00eatre utilis\u00e9e \u00e0 tout moment de l\u2019ann\u00e9e. Face au stress, \u00e0 la fatigue, \u00e0 une p\u00e9riode de surmenage, ou simplement pour maintenir un bon niveau de vitalit\u00e9 au quotidien, la propolis est un atout pr\u00e9cieux. Elle contribue \u00e0 fortifier les d\u00e9fenses naturelles de l&rsquo;organisme, assurant une meilleure r\u00e9sistance g\u00e9n\u00e9rale.<br \/>\nConseils d&rsquo;utilisation :<br \/>\nR\u00e9f\u00e9rez-vous toujours aux instructions sp\u00e9cifiques figurant sur l&#8217;emballage du produit. La posologie standard est souvent de 2 \u00e0 3 g\u00e9lules par jour.<br \/>\nComposition :<br \/>\nPropolis 18% de mati\u00e8re active (issue de r\u00e9sine de bourgeons de peuplier) \u00a0 576 \u00a0 103.68<br \/>\nFibres d&rsquo;acacia Seyal<br \/>\nEnveloppe : g\u00e9lule d&rsquo;origine v\u00e9g\u00e9tale (HPMC)<br \/>\nFarine de noix de coco<\/p>\n","protected":false},"excerpt":{"rendered":"<p>La nature regorge de ressources insoup\u00e7onn\u00e9es pour notre sant\u00e9. La propolis en est une parfaite illustration. Cette substance r\u00e9sineuse, collect\u00e9e<\/p>\n","protected":false},"featured_media":56344,"comment_status":"open","ping_status":"closed","template":"","meta":[],"product_brand":[1063],"product_cat":[1085],"product_tag":[],"class_list":{"0":"post-56314","1":"product","2":"type-product","3":"status-publish","4":"has-post-thumbnail","6":"product_brand-belle-and-bio","7":"product_cat-defenses-immunitaires","9":"first","10":"instock","11":"shipping-taxable","12":"purchasable","13":"product-type-simple"},"yoast_head":"<!-- This site is optimized with the Yoast SEO plugin v26.6 - https:\/\/yoast.com\/wordpress\/plugins\/seo\/ -->\r\n<title>BELLE AND BIO PROPOLIS BIO IMMUNITE 120 GELULES - Paracherkaoui.ma<\/title>\r\n<meta name=\"robots\" content=\"index, follow, max-snippet:-1, max-image-preview:large, max-video-preview:-1\" \/>\r\n<link rel=\"canonical\" href=\"https:\/\/paracherkaoui.ma\/index.php\/produit\/belle-and-bio-propolis-bio-immunite-120-gelules\/\" \/>\r\n<meta property=\"og:locale\" content=\"fr_FR\" \/>\r\n<meta property=\"og:type\" content=\"article\" \/>\r\n<meta property=\"og:title\" content=\"BELLE AND BIO PROPOLIS BIO IMMUNITE 120 GELULES - Paracherkaoui.ma\" \/>\r\n<meta property=\"og:description\" content=\"La nature regorge de ressources insoup\u00e7onn\u00e9es pour notre sant\u00e9. La propolis en est une parfaite illustration. Cette substance r\u00e9sineuse, collect\u00e9e\" \/>\r\n<meta property=\"og:url\" content=\"https:\/\/paracherkaoui.ma\/index.php\/produit\/belle-and-bio-propolis-bio-immunite-120-gelules\/\" \/>\r\n<meta property=\"og:site_name\" content=\"Paracherkaoui.ma\" \/>\r\n<meta property=\"article:modified_time\" content=\"2025-12-12T18:45:28+00:00\" \/>\r\n<meta property=\"og:image\" content=\"https:\/\/paracherkaoui.ma\/wp-content\/uploads\/2025\/12\/belle-and-bio-propolis-bio-immunite-120-gelules.jpg\" \/>\r\n\t<meta property=\"og:image:width\" content=\"700\" \/>\r\n\t<meta property=\"og:image:height\" content=\"700\" \/>\r\n\t<meta property=\"og:image:type\" content=\"image\/jpeg\" \/>\r\n<meta name=\"twitter:card\" content=\"summary_large_image\" \/>\r\n<meta name=\"twitter:label1\" content=\"Dur\u00e9e de lecture estim\u00e9e\" \/>\n\t<meta name=\"twitter:data1\" content=\"2 minutes\" \/>\r\n<script type=\"application\/ld+json\" class=\"yoast-schema-graph\">{\"@context\":\"https:\/\/schema.org\",\"@graph\":[{\"@type\":\"WebPage\",\"@id\":\"https:\/\/paracherkaoui.ma\/index.php\/produit\/belle-and-bio-propolis-bio-immunite-120-gelules\/\",\"url\":\"https:\/\/paracherkaoui.ma\/index.php\/produit\/belle-and-bio-propolis-bio-immunite-120-gelules\/\",\"name\":\"BELLE AND BIO PROPOLIS BIO IMMUNITE 120 GELULES - Paracherkaoui.ma\",\"isPartOf\":{\"@id\":\"https:\/\/paracherkaoui.ma\/#website\"},\"primaryImageOfPage\":{\"@id\":\"https:\/\/paracherkaoui.ma\/index.php\/produit\/belle-and-bio-propolis-bio-immunite-120-gelules\/#primaryimage\"},\"image\":{\"@id\":\"https:\/\/paracherkaoui.ma\/index.php\/produit\/belle-and-bio-propolis-bio-immunite-120-gelules\/#primaryimage\"},\"thumbnailUrl\":\"https:\/\/paracherkaoui.ma\/wp-content\/uploads\/2025\/12\/belle-and-bio-propolis-bio-immunite-120-gelules.jpg\",\"datePublished\":\"2025-12-12T18:45:26+00:00\",\"dateModified\":\"2025-12-12T18:45:28+00:00\",\"breadcrumb\":{\"@id\":\"https:\/\/paracherkaoui.ma\/index.php\/produit\/belle-and-bio-propolis-bio-immunite-120-gelules\/#breadcrumb\"},\"inLanguage\":\"fr-FR\",\"potentialAction\":[{\"@type\":\"ReadAction\",\"target\":[\"https:\/\/paracherkaoui.ma\/index.php\/produit\/belle-and-bio-propolis-bio-immunite-120-gelules\/\"]}]},{\"@type\":\"ImageObject\",\"inLanguage\":\"fr-FR\",\"@id\":\"https:\/\/paracherkaoui.ma\/index.php\/produit\/belle-and-bio-propolis-bio-immunite-120-gelules\/#primaryimage\",\"url\":\"https:\/\/paracherkaoui.ma\/wp-content\/uploads\/2025\/12\/belle-and-bio-propolis-bio-immunite-120-gelules.jpg\",\"contentUrl\":\"https:\/\/paracherkaoui.ma\/wp-content\/uploads\/2025\/12\/belle-and-bio-propolis-bio-immunite-120-gelules.jpg\",\"width\":700,\"height\":700},{\"@type\":\"BreadcrumbList\",\"@id\":\"https:\/\/paracherkaoui.ma\/index.php\/produit\/belle-and-bio-propolis-bio-immunite-120-gelules\/#breadcrumb\",\"itemListElement\":[{\"@type\":\"ListItem\",\"position\":1,\"name\":\"Accueil\",\"item\":\"https:\/\/paracherkaoui.ma\/\"},{\"@type\":\"ListItem\",\"position\":2,\"name\":\"Boutique\",\"item\":\"https:\/\/paracherkaoui.ma\/index.php\/boutique\/\"},{\"@type\":\"ListItem\",\"position\":3,\"name\":\"BELLE AND BIO PROPOLIS BIO IMMUNITE 120 GELULES\"}]},{\"@type\":\"WebSite\",\"@id\":\"https:\/\/paracherkaoui.ma\/#website\",\"url\":\"https:\/\/paracherkaoui.ma\/\",\"name\":\"Paracherkaoui.ma\",\"description\":\"Achetez en ligne sur Paracherkaoui.ma\",\"potentialAction\":[{\"@type\":\"SearchAction\",\"target\":{\"@type\":\"EntryPoint\",\"urlTemplate\":\"https:\/\/paracherkaoui.ma\/?s={search_term_string}\"},\"query-input\":{\"@type\":\"PropertyValueSpecification\",\"valueRequired\":true,\"valueName\":\"search_term_string\"}}],\"inLanguage\":\"fr-FR\"}]}<\/script>\r\n<!-- \/ Yoast SEO plugin. -->","yoast_head_json":{"title":"BELLE AND BIO PROPOLIS BIO IMMUNITE 120 GELULES - Paracherkaoui.ma","robots":{"index":"index","follow":"follow","max-snippet":"max-snippet:-1","max-image-preview":"max-image-preview:large","max-video-preview":"max-video-preview:-1"},"canonical":"https:\/\/paracherkaoui.ma\/index.php\/produit\/belle-and-bio-propolis-bio-immunite-120-gelules\/","og_locale":"fr_FR","og_type":"article","og_title":"BELLE AND BIO PROPOLIS BIO IMMUNITE 120 GELULES - Paracherkaoui.ma","og_description":"La nature regorge de ressources insoup\u00e7onn\u00e9es pour notre sant\u00e9. La propolis en est une parfaite illustration. Cette substance r\u00e9sineuse, collect\u00e9e","og_url":"https:\/\/paracherkaoui.ma\/index.php\/produit\/belle-and-bio-propolis-bio-immunite-120-gelules\/","og_site_name":"Paracherkaoui.ma","article_modified_time":"2025-12-12T18:45:28+00:00","og_image":[{"width":700,"height":700,"url":"https:\/\/paracherkaoui.ma\/wp-content\/uploads\/2025\/12\/belle-and-bio-propolis-bio-immunite-120-gelules.jpg","type":"image\/jpeg"}],"twitter_card":"summary_large_image","twitter_misc":{"Dur\u00e9e de lecture estim\u00e9e":"2 minutes"},"schema":{"@context":"https:\/\/schema.org","@graph":[{"@type":"WebPage","@id":"https:\/\/paracherkaoui.ma\/index.php\/produit\/belle-and-bio-propolis-bio-immunite-120-gelules\/","url":"https:\/\/paracherkaoui.ma\/index.php\/produit\/belle-and-bio-propolis-bio-immunite-120-gelules\/","name":"BELLE AND BIO PROPOLIS BIO IMMUNITE 120 GELULES - Paracherkaoui.ma","isPartOf":{"@id":"https:\/\/paracherkaoui.ma\/#website"},"primaryImageOfPage":{"@id":"https:\/\/paracherkaoui.ma\/index.php\/produit\/belle-and-bio-propolis-bio-immunite-120-gelules\/#primaryimage"},"image":{"@id":"https:\/\/paracherkaoui.ma\/index.php\/produit\/belle-and-bio-propolis-bio-immunite-120-gelules\/#primaryimage"},"thumbnailUrl":"https:\/\/paracherkaoui.ma\/wp-content\/uploads\/2025\/12\/belle-and-bio-propolis-bio-immunite-120-gelules.jpg","datePublished":"2025-12-12T18:45:26+00:00","dateModified":"2025-12-12T18:45:28+00:00","breadcrumb":{"@id":"https:\/\/paracherkaoui.ma\/index.php\/produit\/belle-and-bio-propolis-bio-immunite-120-gelules\/#breadcrumb"},"inLanguage":"fr-FR","potentialAction":[{"@type":"ReadAction","target":["https:\/\/paracherkaoui.ma\/index.php\/produit\/belle-and-bio-propolis-bio-immunite-120-gelules\/"]}]},{"@type":"ImageObject","inLanguage":"fr-FR","@id":"https:\/\/paracherkaoui.ma\/index.php\/produit\/belle-and-bio-propolis-bio-immunite-120-gelules\/#primaryimage","url":"https:\/\/paracherkaoui.ma\/wp-content\/uploads\/2025\/12\/belle-and-bio-propolis-bio-immunite-120-gelules.jpg","contentUrl":"https:\/\/paracherkaoui.ma\/wp-content\/uploads\/2025\/12\/belle-and-bio-propolis-bio-immunite-120-gelules.jpg","width":700,"height":700},{"@type":"BreadcrumbList","@id":"https:\/\/paracherkaoui.ma\/index.php\/produit\/belle-and-bio-propolis-bio-immunite-120-gelules\/#breadcrumb","itemListElement":[{"@type":"ListItem","position":1,"name":"Accueil","item":"https:\/\/paracherkaoui.ma\/"},{"@type":"ListItem","position":2,"name":"Boutique","item":"https:\/\/paracherkaoui.ma\/index.php\/boutique\/"},{"@type":"ListItem","position":3,"name":"BELLE AND BIO PROPOLIS BIO IMMUNITE 120 GELULES"}]},{"@type":"WebSite","@id":"https:\/\/paracherkaoui.ma\/#website","url":"https:\/\/paracherkaoui.ma\/","name":"Paracherkaoui.ma","description":"Achetez en ligne sur Paracherkaoui.ma","potentialAction":[{"@type":"SearchAction","target":{"@type":"EntryPoint","urlTemplate":"https:\/\/paracherkaoui.ma\/?s={search_term_string}"},"query-input":{"@type":"PropertyValueSpecification","valueRequired":true,"valueName":"search_term_string"}}],"inLanguage":"fr-FR"}]}},"_links":{"self":[{"href":"https:\/\/paracherkaoui.ma\/index.php\/wp-json\/wp\/v2\/product\/56314","targetHints":{"allow":["GET"]}}],"collection":[{"href":"https:\/\/paracherkaoui.ma\/index.php\/wp-json\/wp\/v2\/product"}],"about":[{"href":"https:\/\/paracherkaoui.ma\/index.php\/wp-json\/wp\/v2\/types\/product"}],"replies":[{"embeddable":true,"href":"https:\/\/paracherkaoui.ma\/index.php\/wp-json\/wp\/v2\/comments?post=56314"}],"version-history":[{"count":1,"href":"https:\/\/paracherkaoui.ma\/index.php\/wp-json\/wp\/v2\/product\/56314\/revisions"}],"predecessor-version":[{"id":56345,"href":"https:\/\/paracherkaoui.ma\/index.php\/wp-json\/wp\/v2\/product\/56314\/revisions\/56345"}],"wp:featuredmedia":[{"embeddable":true,"href":"https:\/\/paracherkaoui.ma\/index.php\/wp-json\/wp\/v2\/media\/56344"}],"wp:attachment":[{"href":"https:\/\/paracherkaoui.ma\/index.php\/wp-json\/wp\/v2\/media?parent=56314"}],"wp:term":[{"taxonomy":"product_brand","embeddable":true,"href":"https:\/\/paracherkaoui.ma\/index.php\/wp-json\/wp\/v2\/product_brand?post=56314"},{"taxonomy":"product_cat","embeddable":true,"href":"https:\/\/paracherkaoui.ma\/index.php\/wp-json\/wp\/v2\/product_cat?post=56314"},{"taxonomy":"product_tag","embeddable":true,"href":"https:\/\/paracherkaoui.ma\/index.php\/wp-json\/wp\/v2\/product_tag?post=56314"}],"curies":[{"name":"wp","href":"https:\/\/api.w.org\/{rel}","templated":true}]}}