{"id":56171,"date":"2025-12-12T19:45:10","date_gmt":"2025-12-12T18:45:10","guid":{"rendered":"https:\/\/test.ecbeaute.com\/?post_type=product&#038;p=56171"},"modified":"2025-12-12T19:45:12","modified_gmt":"2025-12-12T18:45:12","slug":"vertuplus-zinc-for-15-mg-60-gelules-2","status":"publish","type":"product","link":"https:\/\/paracherkaoui.ma\/index.php\/produit\/vertuplus-zinc-for-15-mg-60-gelules-2\/","title":{"rendered":"VERTUPLUS ZINC FOR 15 MG 60 GELULES"},"content":{"rendered":"<p>Le zinc joue un r\u00f4le crucial dans la promotion d\u2019une division cellulaire saine et aide \u00e0 lutter efficacement contre les radicaux libres, prot\u00e9geant ainsi les cellules du stress oxydatif. La vitamine C, quant \u00e0 elle, est un antioxydant puissant qui aide \u00e0 prot\u00e9ger les cellules et soutient \u00e9galement le syst\u00e8me immunitaire. La vitamine B6 est essentielle pour de nombreuses fonctions corporelles, y compris le m\u00e9tabolisme des prot\u00e9ines et des glucides, et elle joue un r\u00f4le cl\u00e9 dans la production de neurotransmetteurs et d&rsquo;hormones.<br \/>\nBienfaits de Zinc For 15 mg :<br \/>\nLe zinc et la vitamine C sont connus pour leurs effets b\u00e9n\u00e9fiques sur le syst\u00e8me immunitaire, aidant votre corps \u00e0 combattre les infections.\u00a0 Ce compl\u00e9ment aide \u00e0 maintenir une peau saine et un cuir chevelu en bon \u00e9tat, r\u00e9duisant l&rsquo;acn\u00e9 et la chute des cheveux gr\u00e2ce \u00e0 ses propri\u00e9t\u00e9s nourrissantes. Le zinc est crucial pour la sant\u00e9 reproductive, aidant \u00e0 maintenir des niveaux hormonaux \u00e9quilibr\u00e9s et soutenant la fertilit\u00e9. Le zinc et la vitamine C aident \u00e0 neutraliser les radicaux libres, ralentissant le processus de vieillissement et prot\u00e9geant les cellules du stress oxydatif. Le zinc favorise une division cellulaire normale, essentielle pour la croissance et la r\u00e9paration des tissus.<br \/>\nConseils d&rsquo;utilisation :<br \/>\nPrenez une g\u00e9lule au moins 2 heures avant ou apr\u00e8s la consommation d\u2019autres compl\u00e9ments alimentaires contenant du fer ou du calcium pour garantir une absorption maximale des nutriments. \u00c9vitez l\u2019utilisation de ce produit en cas de grossesse ou d\u2019allaitement. Consultez un professionnel de la sant\u00e9 avant de d\u00e9buter toute suppl\u00e9mentation pendant cette p\u00e9riode. Int\u00e9grez Zinc For 15 mg dans votre routine quotidienne pour renforcer votre syst\u00e8me immunitaire et promouvoir une sant\u00e9 globale.<\/p>\n","protected":false},"excerpt":{"rendered":"<p>Le zinc joue un r\u00f4le crucial dans la promotion d\u2019une division cellulaire saine et aide \u00e0 lutter efficacement contre les<\/p>\n","protected":false},"featured_media":55006,"comment_status":"open","ping_status":"closed","template":"","meta":[],"product_brand":[1007],"product_cat":[1085],"product_tag":[],"class_list":{"0":"post-56171","1":"product","2":"type-product","3":"status-publish","4":"has-post-thumbnail","6":"product_brand-vertu-plus","7":"product_cat-defenses-immunitaires","9":"first","10":"instock","11":"sale","12":"shipping-taxable","13":"purchasable","14":"product-type-simple"},"yoast_head":"<!-- This site is optimized with the Yoast SEO plugin v26.6 - https:\/\/yoast.com\/wordpress\/plugins\/seo\/ -->\r\n<title>VERTUPLUS ZINC FOR 15 MG 60 GELULES - Paracherkaoui.ma<\/title>\r\n<meta name=\"robots\" content=\"index, follow, max-snippet:-1, max-image-preview:large, max-video-preview:-1\" \/>\r\n<link rel=\"canonical\" href=\"https:\/\/paracherkaoui.ma\/index.php\/produit\/vertuplus-zinc-for-15-mg-60-gelules-2\/\" \/>\r\n<meta property=\"og:locale\" content=\"fr_FR\" \/>\r\n<meta property=\"og:type\" content=\"article\" \/>\r\n<meta property=\"og:title\" content=\"VERTUPLUS ZINC FOR 15 MG 60 GELULES - Paracherkaoui.ma\" \/>\r\n<meta property=\"og:description\" content=\"Le zinc joue un r\u00f4le crucial dans la promotion d\u2019une division cellulaire saine et aide \u00e0 lutter efficacement contre les\" \/>\r\n<meta property=\"og:url\" content=\"https:\/\/paracherkaoui.ma\/index.php\/produit\/vertuplus-zinc-for-15-mg-60-gelules-2\/\" \/>\r\n<meta property=\"og:site_name\" content=\"Paracherkaoui.ma\" \/>\r\n<meta property=\"article:modified_time\" content=\"2025-12-12T18:45:12+00:00\" \/>\r\n<meta property=\"og:image\" content=\"https:\/\/paracherkaoui.ma\/wp-content\/uploads\/2025\/12\/vertuplus-vertuplus-zinc-for-15-mg-60-gelules-defenses-immunitaires.jpg\" \/>\r\n\t<meta property=\"og:image:width\" content=\"700\" \/>\r\n\t<meta property=\"og:image:height\" content=\"700\" \/>\r\n\t<meta property=\"og:image:type\" content=\"image\/jpeg\" \/>\r\n<meta name=\"twitter:card\" content=\"summary_large_image\" \/>\r\n<meta name=\"twitter:label1\" content=\"Dur\u00e9e de lecture estim\u00e9e\" \/>\n\t<meta name=\"twitter:data1\" content=\"1 minute\" \/>\r\n<script type=\"application\/ld+json\" class=\"yoast-schema-graph\">{\"@context\":\"https:\/\/schema.org\",\"@graph\":[{\"@type\":\"WebPage\",\"@id\":\"https:\/\/paracherkaoui.ma\/index.php\/produit\/vertuplus-zinc-for-15-mg-60-gelules-2\/\",\"url\":\"https:\/\/paracherkaoui.ma\/index.php\/produit\/vertuplus-zinc-for-15-mg-60-gelules-2\/\",\"name\":\"VERTUPLUS ZINC FOR 15 MG 60 GELULES - Paracherkaoui.ma\",\"isPartOf\":{\"@id\":\"https:\/\/paracherkaoui.ma\/#website\"},\"primaryImageOfPage\":{\"@id\":\"https:\/\/paracherkaoui.ma\/index.php\/produit\/vertuplus-zinc-for-15-mg-60-gelules-2\/#primaryimage\"},\"image\":{\"@id\":\"https:\/\/paracherkaoui.ma\/index.php\/produit\/vertuplus-zinc-for-15-mg-60-gelules-2\/#primaryimage\"},\"thumbnailUrl\":\"https:\/\/paracherkaoui.ma\/wp-content\/uploads\/2025\/12\/vertuplus-vertuplus-zinc-for-15-mg-60-gelules-defenses-immunitaires.jpg\",\"datePublished\":\"2025-12-12T18:45:10+00:00\",\"dateModified\":\"2025-12-12T18:45:12+00:00\",\"breadcrumb\":{\"@id\":\"https:\/\/paracherkaoui.ma\/index.php\/produit\/vertuplus-zinc-for-15-mg-60-gelules-2\/#breadcrumb\"},\"inLanguage\":\"fr-FR\",\"potentialAction\":[{\"@type\":\"ReadAction\",\"target\":[\"https:\/\/paracherkaoui.ma\/index.php\/produit\/vertuplus-zinc-for-15-mg-60-gelules-2\/\"]}]},{\"@type\":\"ImageObject\",\"inLanguage\":\"fr-FR\",\"@id\":\"https:\/\/paracherkaoui.ma\/index.php\/produit\/vertuplus-zinc-for-15-mg-60-gelules-2\/#primaryimage\",\"url\":\"https:\/\/paracherkaoui.ma\/wp-content\/uploads\/2025\/12\/vertuplus-vertuplus-zinc-for-15-mg-60-gelules-defenses-immunitaires.jpg\",\"contentUrl\":\"https:\/\/paracherkaoui.ma\/wp-content\/uploads\/2025\/12\/vertuplus-vertuplus-zinc-for-15-mg-60-gelules-defenses-immunitaires.jpg\",\"width\":700,\"height\":700},{\"@type\":\"BreadcrumbList\",\"@id\":\"https:\/\/paracherkaoui.ma\/index.php\/produit\/vertuplus-zinc-for-15-mg-60-gelules-2\/#breadcrumb\",\"itemListElement\":[{\"@type\":\"ListItem\",\"position\":1,\"name\":\"Accueil\",\"item\":\"https:\/\/paracherkaoui.ma\/\"},{\"@type\":\"ListItem\",\"position\":2,\"name\":\"Boutique\",\"item\":\"https:\/\/paracherkaoui.ma\/index.php\/boutique\/\"},{\"@type\":\"ListItem\",\"position\":3,\"name\":\"VERTUPLUS ZINC FOR 15 MG 60 GELULES\"}]},{\"@type\":\"WebSite\",\"@id\":\"https:\/\/paracherkaoui.ma\/#website\",\"url\":\"https:\/\/paracherkaoui.ma\/\",\"name\":\"Paracherkaoui.ma\",\"description\":\"Achetez en ligne sur Paracherkaoui.ma\",\"potentialAction\":[{\"@type\":\"SearchAction\",\"target\":{\"@type\":\"EntryPoint\",\"urlTemplate\":\"https:\/\/paracherkaoui.ma\/?s={search_term_string}\"},\"query-input\":{\"@type\":\"PropertyValueSpecification\",\"valueRequired\":true,\"valueName\":\"search_term_string\"}}],\"inLanguage\":\"fr-FR\"}]}<\/script>\r\n<!-- \/ Yoast SEO plugin. -->","yoast_head_json":{"title":"VERTUPLUS ZINC FOR 15 MG 60 GELULES - Paracherkaoui.ma","robots":{"index":"index","follow":"follow","max-snippet":"max-snippet:-1","max-image-preview":"max-image-preview:large","max-video-preview":"max-video-preview:-1"},"canonical":"https:\/\/paracherkaoui.ma\/index.php\/produit\/vertuplus-zinc-for-15-mg-60-gelules-2\/","og_locale":"fr_FR","og_type":"article","og_title":"VERTUPLUS ZINC FOR 15 MG 60 GELULES - Paracherkaoui.ma","og_description":"Le zinc joue un r\u00f4le crucial dans la promotion d\u2019une division cellulaire saine et aide \u00e0 lutter efficacement contre les","og_url":"https:\/\/paracherkaoui.ma\/index.php\/produit\/vertuplus-zinc-for-15-mg-60-gelules-2\/","og_site_name":"Paracherkaoui.ma","article_modified_time":"2025-12-12T18:45:12+00:00","og_image":[{"width":700,"height":700,"url":"https:\/\/paracherkaoui.ma\/wp-content\/uploads\/2025\/12\/vertuplus-vertuplus-zinc-for-15-mg-60-gelules-defenses-immunitaires.jpg","type":"image\/jpeg"}],"twitter_card":"summary_large_image","twitter_misc":{"Dur\u00e9e de lecture estim\u00e9e":"1 minute"},"schema":{"@context":"https:\/\/schema.org","@graph":[{"@type":"WebPage","@id":"https:\/\/paracherkaoui.ma\/index.php\/produit\/vertuplus-zinc-for-15-mg-60-gelules-2\/","url":"https:\/\/paracherkaoui.ma\/index.php\/produit\/vertuplus-zinc-for-15-mg-60-gelules-2\/","name":"VERTUPLUS ZINC FOR 15 MG 60 GELULES - Paracherkaoui.ma","isPartOf":{"@id":"https:\/\/paracherkaoui.ma\/#website"},"primaryImageOfPage":{"@id":"https:\/\/paracherkaoui.ma\/index.php\/produit\/vertuplus-zinc-for-15-mg-60-gelules-2\/#primaryimage"},"image":{"@id":"https:\/\/paracherkaoui.ma\/index.php\/produit\/vertuplus-zinc-for-15-mg-60-gelules-2\/#primaryimage"},"thumbnailUrl":"https:\/\/paracherkaoui.ma\/wp-content\/uploads\/2025\/12\/vertuplus-vertuplus-zinc-for-15-mg-60-gelules-defenses-immunitaires.jpg","datePublished":"2025-12-12T18:45:10+00:00","dateModified":"2025-12-12T18:45:12+00:00","breadcrumb":{"@id":"https:\/\/paracherkaoui.ma\/index.php\/produit\/vertuplus-zinc-for-15-mg-60-gelules-2\/#breadcrumb"},"inLanguage":"fr-FR","potentialAction":[{"@type":"ReadAction","target":["https:\/\/paracherkaoui.ma\/index.php\/produit\/vertuplus-zinc-for-15-mg-60-gelules-2\/"]}]},{"@type":"ImageObject","inLanguage":"fr-FR","@id":"https:\/\/paracherkaoui.ma\/index.php\/produit\/vertuplus-zinc-for-15-mg-60-gelules-2\/#primaryimage","url":"https:\/\/paracherkaoui.ma\/wp-content\/uploads\/2025\/12\/vertuplus-vertuplus-zinc-for-15-mg-60-gelules-defenses-immunitaires.jpg","contentUrl":"https:\/\/paracherkaoui.ma\/wp-content\/uploads\/2025\/12\/vertuplus-vertuplus-zinc-for-15-mg-60-gelules-defenses-immunitaires.jpg","width":700,"height":700},{"@type":"BreadcrumbList","@id":"https:\/\/paracherkaoui.ma\/index.php\/produit\/vertuplus-zinc-for-15-mg-60-gelules-2\/#breadcrumb","itemListElement":[{"@type":"ListItem","position":1,"name":"Accueil","item":"https:\/\/paracherkaoui.ma\/"},{"@type":"ListItem","position":2,"name":"Boutique","item":"https:\/\/paracherkaoui.ma\/index.php\/boutique\/"},{"@type":"ListItem","position":3,"name":"VERTUPLUS ZINC FOR 15 MG 60 GELULES"}]},{"@type":"WebSite","@id":"https:\/\/paracherkaoui.ma\/#website","url":"https:\/\/paracherkaoui.ma\/","name":"Paracherkaoui.ma","description":"Achetez en ligne sur Paracherkaoui.ma","potentialAction":[{"@type":"SearchAction","target":{"@type":"EntryPoint","urlTemplate":"https:\/\/paracherkaoui.ma\/?s={search_term_string}"},"query-input":{"@type":"PropertyValueSpecification","valueRequired":true,"valueName":"search_term_string"}}],"inLanguage":"fr-FR"}]}},"_links":{"self":[{"href":"https:\/\/paracherkaoui.ma\/index.php\/wp-json\/wp\/v2\/product\/56171","targetHints":{"allow":["GET"]}}],"collection":[{"href":"https:\/\/paracherkaoui.ma\/index.php\/wp-json\/wp\/v2\/product"}],"about":[{"href":"https:\/\/paracherkaoui.ma\/index.php\/wp-json\/wp\/v2\/types\/product"}],"replies":[{"embeddable":true,"href":"https:\/\/paracherkaoui.ma\/index.php\/wp-json\/wp\/v2\/comments?post=56171"}],"version-history":[{"count":1,"href":"https:\/\/paracherkaoui.ma\/index.php\/wp-json\/wp\/v2\/product\/56171\/revisions"}],"predecessor-version":[{"id":56201,"href":"https:\/\/paracherkaoui.ma\/index.php\/wp-json\/wp\/v2\/product\/56171\/revisions\/56201"}],"wp:featuredmedia":[{"embeddable":true,"href":"https:\/\/paracherkaoui.ma\/index.php\/wp-json\/wp\/v2\/media\/55006"}],"wp:attachment":[{"href":"https:\/\/paracherkaoui.ma\/index.php\/wp-json\/wp\/v2\/media?parent=56171"}],"wp:term":[{"taxonomy":"product_brand","embeddable":true,"href":"https:\/\/paracherkaoui.ma\/index.php\/wp-json\/wp\/v2\/product_brand?post=56171"},{"taxonomy":"product_cat","embeddable":true,"href":"https:\/\/paracherkaoui.ma\/index.php\/wp-json\/wp\/v2\/product_cat?post=56171"},{"taxonomy":"product_tag","embeddable":true,"href":"https:\/\/paracherkaoui.ma\/index.php\/wp-json\/wp\/v2\/product_tag?post=56171"}],"curies":[{"name":"wp","href":"https:\/\/api.w.org\/{rel}","templated":true}]}}