{"id":55501,"date":"2025-12-12T19:43:38","date_gmt":"2025-12-12T18:43:38","guid":{"rendered":"https:\/\/test.ecbeaute.com\/?post_type=product&#038;p=55501"},"modified":"2025-12-12T19:43:42","modified_gmt":"2025-12-12T18:43:42","slug":"nutrimax-melatonine-30-gelules-vegetales","status":"publish","type":"product","link":"https:\/\/paracherkaoui.ma\/index.php\/produit\/nutrimax-melatonine-30-gelules-vegetales\/","title":{"rendered":"NUTRIMAX MELATONINE 30 GELULES VEGETALES"},"content":{"rendered":"<p>La m\u00e9latonine, souvent surnomm\u00e9e l\u2019hormone du sommeil, est une substance naturellement produite par notre corps pour r\u00e9guler le rythme veille-sommeil. Cependant, le stress, les \u00e9crans, les voyages ou encore l\u2019\u00e2ge peuvent perturber cette production naturelle. C\u2019est l\u00e0 qu\u2019intervient NutriMax M\u00e9latonine, une formule douce et v\u00e9g\u00e9tale, con\u00e7ue pour r\u00e9guler le cycle du sommeil, faciliter l\u2019endormissement, et favoriser une r\u00e9cup\u00e9ration optimale.<br \/>\nChaque g\u00e9lule v\u00e9g\u00e9tale vous aide \u00e0 retrouver un sommeil r\u00e9parateur, \u00e0 diminuer la sensation de fatigue au r\u00e9veil, et \u00e0 lutter contre les effets du d\u00e9calage horaire. Que vous soyez sujet \u00e0 l\u2019insomnie occasionnelle, \u00e0 des troubles du sommeil r\u00e9currents ou que vous soyez un grand voyageur, ce compl\u00e9ment vous accompagne naturellement pour retrouver des nuits paisibles.<br \/>\nLa bo\u00eete contient 30 g\u00e9lules, parfaitement adapt\u00e9es pour une cure d\u2019un mois. Sans accoutumance ni somnolence au r\u00e9veil, cette solution naturelle s\u2019int\u00e8gre facilement \u00e0 votre routine du soir.<br \/>\nConseils d&rsquo;utilisation :<br \/>\nPrendre 1 g\u00e9lule par jour, environ 30 minutes avant le coucher, avec un verre d\u2019eau.<br \/>\nPour lutter contre le d\u00e9calage horaire : commencer la veille du voyage et poursuivre quelques jours apr\u00e8s l\u2019arriv\u00e9e.<br \/>\nCure recommand\u00e9e de 15 \u00e0 30 jours, renouvelable si besoin.<br \/>\nComposition :<br \/>\nM\u00e9latonine (n acetyl-5-metoxytryptamine) \u2013 Excipients : Maltodextrine, St\u00e9arate de Mg, g\u00e9lule d\u2019origine v\u00e9g\u00e9tale (HPMC)<\/p>\n","protected":false},"excerpt":{"rendered":"<p>La m\u00e9latonine, souvent surnomm\u00e9e l\u2019hormone du sommeil, est une substance naturellement produite par notre corps pour r\u00e9guler le rythme veille-sommeil.<\/p>\n","protected":false},"featured_media":55541,"comment_status":"open","ping_status":"closed","template":"","meta":[],"product_brand":[1008],"product_cat":[1075],"product_tag":[],"class_list":{"0":"post-55501","1":"product","2":"type-product","3":"status-publish","4":"has-post-thumbnail","6":"product_brand-nutrimax","7":"product_cat-sommeil-et-detente","9":"first","10":"instock","11":"sale","12":"shipping-taxable","13":"purchasable","14":"product-type-simple"},"yoast_head":"<!-- This site is optimized with the Yoast SEO plugin v26.6 - https:\/\/yoast.com\/wordpress\/plugins\/seo\/ -->\r\n<title>NUTRIMAX MELATONINE 30 GELULES VEGETALES - Paracherkaoui.ma<\/title>\r\n<meta name=\"robots\" content=\"index, follow, max-snippet:-1, max-image-preview:large, max-video-preview:-1\" \/>\r\n<link rel=\"canonical\" href=\"https:\/\/paracherkaoui.ma\/index.php\/produit\/nutrimax-melatonine-30-gelules-vegetales\/\" \/>\r\n<meta property=\"og:locale\" content=\"fr_FR\" \/>\r\n<meta property=\"og:type\" content=\"article\" \/>\r\n<meta property=\"og:title\" content=\"NUTRIMAX MELATONINE 30 GELULES VEGETALES - Paracherkaoui.ma\" \/>\r\n<meta property=\"og:description\" content=\"La m\u00e9latonine, souvent surnomm\u00e9e l\u2019hormone du sommeil, est une substance naturellement produite par notre corps pour r\u00e9guler le rythme veille-sommeil.\" \/>\r\n<meta property=\"og:url\" content=\"https:\/\/paracherkaoui.ma\/index.php\/produit\/nutrimax-melatonine-30-gelules-vegetales\/\" \/>\r\n<meta property=\"og:site_name\" content=\"Paracherkaoui.ma\" \/>\r\n<meta property=\"article:modified_time\" content=\"2025-12-12T18:43:42+00:00\" \/>\r\n<meta property=\"og:image\" content=\"https:\/\/paracherkaoui.ma\/wp-content\/uploads\/2025\/12\/nutrimax-nutrimax-melatonine-30-gelules-vegetales-sommeil-et-detente.jpg\" \/>\r\n\t<meta property=\"og:image:width\" content=\"700\" \/>\r\n\t<meta property=\"og:image:height\" content=\"700\" \/>\r\n\t<meta property=\"og:image:type\" content=\"image\/jpeg\" \/>\r\n<meta name=\"twitter:card\" content=\"summary_large_image\" \/>\r\n<meta name=\"twitter:label1\" content=\"Dur\u00e9e de lecture estim\u00e9e\" \/>\n\t<meta name=\"twitter:data1\" content=\"1 minute\" \/>\r\n<script type=\"application\/ld+json\" class=\"yoast-schema-graph\">{\"@context\":\"https:\/\/schema.org\",\"@graph\":[{\"@type\":\"WebPage\",\"@id\":\"https:\/\/paracherkaoui.ma\/index.php\/produit\/nutrimax-melatonine-30-gelules-vegetales\/\",\"url\":\"https:\/\/paracherkaoui.ma\/index.php\/produit\/nutrimax-melatonine-30-gelules-vegetales\/\",\"name\":\"NUTRIMAX MELATONINE 30 GELULES VEGETALES - Paracherkaoui.ma\",\"isPartOf\":{\"@id\":\"https:\/\/paracherkaoui.ma\/#website\"},\"primaryImageOfPage\":{\"@id\":\"https:\/\/paracherkaoui.ma\/index.php\/produit\/nutrimax-melatonine-30-gelules-vegetales\/#primaryimage\"},\"image\":{\"@id\":\"https:\/\/paracherkaoui.ma\/index.php\/produit\/nutrimax-melatonine-30-gelules-vegetales\/#primaryimage\"},\"thumbnailUrl\":\"https:\/\/paracherkaoui.ma\/wp-content\/uploads\/2025\/12\/nutrimax-nutrimax-melatonine-30-gelules-vegetales-sommeil-et-detente.jpg\",\"datePublished\":\"2025-12-12T18:43:38+00:00\",\"dateModified\":\"2025-12-12T18:43:42+00:00\",\"breadcrumb\":{\"@id\":\"https:\/\/paracherkaoui.ma\/index.php\/produit\/nutrimax-melatonine-30-gelules-vegetales\/#breadcrumb\"},\"inLanguage\":\"fr-FR\",\"potentialAction\":[{\"@type\":\"ReadAction\",\"target\":[\"https:\/\/paracherkaoui.ma\/index.php\/produit\/nutrimax-melatonine-30-gelules-vegetales\/\"]}]},{\"@type\":\"ImageObject\",\"inLanguage\":\"fr-FR\",\"@id\":\"https:\/\/paracherkaoui.ma\/index.php\/produit\/nutrimax-melatonine-30-gelules-vegetales\/#primaryimage\",\"url\":\"https:\/\/paracherkaoui.ma\/wp-content\/uploads\/2025\/12\/nutrimax-nutrimax-melatonine-30-gelules-vegetales-sommeil-et-detente.jpg\",\"contentUrl\":\"https:\/\/paracherkaoui.ma\/wp-content\/uploads\/2025\/12\/nutrimax-nutrimax-melatonine-30-gelules-vegetales-sommeil-et-detente.jpg\",\"width\":700,\"height\":700},{\"@type\":\"BreadcrumbList\",\"@id\":\"https:\/\/paracherkaoui.ma\/index.php\/produit\/nutrimax-melatonine-30-gelules-vegetales\/#breadcrumb\",\"itemListElement\":[{\"@type\":\"ListItem\",\"position\":1,\"name\":\"Accueil\",\"item\":\"https:\/\/paracherkaoui.ma\/\"},{\"@type\":\"ListItem\",\"position\":2,\"name\":\"Boutique\",\"item\":\"https:\/\/paracherkaoui.ma\/index.php\/boutique\/\"},{\"@type\":\"ListItem\",\"position\":3,\"name\":\"NUTRIMAX MELATONINE 30 GELULES VEGETALES\"}]},{\"@type\":\"WebSite\",\"@id\":\"https:\/\/paracherkaoui.ma\/#website\",\"url\":\"https:\/\/paracherkaoui.ma\/\",\"name\":\"Paracherkaoui.ma\",\"description\":\"Achetez en ligne sur Paracherkaoui.ma\",\"potentialAction\":[{\"@type\":\"SearchAction\",\"target\":{\"@type\":\"EntryPoint\",\"urlTemplate\":\"https:\/\/paracherkaoui.ma\/?s={search_term_string}\"},\"query-input\":{\"@type\":\"PropertyValueSpecification\",\"valueRequired\":true,\"valueName\":\"search_term_string\"}}],\"inLanguage\":\"fr-FR\"}]}<\/script>\r\n<!-- \/ Yoast SEO plugin. -->","yoast_head_json":{"title":"NUTRIMAX MELATONINE 30 GELULES VEGETALES - Paracherkaoui.ma","robots":{"index":"index","follow":"follow","max-snippet":"max-snippet:-1","max-image-preview":"max-image-preview:large","max-video-preview":"max-video-preview:-1"},"canonical":"https:\/\/paracherkaoui.ma\/index.php\/produit\/nutrimax-melatonine-30-gelules-vegetales\/","og_locale":"fr_FR","og_type":"article","og_title":"NUTRIMAX MELATONINE 30 GELULES VEGETALES - Paracherkaoui.ma","og_description":"La m\u00e9latonine, souvent surnomm\u00e9e l\u2019hormone du sommeil, est une substance naturellement produite par notre corps pour r\u00e9guler le rythme veille-sommeil.","og_url":"https:\/\/paracherkaoui.ma\/index.php\/produit\/nutrimax-melatonine-30-gelules-vegetales\/","og_site_name":"Paracherkaoui.ma","article_modified_time":"2025-12-12T18:43:42+00:00","og_image":[{"width":700,"height":700,"url":"https:\/\/paracherkaoui.ma\/wp-content\/uploads\/2025\/12\/nutrimax-nutrimax-melatonine-30-gelules-vegetales-sommeil-et-detente.jpg","type":"image\/jpeg"}],"twitter_card":"summary_large_image","twitter_misc":{"Dur\u00e9e de lecture estim\u00e9e":"1 minute"},"schema":{"@context":"https:\/\/schema.org","@graph":[{"@type":"WebPage","@id":"https:\/\/paracherkaoui.ma\/index.php\/produit\/nutrimax-melatonine-30-gelules-vegetales\/","url":"https:\/\/paracherkaoui.ma\/index.php\/produit\/nutrimax-melatonine-30-gelules-vegetales\/","name":"NUTRIMAX MELATONINE 30 GELULES VEGETALES - Paracherkaoui.ma","isPartOf":{"@id":"https:\/\/paracherkaoui.ma\/#website"},"primaryImageOfPage":{"@id":"https:\/\/paracherkaoui.ma\/index.php\/produit\/nutrimax-melatonine-30-gelules-vegetales\/#primaryimage"},"image":{"@id":"https:\/\/paracherkaoui.ma\/index.php\/produit\/nutrimax-melatonine-30-gelules-vegetales\/#primaryimage"},"thumbnailUrl":"https:\/\/paracherkaoui.ma\/wp-content\/uploads\/2025\/12\/nutrimax-nutrimax-melatonine-30-gelules-vegetales-sommeil-et-detente.jpg","datePublished":"2025-12-12T18:43:38+00:00","dateModified":"2025-12-12T18:43:42+00:00","breadcrumb":{"@id":"https:\/\/paracherkaoui.ma\/index.php\/produit\/nutrimax-melatonine-30-gelules-vegetales\/#breadcrumb"},"inLanguage":"fr-FR","potentialAction":[{"@type":"ReadAction","target":["https:\/\/paracherkaoui.ma\/index.php\/produit\/nutrimax-melatonine-30-gelules-vegetales\/"]}]},{"@type":"ImageObject","inLanguage":"fr-FR","@id":"https:\/\/paracherkaoui.ma\/index.php\/produit\/nutrimax-melatonine-30-gelules-vegetales\/#primaryimage","url":"https:\/\/paracherkaoui.ma\/wp-content\/uploads\/2025\/12\/nutrimax-nutrimax-melatonine-30-gelules-vegetales-sommeil-et-detente.jpg","contentUrl":"https:\/\/paracherkaoui.ma\/wp-content\/uploads\/2025\/12\/nutrimax-nutrimax-melatonine-30-gelules-vegetales-sommeil-et-detente.jpg","width":700,"height":700},{"@type":"BreadcrumbList","@id":"https:\/\/paracherkaoui.ma\/index.php\/produit\/nutrimax-melatonine-30-gelules-vegetales\/#breadcrumb","itemListElement":[{"@type":"ListItem","position":1,"name":"Accueil","item":"https:\/\/paracherkaoui.ma\/"},{"@type":"ListItem","position":2,"name":"Boutique","item":"https:\/\/paracherkaoui.ma\/index.php\/boutique\/"},{"@type":"ListItem","position":3,"name":"NUTRIMAX MELATONINE 30 GELULES VEGETALES"}]},{"@type":"WebSite","@id":"https:\/\/paracherkaoui.ma\/#website","url":"https:\/\/paracherkaoui.ma\/","name":"Paracherkaoui.ma","description":"Achetez en ligne sur Paracherkaoui.ma","potentialAction":[{"@type":"SearchAction","target":{"@type":"EntryPoint","urlTemplate":"https:\/\/paracherkaoui.ma\/?s={search_term_string}"},"query-input":{"@type":"PropertyValueSpecification","valueRequired":true,"valueName":"search_term_string"}}],"inLanguage":"fr-FR"}]}},"_links":{"self":[{"href":"https:\/\/paracherkaoui.ma\/index.php\/wp-json\/wp\/v2\/product\/55501","targetHints":{"allow":["GET"]}}],"collection":[{"href":"https:\/\/paracherkaoui.ma\/index.php\/wp-json\/wp\/v2\/product"}],"about":[{"href":"https:\/\/paracherkaoui.ma\/index.php\/wp-json\/wp\/v2\/types\/product"}],"replies":[{"embeddable":true,"href":"https:\/\/paracherkaoui.ma\/index.php\/wp-json\/wp\/v2\/comments?post=55501"}],"version-history":[{"count":1,"href":"https:\/\/paracherkaoui.ma\/index.php\/wp-json\/wp\/v2\/product\/55501\/revisions"}],"predecessor-version":[{"id":55542,"href":"https:\/\/paracherkaoui.ma\/index.php\/wp-json\/wp\/v2\/product\/55501\/revisions\/55542"}],"wp:featuredmedia":[{"embeddable":true,"href":"https:\/\/paracherkaoui.ma\/index.php\/wp-json\/wp\/v2\/media\/55541"}],"wp:attachment":[{"href":"https:\/\/paracherkaoui.ma\/index.php\/wp-json\/wp\/v2\/media?parent=55501"}],"wp:term":[{"taxonomy":"product_brand","embeddable":true,"href":"https:\/\/paracherkaoui.ma\/index.php\/wp-json\/wp\/v2\/product_brand?post=55501"},{"taxonomy":"product_cat","embeddable":true,"href":"https:\/\/paracherkaoui.ma\/index.php\/wp-json\/wp\/v2\/product_cat?post=55501"},{"taxonomy":"product_tag","embeddable":true,"href":"https:\/\/paracherkaoui.ma\/index.php\/wp-json\/wp\/v2\/product_tag?post=55501"}],"curies":[{"name":"wp","href":"https:\/\/api.w.org\/{rel}","templated":true}]}}