{"id":55120,"date":"2025-12-12T19:42:44","date_gmt":"2025-12-12T18:42:44","guid":{"rendered":"https:\/\/test.ecbeaute.com\/?post_type=product&#038;p=55120"},"modified":"2025-12-12T19:42:50","modified_gmt":"2025-12-12T18:42:50","slug":"vertuplus-spiruline-500-mg-200-comprimes-2","status":"publish","type":"product","link":"https:\/\/paracherkaoui.ma\/index.php\/produit\/vertuplus-spiruline-500-mg-200-comprimes-2\/","title":{"rendered":"VERTUPLUS SPIRULINE 500 MG 200 COMPRIMES"},"content":{"rendered":"<p>Id\u00e9al pour les v\u00e9g\u00e9tariens et v\u00e9g\u00e9taliens, il apporte \u00e9galement une haute concentration en vitamines, notamment B12, indispensable pour le bon fonctionnement du syst\u00e8me nerveux et la production d\u2019\u00e9nergie. En plus de ses vitamines, la spiruline est une mine d\u2019oligo-\u00e9l\u00e9ments tels que le fer, le calcium, le magn\u00e9sium, et le zinc, contribuant ainsi au maintien d\u2019un m\u00e9tabolisme sain et \u00e0 la r\u00e9duction de la fatigue.<br \/>\nLes bienfaits de la spiruline VERTUPLUS ne s\u2019arr\u00eatent pas l\u00e0. Gr\u00e2ce \u00e0 sa richesse en antioxydants, elle aide \u00e0 combattre les radicaux libres, renfor\u00e7ant ainsi le syst\u00e8me immunitaire. De plus, sa forte teneur en chlorophylle favorise la d\u00e9toxification de l\u2019organisme, purifiant le corps des toxines accumul\u00e9es. Les sportifs appr\u00e9cieront ses effets b\u00e9n\u00e9fiques sur la performance et la r\u00e9cup\u00e9ration musculaire, tandis que les personnes souhaitant perdre du poids profiteront de son pouvoir rassasiant, aidant \u00e0 contr\u00f4ler l&rsquo;app\u00e9tit.<br \/>\nLa spiruline VERTUPLUS est cultiv\u00e9e dans des conditions optimales, garantissant un produit pur, sans additifs ni conservateurs. Chaque comprim\u00e9 est facilement assimilable, vous assurant de b\u00e9n\u00e9ficier de tous ses nutriments de mani\u00e8re optimale. Adoptez d\u00e8s aujourd\u2019hui VERTUPLUS Spiruline 500 mg et d\u00e9couvrez une nouvelle vitalit\u00e9 au quotidien.<br \/>\nConseils d&rsquo;utilisation<br \/>\nPour une efficacit\u00e9 optimale, il est recommand\u00e9 de prendre 3 \u00e0 6 comprim\u00e9s par jour, de pr\u00e9f\u00e9rence le matin, avec un grand verre d\u2019eau. Il est conseill\u00e9 de commencer par une petite dose et d&rsquo;augmenter progressivement pour permettre \u00e0 l&rsquo;organisme de s&rsquo;adapter.<\/p>\n","protected":false},"excerpt":{"rendered":"<p>Id\u00e9al pour les v\u00e9g\u00e9tariens et v\u00e9g\u00e9taliens, il apporte \u00e9galement une haute concentration en vitamines, notamment B12, indispensable pour le bon<\/p>\n","protected":false},"featured_media":53478,"comment_status":"open","ping_status":"closed","template":"","meta":[],"product_brand":[1007],"product_cat":[1066],"product_tag":[],"class_list":{"0":"post-55120","1":"product","2":"type-product","3":"status-publish","4":"has-post-thumbnail","6":"product_brand-vertu-plus","7":"product_cat-complements-cheveux-et-ongles","9":"first","10":"instock","11":"sale","12":"shipping-taxable","13":"purchasable","14":"product-type-simple"},"yoast_head":"<!-- This site is optimized with the Yoast SEO plugin v26.6 - https:\/\/yoast.com\/wordpress\/plugins\/seo\/ -->\r\n<title>VERTUPLUS SPIRULINE 500 MG 200 COMPRIMES - Paracherkaoui.ma<\/title>\r\n<meta name=\"robots\" content=\"index, follow, max-snippet:-1, max-image-preview:large, max-video-preview:-1\" \/>\r\n<link rel=\"canonical\" href=\"https:\/\/paracherkaoui.ma\/index.php\/produit\/vertuplus-spiruline-500-mg-200-comprimes-2\/\" \/>\r\n<meta property=\"og:locale\" content=\"fr_FR\" \/>\r\n<meta property=\"og:type\" content=\"article\" \/>\r\n<meta property=\"og:title\" content=\"VERTUPLUS SPIRULINE 500 MG 200 COMPRIMES - Paracherkaoui.ma\" \/>\r\n<meta property=\"og:description\" content=\"Id\u00e9al pour les v\u00e9g\u00e9tariens et v\u00e9g\u00e9taliens, il apporte \u00e9galement une haute concentration en vitamines, notamment B12, indispensable pour le bon\" \/>\r\n<meta property=\"og:url\" content=\"https:\/\/paracherkaoui.ma\/index.php\/produit\/vertuplus-spiruline-500-mg-200-comprimes-2\/\" \/>\r\n<meta property=\"og:site_name\" content=\"Paracherkaoui.ma\" \/>\r\n<meta property=\"article:modified_time\" content=\"2025-12-12T18:42:50+00:00\" \/>\r\n<meta property=\"og:image\" content=\"https:\/\/paracherkaoui.ma\/wp-content\/uploads\/2025\/12\/vertuplus-vertuplus-spiruline-500-mg-200-comprimes-complements-cheveux-et-ongles.jpg\" \/>\r\n\t<meta property=\"og:image:width\" content=\"700\" \/>\r\n\t<meta property=\"og:image:height\" content=\"700\" \/>\r\n\t<meta property=\"og:image:type\" content=\"image\/jpeg\" \/>\r\n<meta name=\"twitter:card\" content=\"summary_large_image\" \/>\r\n<meta name=\"twitter:label1\" content=\"Dur\u00e9e de lecture estim\u00e9e\" \/>\n\t<meta name=\"twitter:data1\" content=\"1 minute\" \/>\r\n<script type=\"application\/ld+json\" class=\"yoast-schema-graph\">{\"@context\":\"https:\/\/schema.org\",\"@graph\":[{\"@type\":\"WebPage\",\"@id\":\"https:\/\/paracherkaoui.ma\/index.php\/produit\/vertuplus-spiruline-500-mg-200-comprimes-2\/\",\"url\":\"https:\/\/paracherkaoui.ma\/index.php\/produit\/vertuplus-spiruline-500-mg-200-comprimes-2\/\",\"name\":\"VERTUPLUS SPIRULINE 500 MG 200 COMPRIMES - Paracherkaoui.ma\",\"isPartOf\":{\"@id\":\"https:\/\/paracherkaoui.ma\/#website\"},\"primaryImageOfPage\":{\"@id\":\"https:\/\/paracherkaoui.ma\/index.php\/produit\/vertuplus-spiruline-500-mg-200-comprimes-2\/#primaryimage\"},\"image\":{\"@id\":\"https:\/\/paracherkaoui.ma\/index.php\/produit\/vertuplus-spiruline-500-mg-200-comprimes-2\/#primaryimage\"},\"thumbnailUrl\":\"https:\/\/paracherkaoui.ma\/wp-content\/uploads\/2025\/12\/vertuplus-vertuplus-spiruline-500-mg-200-comprimes-complements-cheveux-et-ongles.jpg\",\"datePublished\":\"2025-12-12T18:42:44+00:00\",\"dateModified\":\"2025-12-12T18:42:50+00:00\",\"breadcrumb\":{\"@id\":\"https:\/\/paracherkaoui.ma\/index.php\/produit\/vertuplus-spiruline-500-mg-200-comprimes-2\/#breadcrumb\"},\"inLanguage\":\"fr-FR\",\"potentialAction\":[{\"@type\":\"ReadAction\",\"target\":[\"https:\/\/paracherkaoui.ma\/index.php\/produit\/vertuplus-spiruline-500-mg-200-comprimes-2\/\"]}]},{\"@type\":\"ImageObject\",\"inLanguage\":\"fr-FR\",\"@id\":\"https:\/\/paracherkaoui.ma\/index.php\/produit\/vertuplus-spiruline-500-mg-200-comprimes-2\/#primaryimage\",\"url\":\"https:\/\/paracherkaoui.ma\/wp-content\/uploads\/2025\/12\/vertuplus-vertuplus-spiruline-500-mg-200-comprimes-complements-cheveux-et-ongles.jpg\",\"contentUrl\":\"https:\/\/paracherkaoui.ma\/wp-content\/uploads\/2025\/12\/vertuplus-vertuplus-spiruline-500-mg-200-comprimes-complements-cheveux-et-ongles.jpg\",\"width\":700,\"height\":700},{\"@type\":\"BreadcrumbList\",\"@id\":\"https:\/\/paracherkaoui.ma\/index.php\/produit\/vertuplus-spiruline-500-mg-200-comprimes-2\/#breadcrumb\",\"itemListElement\":[{\"@type\":\"ListItem\",\"position\":1,\"name\":\"Accueil\",\"item\":\"https:\/\/paracherkaoui.ma\/\"},{\"@type\":\"ListItem\",\"position\":2,\"name\":\"Boutique\",\"item\":\"https:\/\/paracherkaoui.ma\/index.php\/boutique\/\"},{\"@type\":\"ListItem\",\"position\":3,\"name\":\"VERTUPLUS SPIRULINE 500 MG 200 COMPRIMES\"}]},{\"@type\":\"WebSite\",\"@id\":\"https:\/\/paracherkaoui.ma\/#website\",\"url\":\"https:\/\/paracherkaoui.ma\/\",\"name\":\"Paracherkaoui.ma\",\"description\":\"Achetez en ligne sur Paracherkaoui.ma\",\"potentialAction\":[{\"@type\":\"SearchAction\",\"target\":{\"@type\":\"EntryPoint\",\"urlTemplate\":\"https:\/\/paracherkaoui.ma\/?s={search_term_string}\"},\"query-input\":{\"@type\":\"PropertyValueSpecification\",\"valueRequired\":true,\"valueName\":\"search_term_string\"}}],\"inLanguage\":\"fr-FR\"}]}<\/script>\r\n<!-- \/ Yoast SEO plugin. -->","yoast_head_json":{"title":"VERTUPLUS SPIRULINE 500 MG 200 COMPRIMES - Paracherkaoui.ma","robots":{"index":"index","follow":"follow","max-snippet":"max-snippet:-1","max-image-preview":"max-image-preview:large","max-video-preview":"max-video-preview:-1"},"canonical":"https:\/\/paracherkaoui.ma\/index.php\/produit\/vertuplus-spiruline-500-mg-200-comprimes-2\/","og_locale":"fr_FR","og_type":"article","og_title":"VERTUPLUS SPIRULINE 500 MG 200 COMPRIMES - Paracherkaoui.ma","og_description":"Id\u00e9al pour les v\u00e9g\u00e9tariens et v\u00e9g\u00e9taliens, il apporte \u00e9galement une haute concentration en vitamines, notamment B12, indispensable pour le bon","og_url":"https:\/\/paracherkaoui.ma\/index.php\/produit\/vertuplus-spiruline-500-mg-200-comprimes-2\/","og_site_name":"Paracherkaoui.ma","article_modified_time":"2025-12-12T18:42:50+00:00","og_image":[{"width":700,"height":700,"url":"https:\/\/paracherkaoui.ma\/wp-content\/uploads\/2025\/12\/vertuplus-vertuplus-spiruline-500-mg-200-comprimes-complements-cheveux-et-ongles.jpg","type":"image\/jpeg"}],"twitter_card":"summary_large_image","twitter_misc":{"Dur\u00e9e de lecture estim\u00e9e":"1 minute"},"schema":{"@context":"https:\/\/schema.org","@graph":[{"@type":"WebPage","@id":"https:\/\/paracherkaoui.ma\/index.php\/produit\/vertuplus-spiruline-500-mg-200-comprimes-2\/","url":"https:\/\/paracherkaoui.ma\/index.php\/produit\/vertuplus-spiruline-500-mg-200-comprimes-2\/","name":"VERTUPLUS SPIRULINE 500 MG 200 COMPRIMES - Paracherkaoui.ma","isPartOf":{"@id":"https:\/\/paracherkaoui.ma\/#website"},"primaryImageOfPage":{"@id":"https:\/\/paracherkaoui.ma\/index.php\/produit\/vertuplus-spiruline-500-mg-200-comprimes-2\/#primaryimage"},"image":{"@id":"https:\/\/paracherkaoui.ma\/index.php\/produit\/vertuplus-spiruline-500-mg-200-comprimes-2\/#primaryimage"},"thumbnailUrl":"https:\/\/paracherkaoui.ma\/wp-content\/uploads\/2025\/12\/vertuplus-vertuplus-spiruline-500-mg-200-comprimes-complements-cheveux-et-ongles.jpg","datePublished":"2025-12-12T18:42:44+00:00","dateModified":"2025-12-12T18:42:50+00:00","breadcrumb":{"@id":"https:\/\/paracherkaoui.ma\/index.php\/produit\/vertuplus-spiruline-500-mg-200-comprimes-2\/#breadcrumb"},"inLanguage":"fr-FR","potentialAction":[{"@type":"ReadAction","target":["https:\/\/paracherkaoui.ma\/index.php\/produit\/vertuplus-spiruline-500-mg-200-comprimes-2\/"]}]},{"@type":"ImageObject","inLanguage":"fr-FR","@id":"https:\/\/paracherkaoui.ma\/index.php\/produit\/vertuplus-spiruline-500-mg-200-comprimes-2\/#primaryimage","url":"https:\/\/paracherkaoui.ma\/wp-content\/uploads\/2025\/12\/vertuplus-vertuplus-spiruline-500-mg-200-comprimes-complements-cheveux-et-ongles.jpg","contentUrl":"https:\/\/paracherkaoui.ma\/wp-content\/uploads\/2025\/12\/vertuplus-vertuplus-spiruline-500-mg-200-comprimes-complements-cheveux-et-ongles.jpg","width":700,"height":700},{"@type":"BreadcrumbList","@id":"https:\/\/paracherkaoui.ma\/index.php\/produit\/vertuplus-spiruline-500-mg-200-comprimes-2\/#breadcrumb","itemListElement":[{"@type":"ListItem","position":1,"name":"Accueil","item":"https:\/\/paracherkaoui.ma\/"},{"@type":"ListItem","position":2,"name":"Boutique","item":"https:\/\/paracherkaoui.ma\/index.php\/boutique\/"},{"@type":"ListItem","position":3,"name":"VERTUPLUS SPIRULINE 500 MG 200 COMPRIMES"}]},{"@type":"WebSite","@id":"https:\/\/paracherkaoui.ma\/#website","url":"https:\/\/paracherkaoui.ma\/","name":"Paracherkaoui.ma","description":"Achetez en ligne sur Paracherkaoui.ma","potentialAction":[{"@type":"SearchAction","target":{"@type":"EntryPoint","urlTemplate":"https:\/\/paracherkaoui.ma\/?s={search_term_string}"},"query-input":{"@type":"PropertyValueSpecification","valueRequired":true,"valueName":"search_term_string"}}],"inLanguage":"fr-FR"}]}},"_links":{"self":[{"href":"https:\/\/paracherkaoui.ma\/index.php\/wp-json\/wp\/v2\/product\/55120","targetHints":{"allow":["GET"]}}],"collection":[{"href":"https:\/\/paracherkaoui.ma\/index.php\/wp-json\/wp\/v2\/product"}],"about":[{"href":"https:\/\/paracherkaoui.ma\/index.php\/wp-json\/wp\/v2\/types\/product"}],"replies":[{"embeddable":true,"href":"https:\/\/paracherkaoui.ma\/index.php\/wp-json\/wp\/v2\/comments?post=55120"}],"version-history":[{"count":1,"href":"https:\/\/paracherkaoui.ma\/index.php\/wp-json\/wp\/v2\/product\/55120\/revisions"}],"predecessor-version":[{"id":55165,"href":"https:\/\/paracherkaoui.ma\/index.php\/wp-json\/wp\/v2\/product\/55120\/revisions\/55165"}],"wp:featuredmedia":[{"embeddable":true,"href":"https:\/\/paracherkaoui.ma\/index.php\/wp-json\/wp\/v2\/media\/53478"}],"wp:attachment":[{"href":"https:\/\/paracherkaoui.ma\/index.php\/wp-json\/wp\/v2\/media?parent=55120"}],"wp:term":[{"taxonomy":"product_brand","embeddable":true,"href":"https:\/\/paracherkaoui.ma\/index.php\/wp-json\/wp\/v2\/product_brand?post=55120"},{"taxonomy":"product_cat","embeddable":true,"href":"https:\/\/paracherkaoui.ma\/index.php\/wp-json\/wp\/v2\/product_cat?post=55120"},{"taxonomy":"product_tag","embeddable":true,"href":"https:\/\/paracherkaoui.ma\/index.php\/wp-json\/wp\/v2\/product_tag?post=55120"}],"curies":[{"name":"wp","href":"https:\/\/api.w.org\/{rel}","templated":true}]}}