{"id":55111,"date":"2025-12-12T19:42:43","date_gmt":"2025-12-12T18:42:43","guid":{"rendered":"https:\/\/test.ecbeaute.com\/?post_type=product&#038;p=55111"},"modified":"2026-04-23T04:48:18","modified_gmt":"2026-04-23T02:48:18","slug":"perfectil-triple-action-peau-cheveux-et-ongles-30-comprimes","status":"publish","type":"product","link":"https:\/\/paracherkaoui.ma\/index.php\/produit\/perfectil-triple-action-peau-cheveux-et-ongles-30-comprimes\/","title":{"rendered":"PERFECTIL TRIPLE ACTION PEAU CHEVEUX ET ONGLES 30 COMPRIMES"},"content":{"rendered":"<p>Nourrit et prot\u00e8ge de l&rsquo;int\u00e9rieur et fournit des micronutriments essentiels pour soutenir les \u00e9l\u00e9ments constitutifs de la peau, des cheveux et des ongles.<br \/>\nLes garanties de votre r\u00e9gime de doubler comme une multivitamine compl\u00e8te pour tous autour de la sant\u00e9<br \/>\nLes antioxydants sont inclus pour aider \u00e0 prot\u00e9ger les tissus d\u00e9licats contre la peau des dommages du soleil, un facteur primordial dans le vieillissement, le rel\u00e2chement et les rides<br \/>\nExtraits naturels de plantes qui ont un r\u00f4le \u00e9prouv\u00e9e \u00e0 maintenir un teint sain et des vitamines et min\u00e9raux essentiels \u00e0 une bonne circulation sanguine<br \/>\nPerfectil\u00ae est con\u00e7u pour compl\u00e9ter votre routine quotidienne de la peau et de soins capillaires avec une gamme de plus de 20 oligo-\u00e9l\u00e9ments:<br \/>\nLes vitamines B2, B3 et la biotine qui contribuent \u00e0 l&rsquo;entretien de la peau normale.<br \/>\nLes min\u00e9raux s\u00e9l\u00e9nium et le zinc, qui contribuent \u00e0 l&rsquo;entretien de cheveux normale et les ongles.<\/p>\n","protected":false},"excerpt":{"rendered":"<p>Nourrit et prot\u00e8ge de l&rsquo;int\u00e9rieur et fournit des micronutriments essentiels pour soutenir les \u00e9l\u00e9ments constitutifs de la peau, des cheveux<\/p>\n","protected":false},"featured_media":55149,"comment_status":"open","ping_status":"closed","template":"","meta":[],"product_brand":[713],"product_cat":[1109,1066],"product_tag":[],"class_list":{"0":"post-55111","1":"product","2":"type-product","3":"status-publish","4":"has-post-thumbnail","6":"product_brand-vitabiotics","7":"product_cat-best-seller","8":"product_cat-complements-cheveux-et-ongles","10":"first","11":"instock","12":"sale","13":"shipping-taxable","14":"purchasable","15":"product-type-simple"},"yoast_head":"<!-- This site is optimized with the Yoast SEO plugin v26.6 - https:\/\/yoast.com\/wordpress\/plugins\/seo\/ -->\r\n<title>PERFECTIL TRIPLE ACTION PEAU CHEVEUX ET ONGLES 30 COMPRIMES - Paracherkaoui.ma<\/title>\r\n<meta name=\"robots\" content=\"index, follow, max-snippet:-1, max-image-preview:large, max-video-preview:-1\" \/>\r\n<link rel=\"canonical\" href=\"https:\/\/paracherkaoui.ma\/index.php\/produit\/perfectil-triple-action-peau-cheveux-et-ongles-30-comprimes\/\" \/>\r\n<meta property=\"og:locale\" content=\"fr_FR\" \/>\r\n<meta property=\"og:type\" content=\"article\" \/>\r\n<meta property=\"og:title\" content=\"PERFECTIL TRIPLE ACTION PEAU CHEVEUX ET ONGLES 30 COMPRIMES - Paracherkaoui.ma\" \/>\r\n<meta property=\"og:description\" content=\"Nourrit et prot\u00e8ge de l&rsquo;int\u00e9rieur et fournit des micronutriments essentiels pour soutenir les \u00e9l\u00e9ments constitutifs de la peau, des cheveux\" \/>\r\n<meta property=\"og:url\" content=\"https:\/\/paracherkaoui.ma\/index.php\/produit\/perfectil-triple-action-peau-cheveux-et-ongles-30-comprimes\/\" \/>\r\n<meta property=\"og:site_name\" content=\"Paracherkaoui.ma\" \/>\r\n<meta property=\"article:modified_time\" content=\"2026-04-23T02:48:18+00:00\" \/>\r\n<meta property=\"og:image\" content=\"https:\/\/paracherkaoui.ma\/wp-content\/uploads\/2025\/12\/vitabiotics-perfectil-triple-action-peau-cheveux-et-ongles-30-comprimes-complements-alimentaires.jpg\" \/>\r\n\t<meta property=\"og:image:width\" content=\"700\" \/>\r\n\t<meta property=\"og:image:height\" content=\"700\" \/>\r\n\t<meta property=\"og:image:type\" content=\"image\/jpeg\" \/>\r\n<meta name=\"twitter:card\" content=\"summary_large_image\" \/>\r\n<meta name=\"twitter:label1\" content=\"Dur\u00e9e de lecture estim\u00e9e\" \/>\n\t<meta name=\"twitter:data1\" content=\"1 minute\" \/>\r\n<script type=\"application\/ld+json\" class=\"yoast-schema-graph\">{\"@context\":\"https:\/\/schema.org\",\"@graph\":[{\"@type\":\"WebPage\",\"@id\":\"https:\/\/paracherkaoui.ma\/index.php\/produit\/perfectil-triple-action-peau-cheveux-et-ongles-30-comprimes\/\",\"url\":\"https:\/\/paracherkaoui.ma\/index.php\/produit\/perfectil-triple-action-peau-cheveux-et-ongles-30-comprimes\/\",\"name\":\"PERFECTIL TRIPLE ACTION PEAU CHEVEUX ET ONGLES 30 COMPRIMES - Paracherkaoui.ma\",\"isPartOf\":{\"@id\":\"https:\/\/paracherkaoui.ma\/#website\"},\"primaryImageOfPage\":{\"@id\":\"https:\/\/paracherkaoui.ma\/index.php\/produit\/perfectil-triple-action-peau-cheveux-et-ongles-30-comprimes\/#primaryimage\"},\"image\":{\"@id\":\"https:\/\/paracherkaoui.ma\/index.php\/produit\/perfectil-triple-action-peau-cheveux-et-ongles-30-comprimes\/#primaryimage\"},\"thumbnailUrl\":\"https:\/\/paracherkaoui.ma\/wp-content\/uploads\/2025\/12\/vitabiotics-perfectil-triple-action-peau-cheveux-et-ongles-30-comprimes-complements-alimentaires.jpg\",\"datePublished\":\"2025-12-12T18:42:43+00:00\",\"dateModified\":\"2026-04-23T02:48:18+00:00\",\"breadcrumb\":{\"@id\":\"https:\/\/paracherkaoui.ma\/index.php\/produit\/perfectil-triple-action-peau-cheveux-et-ongles-30-comprimes\/#breadcrumb\"},\"inLanguage\":\"fr-FR\",\"potentialAction\":[{\"@type\":\"ReadAction\",\"target\":[\"https:\/\/paracherkaoui.ma\/index.php\/produit\/perfectil-triple-action-peau-cheveux-et-ongles-30-comprimes\/\"]}]},{\"@type\":\"ImageObject\",\"inLanguage\":\"fr-FR\",\"@id\":\"https:\/\/paracherkaoui.ma\/index.php\/produit\/perfectil-triple-action-peau-cheveux-et-ongles-30-comprimes\/#primaryimage\",\"url\":\"https:\/\/paracherkaoui.ma\/wp-content\/uploads\/2025\/12\/vitabiotics-perfectil-triple-action-peau-cheveux-et-ongles-30-comprimes-complements-alimentaires.jpg\",\"contentUrl\":\"https:\/\/paracherkaoui.ma\/wp-content\/uploads\/2025\/12\/vitabiotics-perfectil-triple-action-peau-cheveux-et-ongles-30-comprimes-complements-alimentaires.jpg\",\"width\":700,\"height\":700},{\"@type\":\"BreadcrumbList\",\"@id\":\"https:\/\/paracherkaoui.ma\/index.php\/produit\/perfectil-triple-action-peau-cheveux-et-ongles-30-comprimes\/#breadcrumb\",\"itemListElement\":[{\"@type\":\"ListItem\",\"position\":1,\"name\":\"Accueil\",\"item\":\"https:\/\/paracherkaoui.ma\/\"},{\"@type\":\"ListItem\",\"position\":2,\"name\":\"Boutique\",\"item\":\"https:\/\/paracherkaoui.ma\/index.php\/boutique\/\"},{\"@type\":\"ListItem\",\"position\":3,\"name\":\"PERFECTIL TRIPLE ACTION PEAU CHEVEUX ET ONGLES 30 COMPRIMES\"}]},{\"@type\":\"WebSite\",\"@id\":\"https:\/\/paracherkaoui.ma\/#website\",\"url\":\"https:\/\/paracherkaoui.ma\/\",\"name\":\"Paracherkaoui.ma\",\"description\":\"Achetez en ligne sur Paracherkaoui.ma\",\"potentialAction\":[{\"@type\":\"SearchAction\",\"target\":{\"@type\":\"EntryPoint\",\"urlTemplate\":\"https:\/\/paracherkaoui.ma\/?s={search_term_string}\"},\"query-input\":{\"@type\":\"PropertyValueSpecification\",\"valueRequired\":true,\"valueName\":\"search_term_string\"}}],\"inLanguage\":\"fr-FR\"}]}<\/script>\r\n<!-- \/ Yoast SEO plugin. -->","yoast_head_json":{"title":"PERFECTIL TRIPLE ACTION PEAU CHEVEUX ET ONGLES 30 COMPRIMES - Paracherkaoui.ma","robots":{"index":"index","follow":"follow","max-snippet":"max-snippet:-1","max-image-preview":"max-image-preview:large","max-video-preview":"max-video-preview:-1"},"canonical":"https:\/\/paracherkaoui.ma\/index.php\/produit\/perfectil-triple-action-peau-cheveux-et-ongles-30-comprimes\/","og_locale":"fr_FR","og_type":"article","og_title":"PERFECTIL TRIPLE ACTION PEAU CHEVEUX ET ONGLES 30 COMPRIMES - Paracherkaoui.ma","og_description":"Nourrit et prot\u00e8ge de l&rsquo;int\u00e9rieur et fournit des micronutriments essentiels pour soutenir les \u00e9l\u00e9ments constitutifs de la peau, des cheveux","og_url":"https:\/\/paracherkaoui.ma\/index.php\/produit\/perfectil-triple-action-peau-cheveux-et-ongles-30-comprimes\/","og_site_name":"Paracherkaoui.ma","article_modified_time":"2026-04-23T02:48:18+00:00","og_image":[{"width":700,"height":700,"url":"https:\/\/paracherkaoui.ma\/wp-content\/uploads\/2025\/12\/vitabiotics-perfectil-triple-action-peau-cheveux-et-ongles-30-comprimes-complements-alimentaires.jpg","type":"image\/jpeg"}],"twitter_card":"summary_large_image","twitter_misc":{"Dur\u00e9e de lecture estim\u00e9e":"1 minute"},"schema":{"@context":"https:\/\/schema.org","@graph":[{"@type":"WebPage","@id":"https:\/\/paracherkaoui.ma\/index.php\/produit\/perfectil-triple-action-peau-cheveux-et-ongles-30-comprimes\/","url":"https:\/\/paracherkaoui.ma\/index.php\/produit\/perfectil-triple-action-peau-cheveux-et-ongles-30-comprimes\/","name":"PERFECTIL TRIPLE ACTION PEAU CHEVEUX ET ONGLES 30 COMPRIMES - Paracherkaoui.ma","isPartOf":{"@id":"https:\/\/paracherkaoui.ma\/#website"},"primaryImageOfPage":{"@id":"https:\/\/paracherkaoui.ma\/index.php\/produit\/perfectil-triple-action-peau-cheveux-et-ongles-30-comprimes\/#primaryimage"},"image":{"@id":"https:\/\/paracherkaoui.ma\/index.php\/produit\/perfectil-triple-action-peau-cheveux-et-ongles-30-comprimes\/#primaryimage"},"thumbnailUrl":"https:\/\/paracherkaoui.ma\/wp-content\/uploads\/2025\/12\/vitabiotics-perfectil-triple-action-peau-cheveux-et-ongles-30-comprimes-complements-alimentaires.jpg","datePublished":"2025-12-12T18:42:43+00:00","dateModified":"2026-04-23T02:48:18+00:00","breadcrumb":{"@id":"https:\/\/paracherkaoui.ma\/index.php\/produit\/perfectil-triple-action-peau-cheveux-et-ongles-30-comprimes\/#breadcrumb"},"inLanguage":"fr-FR","potentialAction":[{"@type":"ReadAction","target":["https:\/\/paracherkaoui.ma\/index.php\/produit\/perfectil-triple-action-peau-cheveux-et-ongles-30-comprimes\/"]}]},{"@type":"ImageObject","inLanguage":"fr-FR","@id":"https:\/\/paracherkaoui.ma\/index.php\/produit\/perfectil-triple-action-peau-cheveux-et-ongles-30-comprimes\/#primaryimage","url":"https:\/\/paracherkaoui.ma\/wp-content\/uploads\/2025\/12\/vitabiotics-perfectil-triple-action-peau-cheveux-et-ongles-30-comprimes-complements-alimentaires.jpg","contentUrl":"https:\/\/paracherkaoui.ma\/wp-content\/uploads\/2025\/12\/vitabiotics-perfectil-triple-action-peau-cheveux-et-ongles-30-comprimes-complements-alimentaires.jpg","width":700,"height":700},{"@type":"BreadcrumbList","@id":"https:\/\/paracherkaoui.ma\/index.php\/produit\/perfectil-triple-action-peau-cheveux-et-ongles-30-comprimes\/#breadcrumb","itemListElement":[{"@type":"ListItem","position":1,"name":"Accueil","item":"https:\/\/paracherkaoui.ma\/"},{"@type":"ListItem","position":2,"name":"Boutique","item":"https:\/\/paracherkaoui.ma\/index.php\/boutique\/"},{"@type":"ListItem","position":3,"name":"PERFECTIL TRIPLE ACTION PEAU CHEVEUX ET ONGLES 30 COMPRIMES"}]},{"@type":"WebSite","@id":"https:\/\/paracherkaoui.ma\/#website","url":"https:\/\/paracherkaoui.ma\/","name":"Paracherkaoui.ma","description":"Achetez en ligne sur Paracherkaoui.ma","potentialAction":[{"@type":"SearchAction","target":{"@type":"EntryPoint","urlTemplate":"https:\/\/paracherkaoui.ma\/?s={search_term_string}"},"query-input":{"@type":"PropertyValueSpecification","valueRequired":true,"valueName":"search_term_string"}}],"inLanguage":"fr-FR"}]}},"_links":{"self":[{"href":"https:\/\/paracherkaoui.ma\/index.php\/wp-json\/wp\/v2\/product\/55111","targetHints":{"allow":["GET"]}}],"collection":[{"href":"https:\/\/paracherkaoui.ma\/index.php\/wp-json\/wp\/v2\/product"}],"about":[{"href":"https:\/\/paracherkaoui.ma\/index.php\/wp-json\/wp\/v2\/types\/product"}],"replies":[{"embeddable":true,"href":"https:\/\/paracherkaoui.ma\/index.php\/wp-json\/wp\/v2\/comments?post=55111"}],"version-history":[{"count":2,"href":"https:\/\/paracherkaoui.ma\/index.php\/wp-json\/wp\/v2\/product\/55111\/revisions"}],"predecessor-version":[{"id":58822,"href":"https:\/\/paracherkaoui.ma\/index.php\/wp-json\/wp\/v2\/product\/55111\/revisions\/58822"}],"wp:featuredmedia":[{"embeddable":true,"href":"https:\/\/paracherkaoui.ma\/index.php\/wp-json\/wp\/v2\/media\/55149"}],"wp:attachment":[{"href":"https:\/\/paracherkaoui.ma\/index.php\/wp-json\/wp\/v2\/media?parent=55111"}],"wp:term":[{"taxonomy":"product_brand","embeddable":true,"href":"https:\/\/paracherkaoui.ma\/index.php\/wp-json\/wp\/v2\/product_brand?post=55111"},{"taxonomy":"product_cat","embeddable":true,"href":"https:\/\/paracherkaoui.ma\/index.php\/wp-json\/wp\/v2\/product_cat?post=55111"},{"taxonomy":"product_tag","embeddable":true,"href":"https:\/\/paracherkaoui.ma\/index.php\/wp-json\/wp\/v2\/product_tag?post=55111"}],"curies":[{"name":"wp","href":"https:\/\/api.w.org\/{rel}","templated":true}]}}