{"id":55109,"date":"2025-12-12T19:42:43","date_gmt":"2025-12-12T18:42:43","guid":{"rendered":"https:\/\/test.ecbeaute.com\/?post_type=product&#038;p=55109"},"modified":"2025-12-12T19:42:47","modified_gmt":"2025-12-12T18:42:47","slug":"neoselen-anti-oxydant-adultes-30-gelules","status":"publish","type":"product","link":"https:\/\/paracherkaoui.ma\/index.php\/produit\/neoselen-anti-oxydant-adultes-30-gelules\/","title":{"rendered":"NEOSELEN ANTI OXYDANT ADULTES 30 GELULES"},"content":{"rendered":"<p>S\u00e9l\u00e9nium, vitamines A, C, E, Om\u00e9gas 3 et 6.<br \/>\nAnti-oxydant, anti-radicallaire.<br \/>\nCompl\u00e9ment alimentaire.<br \/>\nNeoSelen est un suppl\u00e9ment nutritionnel d&rsquo;antioxydants (s\u00e9l\u00e9nium, vitamines A, C, E), riche en Om\u00e9ga 3 et Om\u00e9ga 6.<br \/>\nBien connu pour ses propri\u00e9t\u00e9s antioxydantes, de nombreuses \u00e9tudes cliniques ont prouv\u00e9 l&rsquo;efficacit\u00e9 de la combinaison de s\u00e9l\u00e9nium organique avec des vitamines A, C et E dans la protection des diff\u00e9rents syst\u00e8mes du corps contre le vieillissement cellulaire des tissus (articulations, des vaisseaux et la peau).<br \/>\nDe plus, les Omega 3 et Omega 6 exercent une action compl\u00e9mentaire, tous deux \u00e9tant indispensables au bien-\u00eatre de l&rsquo;organisme.<br \/>\nNeoSelen repr\u00e9sente une nouvelle g\u00e9n\u00e9ration d&rsquo;anti-oxydants. Ainsi, les extraits de poisson (om\u00e9ga 3) permettent de renforcer les effets positifs\u00a0 du s\u00e9l\u00e9nium et des vitamines A, C et E dans leur r\u00f4le de protection des syst\u00e8mes cardiovasculaire, articulaire et c\u00e9r\u00e9bral.<br \/>\nQuant aux om\u00e9ga-6, d&rsquo;origine v\u00e9g\u00e9tale (bourrache et onagre), ils renforcent l&rsquo;action protectrice du s\u00e9l\u00e9nium et des vitamines A, C et E vis \u00e0 vis de la fonction cutan\u00e9e et aident \u00e0 la protection contre le vieillissement pr\u00e9matur\u00e9 des cellules.<br \/>\nCette combinaison synergique est le fruit des \u00e9tudes les plus r\u00e9centes sur l&rsquo;alimentation et la sant\u00e9.<\/p>\n<p>NeoSelen est ainsi tout particuli\u00e8rement indiqu\u00e9 dans la lutte contre les effets nocifs et les exc\u00e8s de la vie moderne connus pour induire le vieillissement pr\u00e9matur\u00e9, tels que:<br \/>\n&#8211; Nutrition d\u00e9s\u00e9quilibr\u00e9e<br \/>\n&#8211; Pollution<br \/>\n&#8211; Stress<br \/>\n&#8211; Exposition au soleil<br \/>\n&#8211; Fumer et fumeurs<br \/>\nConseils d&rsquo;utilisation<br \/>\n1 g\u00e9lule par jour de pr\u00e9f\u00e9rence au petit d\u00e9jeuner, pendant 3 mois minimum.<br \/>\nCompl\u00e9ment alimentaire, ceci n&rsquo;est pas un m\u00e9dicament.<br \/>\nL&rsquo;utilisation de ce compl\u00e9ment alimentaire ne dispense pas d&rsquo;un r\u00e9gime alimentaire vari\u00e9.<br \/>\nTenir hors de port\u00e9e des enfants.<br \/>\nNe pas d\u00e9passer la dose journali\u00e8re recommand\u00e9e<\/p>\n","protected":false},"excerpt":{"rendered":"<p>S\u00e9l\u00e9nium, vitamines A, C, E, Om\u00e9gas 3 et 6. Anti-oxydant, anti-radicallaire. Compl\u00e9ment alimentaire. NeoSelen est un suppl\u00e9ment nutritionnel d&rsquo;antioxydants (s\u00e9l\u00e9nium,<\/p>\n","protected":false},"featured_media":55145,"comment_status":"open","ping_status":"closed","template":"","meta":[],"product_brand":[1065],"product_cat":[1060],"product_tag":[],"class_list":{"0":"post-55109","1":"product","2":"type-product","3":"status-publish","4":"has-post-thumbnail","6":"product_brand-neoselen","7":"product_cat-complements-alimentaires-anti-age","9":"first","10":"instock","11":"sale","12":"shipping-taxable","13":"purchasable","14":"product-type-simple"},"yoast_head":"<!-- This site is optimized with the Yoast SEO plugin v26.6 - https:\/\/yoast.com\/wordpress\/plugins\/seo\/ -->\r\n<title>NEOSELEN ANTI OXYDANT ADULTES 30 GELULES - Paracherkaoui.ma<\/title>\r\n<meta name=\"robots\" content=\"index, follow, max-snippet:-1, max-image-preview:large, max-video-preview:-1\" \/>\r\n<link rel=\"canonical\" href=\"https:\/\/paracherkaoui.ma\/index.php\/produit\/neoselen-anti-oxydant-adultes-30-gelules\/\" \/>\r\n<meta property=\"og:locale\" content=\"fr_FR\" \/>\r\n<meta property=\"og:type\" content=\"article\" \/>\r\n<meta property=\"og:title\" content=\"NEOSELEN ANTI OXYDANT ADULTES 30 GELULES - Paracherkaoui.ma\" \/>\r\n<meta property=\"og:description\" content=\"S\u00e9l\u00e9nium, vitamines A, C, E, Om\u00e9gas 3 et 6. Anti-oxydant, anti-radicallaire. Compl\u00e9ment alimentaire. NeoSelen est un suppl\u00e9ment nutritionnel d&rsquo;antioxydants (s\u00e9l\u00e9nium,\" \/>\r\n<meta property=\"og:url\" content=\"https:\/\/paracherkaoui.ma\/index.php\/produit\/neoselen-anti-oxydant-adultes-30-gelules\/\" \/>\r\n<meta property=\"og:site_name\" content=\"Paracherkaoui.ma\" \/>\r\n<meta property=\"article:modified_time\" content=\"2025-12-12T18:42:47+00:00\" \/>\r\n<meta property=\"og:image\" content=\"https:\/\/paracherkaoui.ma\/wp-content\/uploads\/2025\/12\/neoselen-neoselen-anti-oxydant-adultes-30-gelules-complements-anti-age.jpg\" \/>\r\n\t<meta property=\"og:image:width\" content=\"700\" \/>\r\n\t<meta property=\"og:image:height\" content=\"700\" \/>\r\n\t<meta property=\"og:image:type\" content=\"image\/jpeg\" \/>\r\n<meta name=\"twitter:card\" content=\"summary_large_image\" \/>\r\n<meta name=\"twitter:label1\" content=\"Dur\u00e9e de lecture estim\u00e9e\" \/>\n\t<meta name=\"twitter:data1\" content=\"2 minutes\" \/>\r\n<script type=\"application\/ld+json\" class=\"yoast-schema-graph\">{\"@context\":\"https:\/\/schema.org\",\"@graph\":[{\"@type\":\"WebPage\",\"@id\":\"https:\/\/paracherkaoui.ma\/index.php\/produit\/neoselen-anti-oxydant-adultes-30-gelules\/\",\"url\":\"https:\/\/paracherkaoui.ma\/index.php\/produit\/neoselen-anti-oxydant-adultes-30-gelules\/\",\"name\":\"NEOSELEN ANTI OXYDANT ADULTES 30 GELULES - Paracherkaoui.ma\",\"isPartOf\":{\"@id\":\"https:\/\/paracherkaoui.ma\/#website\"},\"primaryImageOfPage\":{\"@id\":\"https:\/\/paracherkaoui.ma\/index.php\/produit\/neoselen-anti-oxydant-adultes-30-gelules\/#primaryimage\"},\"image\":{\"@id\":\"https:\/\/paracherkaoui.ma\/index.php\/produit\/neoselen-anti-oxydant-adultes-30-gelules\/#primaryimage\"},\"thumbnailUrl\":\"https:\/\/paracherkaoui.ma\/wp-content\/uploads\/2025\/12\/neoselen-neoselen-anti-oxydant-adultes-30-gelules-complements-anti-age.jpg\",\"datePublished\":\"2025-12-12T18:42:43+00:00\",\"dateModified\":\"2025-12-12T18:42:47+00:00\",\"breadcrumb\":{\"@id\":\"https:\/\/paracherkaoui.ma\/index.php\/produit\/neoselen-anti-oxydant-adultes-30-gelules\/#breadcrumb\"},\"inLanguage\":\"fr-FR\",\"potentialAction\":[{\"@type\":\"ReadAction\",\"target\":[\"https:\/\/paracherkaoui.ma\/index.php\/produit\/neoselen-anti-oxydant-adultes-30-gelules\/\"]}]},{\"@type\":\"ImageObject\",\"inLanguage\":\"fr-FR\",\"@id\":\"https:\/\/paracherkaoui.ma\/index.php\/produit\/neoselen-anti-oxydant-adultes-30-gelules\/#primaryimage\",\"url\":\"https:\/\/paracherkaoui.ma\/wp-content\/uploads\/2025\/12\/neoselen-neoselen-anti-oxydant-adultes-30-gelules-complements-anti-age.jpg\",\"contentUrl\":\"https:\/\/paracherkaoui.ma\/wp-content\/uploads\/2025\/12\/neoselen-neoselen-anti-oxydant-adultes-30-gelules-complements-anti-age.jpg\",\"width\":700,\"height\":700},{\"@type\":\"BreadcrumbList\",\"@id\":\"https:\/\/paracherkaoui.ma\/index.php\/produit\/neoselen-anti-oxydant-adultes-30-gelules\/#breadcrumb\",\"itemListElement\":[{\"@type\":\"ListItem\",\"position\":1,\"name\":\"Accueil\",\"item\":\"https:\/\/paracherkaoui.ma\/\"},{\"@type\":\"ListItem\",\"position\":2,\"name\":\"Boutique\",\"item\":\"https:\/\/paracherkaoui.ma\/index.php\/boutique\/\"},{\"@type\":\"ListItem\",\"position\":3,\"name\":\"NEOSELEN ANTI OXYDANT ADULTES 30 GELULES\"}]},{\"@type\":\"WebSite\",\"@id\":\"https:\/\/paracherkaoui.ma\/#website\",\"url\":\"https:\/\/paracherkaoui.ma\/\",\"name\":\"Paracherkaoui.ma\",\"description\":\"Achetez en ligne sur Paracherkaoui.ma\",\"potentialAction\":[{\"@type\":\"SearchAction\",\"target\":{\"@type\":\"EntryPoint\",\"urlTemplate\":\"https:\/\/paracherkaoui.ma\/?s={search_term_string}\"},\"query-input\":{\"@type\":\"PropertyValueSpecification\",\"valueRequired\":true,\"valueName\":\"search_term_string\"}}],\"inLanguage\":\"fr-FR\"}]}<\/script>\r\n<!-- \/ Yoast SEO plugin. -->","yoast_head_json":{"title":"NEOSELEN ANTI OXYDANT ADULTES 30 GELULES - Paracherkaoui.ma","robots":{"index":"index","follow":"follow","max-snippet":"max-snippet:-1","max-image-preview":"max-image-preview:large","max-video-preview":"max-video-preview:-1"},"canonical":"https:\/\/paracherkaoui.ma\/index.php\/produit\/neoselen-anti-oxydant-adultes-30-gelules\/","og_locale":"fr_FR","og_type":"article","og_title":"NEOSELEN ANTI OXYDANT ADULTES 30 GELULES - Paracherkaoui.ma","og_description":"S\u00e9l\u00e9nium, vitamines A, C, E, Om\u00e9gas 3 et 6. Anti-oxydant, anti-radicallaire. Compl\u00e9ment alimentaire. NeoSelen est un suppl\u00e9ment nutritionnel d&rsquo;antioxydants (s\u00e9l\u00e9nium,","og_url":"https:\/\/paracherkaoui.ma\/index.php\/produit\/neoselen-anti-oxydant-adultes-30-gelules\/","og_site_name":"Paracherkaoui.ma","article_modified_time":"2025-12-12T18:42:47+00:00","og_image":[{"width":700,"height":700,"url":"https:\/\/paracherkaoui.ma\/wp-content\/uploads\/2025\/12\/neoselen-neoselen-anti-oxydant-adultes-30-gelules-complements-anti-age.jpg","type":"image\/jpeg"}],"twitter_card":"summary_large_image","twitter_misc":{"Dur\u00e9e de lecture estim\u00e9e":"2 minutes"},"schema":{"@context":"https:\/\/schema.org","@graph":[{"@type":"WebPage","@id":"https:\/\/paracherkaoui.ma\/index.php\/produit\/neoselen-anti-oxydant-adultes-30-gelules\/","url":"https:\/\/paracherkaoui.ma\/index.php\/produit\/neoselen-anti-oxydant-adultes-30-gelules\/","name":"NEOSELEN ANTI OXYDANT ADULTES 30 GELULES - Paracherkaoui.ma","isPartOf":{"@id":"https:\/\/paracherkaoui.ma\/#website"},"primaryImageOfPage":{"@id":"https:\/\/paracherkaoui.ma\/index.php\/produit\/neoselen-anti-oxydant-adultes-30-gelules\/#primaryimage"},"image":{"@id":"https:\/\/paracherkaoui.ma\/index.php\/produit\/neoselen-anti-oxydant-adultes-30-gelules\/#primaryimage"},"thumbnailUrl":"https:\/\/paracherkaoui.ma\/wp-content\/uploads\/2025\/12\/neoselen-neoselen-anti-oxydant-adultes-30-gelules-complements-anti-age.jpg","datePublished":"2025-12-12T18:42:43+00:00","dateModified":"2025-12-12T18:42:47+00:00","breadcrumb":{"@id":"https:\/\/paracherkaoui.ma\/index.php\/produit\/neoselen-anti-oxydant-adultes-30-gelules\/#breadcrumb"},"inLanguage":"fr-FR","potentialAction":[{"@type":"ReadAction","target":["https:\/\/paracherkaoui.ma\/index.php\/produit\/neoselen-anti-oxydant-adultes-30-gelules\/"]}]},{"@type":"ImageObject","inLanguage":"fr-FR","@id":"https:\/\/paracherkaoui.ma\/index.php\/produit\/neoselen-anti-oxydant-adultes-30-gelules\/#primaryimage","url":"https:\/\/paracherkaoui.ma\/wp-content\/uploads\/2025\/12\/neoselen-neoselen-anti-oxydant-adultes-30-gelules-complements-anti-age.jpg","contentUrl":"https:\/\/paracherkaoui.ma\/wp-content\/uploads\/2025\/12\/neoselen-neoselen-anti-oxydant-adultes-30-gelules-complements-anti-age.jpg","width":700,"height":700},{"@type":"BreadcrumbList","@id":"https:\/\/paracherkaoui.ma\/index.php\/produit\/neoselen-anti-oxydant-adultes-30-gelules\/#breadcrumb","itemListElement":[{"@type":"ListItem","position":1,"name":"Accueil","item":"https:\/\/paracherkaoui.ma\/"},{"@type":"ListItem","position":2,"name":"Boutique","item":"https:\/\/paracherkaoui.ma\/index.php\/boutique\/"},{"@type":"ListItem","position":3,"name":"NEOSELEN ANTI OXYDANT ADULTES 30 GELULES"}]},{"@type":"WebSite","@id":"https:\/\/paracherkaoui.ma\/#website","url":"https:\/\/paracherkaoui.ma\/","name":"Paracherkaoui.ma","description":"Achetez en ligne sur Paracherkaoui.ma","potentialAction":[{"@type":"SearchAction","target":{"@type":"EntryPoint","urlTemplate":"https:\/\/paracherkaoui.ma\/?s={search_term_string}"},"query-input":{"@type":"PropertyValueSpecification","valueRequired":true,"valueName":"search_term_string"}}],"inLanguage":"fr-FR"}]}},"_links":{"self":[{"href":"https:\/\/paracherkaoui.ma\/index.php\/wp-json\/wp\/v2\/product\/55109","targetHints":{"allow":["GET"]}}],"collection":[{"href":"https:\/\/paracherkaoui.ma\/index.php\/wp-json\/wp\/v2\/product"}],"about":[{"href":"https:\/\/paracherkaoui.ma\/index.php\/wp-json\/wp\/v2\/types\/product"}],"replies":[{"embeddable":true,"href":"https:\/\/paracherkaoui.ma\/index.php\/wp-json\/wp\/v2\/comments?post=55109"}],"version-history":[{"count":1,"href":"https:\/\/paracherkaoui.ma\/index.php\/wp-json\/wp\/v2\/product\/55109\/revisions"}],"predecessor-version":[{"id":55146,"href":"https:\/\/paracherkaoui.ma\/index.php\/wp-json\/wp\/v2\/product\/55109\/revisions\/55146"}],"wp:featuredmedia":[{"embeddable":true,"href":"https:\/\/paracherkaoui.ma\/index.php\/wp-json\/wp\/v2\/media\/55145"}],"wp:attachment":[{"href":"https:\/\/paracherkaoui.ma\/index.php\/wp-json\/wp\/v2\/media?parent=55109"}],"wp:term":[{"taxonomy":"product_brand","embeddable":true,"href":"https:\/\/paracherkaoui.ma\/index.php\/wp-json\/wp\/v2\/product_brand?post=55109"},{"taxonomy":"product_cat","embeddable":true,"href":"https:\/\/paracherkaoui.ma\/index.php\/wp-json\/wp\/v2\/product_cat?post=55109"},{"taxonomy":"product_tag","embeddable":true,"href":"https:\/\/paracherkaoui.ma\/index.php\/wp-json\/wp\/v2\/product_tag?post=55109"}],"curies":[{"name":"wp","href":"https:\/\/api.w.org\/{rel}","templated":true}]}}