{"id":54555,"date":"2025-12-12T19:41:17","date_gmt":"2025-12-12T18:41:17","guid":{"rendered":"https:\/\/test.ecbeaute.com\/?post_type=product&#038;p=54555"},"modified":"2025-12-12T19:41:25","modified_gmt":"2025-12-12T18:41:25","slug":"vertuplus-magnesium-marin-stress-et-fatigue-30-gelules","status":"publish","type":"product","link":"https:\/\/paracherkaoui.ma\/index.php\/produit\/vertuplus-magnesium-marin-stress-et-fatigue-30-gelules\/","title":{"rendered":"VERTUPLUS MAGNESIUM MARIN STRESS ET FATIGUE 30 GELULES"},"content":{"rendered":"<p>Gr\u00e2ce \u00e0 sa haute teneur en magn\u00e9sium, Vertuplus aide \u00e0 combattre la fatigue et \u00e0 restaurer votre \u00e9nergie. Le magn\u00e9sium et les vitamines B6 et B12 jouent un r\u00f4le crucial dans le maintien de fonctions neurologiques normales. Ces nutriments essentiels soutiennent \u00e9galement votre bien-\u00eatre mental en aidant \u00e0 r\u00e9guler l&rsquo;humeur et \u00e0 r\u00e9duire le stress. Le magn\u00e9sium contribue \u00e0 un m\u00e9tabolisme \u00e9nerg\u00e9tique normal, aidant votre corps \u00e0 convertir les aliments en \u00e9nergie de mani\u00e8re efficace. Les vitamines B6 et B12 renforcent \u00e9galement le syst\u00e8me immunitaire, aidant \u00e0 prot\u00e9ger votre corps contre les infections.<br \/>\nConseils d&rsquo;utilisation<br \/>\nPour obtenir les meilleurs r\u00e9sultats, il est recommand\u00e9 de prendre une g\u00e9lule de Vertuplus Magn\u00e9sium Marin par jour, de pr\u00e9f\u00e9rence le matin avec un grand verre d&rsquo;eau. Respectez la posologie indiqu\u00e9e et consultez un professionnel de la sant\u00e9 avant de commencer un nouveau compl\u00e9ment alimentaire, surtout si vous avez des conditions m\u00e9dicales pr\u00e9existantes ou si vous prenez d&rsquo;autres m\u00e9dicaments.<\/p>\n","protected":false},"excerpt":{"rendered":"<p>Gr\u00e2ce \u00e0 sa haute teneur en magn\u00e9sium, Vertuplus aide \u00e0 combattre la fatigue et \u00e0 restaurer votre \u00e9nergie. Le magn\u00e9sium<\/p>\n","protected":false},"featured_media":54610,"comment_status":"open","ping_status":"closed","template":"","meta":[],"product_brand":[1007],"product_cat":[1031],"product_tag":[],"class_list":{"0":"post-54555","1":"product","2":"type-product","3":"status-publish","4":"has-post-thumbnail","6":"product_brand-vertu-plus","7":"product_cat-vitamines-et-formes","9":"first","10":"instock","11":"sale","12":"shipping-taxable","13":"purchasable","14":"product-type-simple"},"yoast_head":"<!-- This site is optimized with the Yoast SEO plugin v26.6 - https:\/\/yoast.com\/wordpress\/plugins\/seo\/ -->\r\n<title>VERTUPLUS MAGNESIUM MARIN STRESS ET FATIGUE 30 GELULES - Paracherkaoui.ma<\/title>\r\n<meta name=\"robots\" content=\"index, follow, max-snippet:-1, max-image-preview:large, max-video-preview:-1\" \/>\r\n<link rel=\"canonical\" href=\"https:\/\/paracherkaoui.ma\/index.php\/produit\/vertuplus-magnesium-marin-stress-et-fatigue-30-gelules\/\" \/>\r\n<meta property=\"og:locale\" content=\"fr_FR\" \/>\r\n<meta property=\"og:type\" content=\"article\" \/>\r\n<meta property=\"og:title\" content=\"VERTUPLUS MAGNESIUM MARIN STRESS ET FATIGUE 30 GELULES - Paracherkaoui.ma\" \/>\r\n<meta property=\"og:description\" content=\"Gr\u00e2ce \u00e0 sa haute teneur en magn\u00e9sium, Vertuplus aide \u00e0 combattre la fatigue et \u00e0 restaurer votre \u00e9nergie. Le magn\u00e9sium\" \/>\r\n<meta property=\"og:url\" content=\"https:\/\/paracherkaoui.ma\/index.php\/produit\/vertuplus-magnesium-marin-stress-et-fatigue-30-gelules\/\" \/>\r\n<meta property=\"og:site_name\" content=\"Paracherkaoui.ma\" \/>\r\n<meta property=\"article:modified_time\" content=\"2025-12-12T18:41:25+00:00\" \/>\r\n<meta property=\"og:image\" content=\"https:\/\/paracherkaoui.ma\/wp-content\/uploads\/2025\/12\/vertuplus-vertuplus-magnesium-marin-stress-et-fatigue-30-gelules-vitamines-et-formes.jpg\" \/>\r\n\t<meta property=\"og:image:width\" content=\"700\" \/>\r\n\t<meta property=\"og:image:height\" content=\"700\" \/>\r\n\t<meta property=\"og:image:type\" content=\"image\/jpeg\" \/>\r\n<meta name=\"twitter:card\" content=\"summary_large_image\" \/>\r\n<meta name=\"twitter:label1\" content=\"Dur\u00e9e de lecture estim\u00e9e\" \/>\n\t<meta name=\"twitter:data1\" content=\"1 minute\" \/>\r\n<script type=\"application\/ld+json\" class=\"yoast-schema-graph\">{\"@context\":\"https:\/\/schema.org\",\"@graph\":[{\"@type\":\"WebPage\",\"@id\":\"https:\/\/paracherkaoui.ma\/index.php\/produit\/vertuplus-magnesium-marin-stress-et-fatigue-30-gelules\/\",\"url\":\"https:\/\/paracherkaoui.ma\/index.php\/produit\/vertuplus-magnesium-marin-stress-et-fatigue-30-gelules\/\",\"name\":\"VERTUPLUS MAGNESIUM MARIN STRESS ET FATIGUE 30 GELULES - Paracherkaoui.ma\",\"isPartOf\":{\"@id\":\"https:\/\/paracherkaoui.ma\/#website\"},\"primaryImageOfPage\":{\"@id\":\"https:\/\/paracherkaoui.ma\/index.php\/produit\/vertuplus-magnesium-marin-stress-et-fatigue-30-gelules\/#primaryimage\"},\"image\":{\"@id\":\"https:\/\/paracherkaoui.ma\/index.php\/produit\/vertuplus-magnesium-marin-stress-et-fatigue-30-gelules\/#primaryimage\"},\"thumbnailUrl\":\"https:\/\/paracherkaoui.ma\/wp-content\/uploads\/2025\/12\/vertuplus-vertuplus-magnesium-marin-stress-et-fatigue-30-gelules-vitamines-et-formes.jpg\",\"datePublished\":\"2025-12-12T18:41:17+00:00\",\"dateModified\":\"2025-12-12T18:41:25+00:00\",\"breadcrumb\":{\"@id\":\"https:\/\/paracherkaoui.ma\/index.php\/produit\/vertuplus-magnesium-marin-stress-et-fatigue-30-gelules\/#breadcrumb\"},\"inLanguage\":\"fr-FR\",\"potentialAction\":[{\"@type\":\"ReadAction\",\"target\":[\"https:\/\/paracherkaoui.ma\/index.php\/produit\/vertuplus-magnesium-marin-stress-et-fatigue-30-gelules\/\"]}]},{\"@type\":\"ImageObject\",\"inLanguage\":\"fr-FR\",\"@id\":\"https:\/\/paracherkaoui.ma\/index.php\/produit\/vertuplus-magnesium-marin-stress-et-fatigue-30-gelules\/#primaryimage\",\"url\":\"https:\/\/paracherkaoui.ma\/wp-content\/uploads\/2025\/12\/vertuplus-vertuplus-magnesium-marin-stress-et-fatigue-30-gelules-vitamines-et-formes.jpg\",\"contentUrl\":\"https:\/\/paracherkaoui.ma\/wp-content\/uploads\/2025\/12\/vertuplus-vertuplus-magnesium-marin-stress-et-fatigue-30-gelules-vitamines-et-formes.jpg\",\"width\":700,\"height\":700},{\"@type\":\"BreadcrumbList\",\"@id\":\"https:\/\/paracherkaoui.ma\/index.php\/produit\/vertuplus-magnesium-marin-stress-et-fatigue-30-gelules\/#breadcrumb\",\"itemListElement\":[{\"@type\":\"ListItem\",\"position\":1,\"name\":\"Accueil\",\"item\":\"https:\/\/paracherkaoui.ma\/\"},{\"@type\":\"ListItem\",\"position\":2,\"name\":\"Boutique\",\"item\":\"https:\/\/paracherkaoui.ma\/index.php\/boutique\/\"},{\"@type\":\"ListItem\",\"position\":3,\"name\":\"VERTUPLUS MAGNESIUM MARIN STRESS ET FATIGUE 30 GELULES\"}]},{\"@type\":\"WebSite\",\"@id\":\"https:\/\/paracherkaoui.ma\/#website\",\"url\":\"https:\/\/paracherkaoui.ma\/\",\"name\":\"Paracherkaoui.ma\",\"description\":\"Achetez en ligne sur Paracherkaoui.ma\",\"potentialAction\":[{\"@type\":\"SearchAction\",\"target\":{\"@type\":\"EntryPoint\",\"urlTemplate\":\"https:\/\/paracherkaoui.ma\/?s={search_term_string}\"},\"query-input\":{\"@type\":\"PropertyValueSpecification\",\"valueRequired\":true,\"valueName\":\"search_term_string\"}}],\"inLanguage\":\"fr-FR\"}]}<\/script>\r\n<!-- \/ Yoast SEO plugin. -->","yoast_head_json":{"title":"VERTUPLUS MAGNESIUM MARIN STRESS ET FATIGUE 30 GELULES - Paracherkaoui.ma","robots":{"index":"index","follow":"follow","max-snippet":"max-snippet:-1","max-image-preview":"max-image-preview:large","max-video-preview":"max-video-preview:-1"},"canonical":"https:\/\/paracherkaoui.ma\/index.php\/produit\/vertuplus-magnesium-marin-stress-et-fatigue-30-gelules\/","og_locale":"fr_FR","og_type":"article","og_title":"VERTUPLUS MAGNESIUM MARIN STRESS ET FATIGUE 30 GELULES - Paracherkaoui.ma","og_description":"Gr\u00e2ce \u00e0 sa haute teneur en magn\u00e9sium, Vertuplus aide \u00e0 combattre la fatigue et \u00e0 restaurer votre \u00e9nergie. Le magn\u00e9sium","og_url":"https:\/\/paracherkaoui.ma\/index.php\/produit\/vertuplus-magnesium-marin-stress-et-fatigue-30-gelules\/","og_site_name":"Paracherkaoui.ma","article_modified_time":"2025-12-12T18:41:25+00:00","og_image":[{"width":700,"height":700,"url":"https:\/\/paracherkaoui.ma\/wp-content\/uploads\/2025\/12\/vertuplus-vertuplus-magnesium-marin-stress-et-fatigue-30-gelules-vitamines-et-formes.jpg","type":"image\/jpeg"}],"twitter_card":"summary_large_image","twitter_misc":{"Dur\u00e9e de lecture estim\u00e9e":"1 minute"},"schema":{"@context":"https:\/\/schema.org","@graph":[{"@type":"WebPage","@id":"https:\/\/paracherkaoui.ma\/index.php\/produit\/vertuplus-magnesium-marin-stress-et-fatigue-30-gelules\/","url":"https:\/\/paracherkaoui.ma\/index.php\/produit\/vertuplus-magnesium-marin-stress-et-fatigue-30-gelules\/","name":"VERTUPLUS MAGNESIUM MARIN STRESS ET FATIGUE 30 GELULES - Paracherkaoui.ma","isPartOf":{"@id":"https:\/\/paracherkaoui.ma\/#website"},"primaryImageOfPage":{"@id":"https:\/\/paracherkaoui.ma\/index.php\/produit\/vertuplus-magnesium-marin-stress-et-fatigue-30-gelules\/#primaryimage"},"image":{"@id":"https:\/\/paracherkaoui.ma\/index.php\/produit\/vertuplus-magnesium-marin-stress-et-fatigue-30-gelules\/#primaryimage"},"thumbnailUrl":"https:\/\/paracherkaoui.ma\/wp-content\/uploads\/2025\/12\/vertuplus-vertuplus-magnesium-marin-stress-et-fatigue-30-gelules-vitamines-et-formes.jpg","datePublished":"2025-12-12T18:41:17+00:00","dateModified":"2025-12-12T18:41:25+00:00","breadcrumb":{"@id":"https:\/\/paracherkaoui.ma\/index.php\/produit\/vertuplus-magnesium-marin-stress-et-fatigue-30-gelules\/#breadcrumb"},"inLanguage":"fr-FR","potentialAction":[{"@type":"ReadAction","target":["https:\/\/paracherkaoui.ma\/index.php\/produit\/vertuplus-magnesium-marin-stress-et-fatigue-30-gelules\/"]}]},{"@type":"ImageObject","inLanguage":"fr-FR","@id":"https:\/\/paracherkaoui.ma\/index.php\/produit\/vertuplus-magnesium-marin-stress-et-fatigue-30-gelules\/#primaryimage","url":"https:\/\/paracherkaoui.ma\/wp-content\/uploads\/2025\/12\/vertuplus-vertuplus-magnesium-marin-stress-et-fatigue-30-gelules-vitamines-et-formes.jpg","contentUrl":"https:\/\/paracherkaoui.ma\/wp-content\/uploads\/2025\/12\/vertuplus-vertuplus-magnesium-marin-stress-et-fatigue-30-gelules-vitamines-et-formes.jpg","width":700,"height":700},{"@type":"BreadcrumbList","@id":"https:\/\/paracherkaoui.ma\/index.php\/produit\/vertuplus-magnesium-marin-stress-et-fatigue-30-gelules\/#breadcrumb","itemListElement":[{"@type":"ListItem","position":1,"name":"Accueil","item":"https:\/\/paracherkaoui.ma\/"},{"@type":"ListItem","position":2,"name":"Boutique","item":"https:\/\/paracherkaoui.ma\/index.php\/boutique\/"},{"@type":"ListItem","position":3,"name":"VERTUPLUS MAGNESIUM MARIN STRESS ET FATIGUE 30 GELULES"}]},{"@type":"WebSite","@id":"https:\/\/paracherkaoui.ma\/#website","url":"https:\/\/paracherkaoui.ma\/","name":"Paracherkaoui.ma","description":"Achetez en ligne sur Paracherkaoui.ma","potentialAction":[{"@type":"SearchAction","target":{"@type":"EntryPoint","urlTemplate":"https:\/\/paracherkaoui.ma\/?s={search_term_string}"},"query-input":{"@type":"PropertyValueSpecification","valueRequired":true,"valueName":"search_term_string"}}],"inLanguage":"fr-FR"}]}},"_links":{"self":[{"href":"https:\/\/paracherkaoui.ma\/index.php\/wp-json\/wp\/v2\/product\/54555","targetHints":{"allow":["GET"]}}],"collection":[{"href":"https:\/\/paracherkaoui.ma\/index.php\/wp-json\/wp\/v2\/product"}],"about":[{"href":"https:\/\/paracherkaoui.ma\/index.php\/wp-json\/wp\/v2\/types\/product"}],"replies":[{"embeddable":true,"href":"https:\/\/paracherkaoui.ma\/index.php\/wp-json\/wp\/v2\/comments?post=54555"}],"version-history":[{"count":1,"href":"https:\/\/paracherkaoui.ma\/index.php\/wp-json\/wp\/v2\/product\/54555\/revisions"}],"predecessor-version":[{"id":54611,"href":"https:\/\/paracherkaoui.ma\/index.php\/wp-json\/wp\/v2\/product\/54555\/revisions\/54611"}],"wp:featuredmedia":[{"embeddable":true,"href":"https:\/\/paracherkaoui.ma\/index.php\/wp-json\/wp\/v2\/media\/54610"}],"wp:attachment":[{"href":"https:\/\/paracherkaoui.ma\/index.php\/wp-json\/wp\/v2\/media?parent=54555"}],"wp:term":[{"taxonomy":"product_brand","embeddable":true,"href":"https:\/\/paracherkaoui.ma\/index.php\/wp-json\/wp\/v2\/product_brand?post=54555"},{"taxonomy":"product_cat","embeddable":true,"href":"https:\/\/paracherkaoui.ma\/index.php\/wp-json\/wp\/v2\/product_cat?post=54555"},{"taxonomy":"product_tag","embeddable":true,"href":"https:\/\/paracherkaoui.ma\/index.php\/wp-json\/wp\/v2\/product_tag?post=54555"}],"curies":[{"name":"wp","href":"https:\/\/api.w.org\/{rel}","templated":true}]}}