{"id":54540,"date":"2025-12-12T19:41:16","date_gmt":"2025-12-12T18:41:16","guid":{"rendered":"https:\/\/test.ecbeaute.com\/?post_type=product&#038;p=54540"},"modified":"2025-12-12T19:41:21","modified_gmt":"2025-12-12T18:41:21","slug":"nutrimax-spiruline-100-bio-120-g-microgranules-tonus-et-vitalite","status":"publish","type":"product","link":"https:\/\/paracherkaoui.ma\/index.php\/produit\/nutrimax-spiruline-100-bio-120-g-microgranules-tonus-et-vitalite\/","title":{"rendered":"NUTRIMAX SPIRULINE 100% BIO 120 G MICROGRANULES TONUS ET VITALIT\u00c9"},"content":{"rendered":"<p>La Spiruline est un miraculeux super-aliment regorgeant de qualit\u00e9s nutritives exceptionnelles, hautement assimilables par l\u2019organisme.<br \/>\nNUTRIMAX Spiruline Bio est un compl\u00e9ment alimentaire \u00e0 base de Spiruline certifi\u00e9e Bio, cultiv\u00e9e dans la for\u00eat de Ben Abid \u00e0 proximit\u00e9 des c\u00f4tes atlantiques du Maroc, r\u00e9gion r\u00e9put\u00e9e pour son climat doux et ensoleill\u00e9.<br \/>\nTONIFIE VOTRE CORPS ET FACILITE L&rsquo;EFFORT SPORTIF<br \/>\nNUTRIMAX Spiruline Bio contient les vitamines du groupe B, principalement B2 et B12 appel\u00e9s \u00ab\u00a0Les Vitamines du Tonus\u00a0\u00bb ou encore B1, B3, B5, B6 et B9, permettant la synth\u00e8se de l&rsquo;ADN, des globules rouges et la my\u00e9linisation.<br \/>\nACTIVE VOTRE SYST\u00c8ME DE D\u00c9FENSE NATURELLE ET RENFORCE LA R\u00c9SISTANCE DE VOTRE ORGANISME<br \/>\nNUTRIMAX Spiruline Bio contient de la \u00ab\u00a0Phycocyanine\u00a0\u00bb, puissant anti-oxydant dont le pouvoir anti-radicalaire est scientifiquement prouv\u00e9, de la chlorophylle et de la SOD (superoxyde dismutase), connus pour leur effet facilitateur biologique.<br \/>\nConseils d&rsquo;utilisation:<br \/>\nPrendre une cuiller\u00e9e \u00e0 caf\u00e9 (2 \u00e0 3 g) par jour avec un verre d&rsquo;eau<\/p>\n","protected":false},"excerpt":{"rendered":"<p>La Spiruline est un miraculeux super-aliment regorgeant de qualit\u00e9s nutritives exceptionnelles, hautement assimilables par l\u2019organisme. NUTRIMAX Spiruline Bio est un<\/p>\n","protected":false},"featured_media":54580,"comment_status":"open","ping_status":"closed","template":"","meta":[],"product_brand":[1008],"product_cat":[1031],"product_tag":[],"class_list":{"0":"post-54540","1":"product","2":"type-product","3":"status-publish","4":"has-post-thumbnail","6":"product_brand-nutrimax","7":"product_cat-vitamines-et-formes","9":"first","10":"instock","11":"sale","12":"shipping-taxable","13":"purchasable","14":"product-type-simple"},"yoast_head":"<!-- This site is optimized with the Yoast SEO plugin v26.6 - https:\/\/yoast.com\/wordpress\/plugins\/seo\/ -->\r\n<title>NUTRIMAX SPIRULINE 100% BIO 120 G MICROGRANULES TONUS ET VITALIT\u00c9 - Paracherkaoui.ma<\/title>\r\n<meta name=\"robots\" content=\"index, follow, max-snippet:-1, max-image-preview:large, max-video-preview:-1\" \/>\r\n<link rel=\"canonical\" href=\"https:\/\/paracherkaoui.ma\/index.php\/produit\/nutrimax-spiruline-100-bio-120-g-microgranules-tonus-et-vitalite\/\" \/>\r\n<meta property=\"og:locale\" content=\"fr_FR\" \/>\r\n<meta property=\"og:type\" content=\"article\" \/>\r\n<meta property=\"og:title\" content=\"NUTRIMAX SPIRULINE 100% BIO 120 G MICROGRANULES TONUS ET VITALIT\u00c9 - Paracherkaoui.ma\" \/>\r\n<meta property=\"og:description\" content=\"La Spiruline est un miraculeux super-aliment regorgeant de qualit\u00e9s nutritives exceptionnelles, hautement assimilables par l\u2019organisme. NUTRIMAX Spiruline Bio est un\" \/>\r\n<meta property=\"og:url\" content=\"https:\/\/paracherkaoui.ma\/index.php\/produit\/nutrimax-spiruline-100-bio-120-g-microgranules-tonus-et-vitalite\/\" \/>\r\n<meta property=\"og:site_name\" content=\"Paracherkaoui.ma\" \/>\r\n<meta property=\"article:modified_time\" content=\"2025-12-12T18:41:21+00:00\" \/>\r\n<meta property=\"og:image\" content=\"https:\/\/paracherkaoui.ma\/wp-content\/uploads\/2025\/12\/nutrimax-nutrimax-spiruline-100-bio-120-g-microgranules-tonus-et-vitalite-complements-alimentaires.jpg\" \/>\r\n\t<meta property=\"og:image:width\" content=\"700\" \/>\r\n\t<meta property=\"og:image:height\" content=\"700\" \/>\r\n\t<meta property=\"og:image:type\" content=\"image\/jpeg\" \/>\r\n<meta name=\"twitter:card\" content=\"summary_large_image\" \/>\r\n<meta name=\"twitter:label1\" content=\"Dur\u00e9e de lecture estim\u00e9e\" \/>\n\t<meta name=\"twitter:data1\" content=\"1 minute\" \/>\r\n<script type=\"application\/ld+json\" class=\"yoast-schema-graph\">{\"@context\":\"https:\/\/schema.org\",\"@graph\":[{\"@type\":\"WebPage\",\"@id\":\"https:\/\/paracherkaoui.ma\/index.php\/produit\/nutrimax-spiruline-100-bio-120-g-microgranules-tonus-et-vitalite\/\",\"url\":\"https:\/\/paracherkaoui.ma\/index.php\/produit\/nutrimax-spiruline-100-bio-120-g-microgranules-tonus-et-vitalite\/\",\"name\":\"NUTRIMAX SPIRULINE 100% BIO 120 G MICROGRANULES TONUS ET VITALIT\u00c9 - Paracherkaoui.ma\",\"isPartOf\":{\"@id\":\"https:\/\/paracherkaoui.ma\/#website\"},\"primaryImageOfPage\":{\"@id\":\"https:\/\/paracherkaoui.ma\/index.php\/produit\/nutrimax-spiruline-100-bio-120-g-microgranules-tonus-et-vitalite\/#primaryimage\"},\"image\":{\"@id\":\"https:\/\/paracherkaoui.ma\/index.php\/produit\/nutrimax-spiruline-100-bio-120-g-microgranules-tonus-et-vitalite\/#primaryimage\"},\"thumbnailUrl\":\"https:\/\/paracherkaoui.ma\/wp-content\/uploads\/2025\/12\/nutrimax-nutrimax-spiruline-100-bio-120-g-microgranules-tonus-et-vitalite-complements-alimentaires.jpg\",\"datePublished\":\"2025-12-12T18:41:16+00:00\",\"dateModified\":\"2025-12-12T18:41:21+00:00\",\"breadcrumb\":{\"@id\":\"https:\/\/paracherkaoui.ma\/index.php\/produit\/nutrimax-spiruline-100-bio-120-g-microgranules-tonus-et-vitalite\/#breadcrumb\"},\"inLanguage\":\"fr-FR\",\"potentialAction\":[{\"@type\":\"ReadAction\",\"target\":[\"https:\/\/paracherkaoui.ma\/index.php\/produit\/nutrimax-spiruline-100-bio-120-g-microgranules-tonus-et-vitalite\/\"]}]},{\"@type\":\"ImageObject\",\"inLanguage\":\"fr-FR\",\"@id\":\"https:\/\/paracherkaoui.ma\/index.php\/produit\/nutrimax-spiruline-100-bio-120-g-microgranules-tonus-et-vitalite\/#primaryimage\",\"url\":\"https:\/\/paracherkaoui.ma\/wp-content\/uploads\/2025\/12\/nutrimax-nutrimax-spiruline-100-bio-120-g-microgranules-tonus-et-vitalite-complements-alimentaires.jpg\",\"contentUrl\":\"https:\/\/paracherkaoui.ma\/wp-content\/uploads\/2025\/12\/nutrimax-nutrimax-spiruline-100-bio-120-g-microgranules-tonus-et-vitalite-complements-alimentaires.jpg\",\"width\":700,\"height\":700},{\"@type\":\"BreadcrumbList\",\"@id\":\"https:\/\/paracherkaoui.ma\/index.php\/produit\/nutrimax-spiruline-100-bio-120-g-microgranules-tonus-et-vitalite\/#breadcrumb\",\"itemListElement\":[{\"@type\":\"ListItem\",\"position\":1,\"name\":\"Accueil\",\"item\":\"https:\/\/paracherkaoui.ma\/\"},{\"@type\":\"ListItem\",\"position\":2,\"name\":\"Boutique\",\"item\":\"https:\/\/paracherkaoui.ma\/index.php\/boutique\/\"},{\"@type\":\"ListItem\",\"position\":3,\"name\":\"NUTRIMAX SPIRULINE 100% BIO 120 G MICROGRANULES TONUS ET VITALIT\u00c9\"}]},{\"@type\":\"WebSite\",\"@id\":\"https:\/\/paracherkaoui.ma\/#website\",\"url\":\"https:\/\/paracherkaoui.ma\/\",\"name\":\"Paracherkaoui.ma\",\"description\":\"Achetez en ligne sur Paracherkaoui.ma\",\"potentialAction\":[{\"@type\":\"SearchAction\",\"target\":{\"@type\":\"EntryPoint\",\"urlTemplate\":\"https:\/\/paracherkaoui.ma\/?s={search_term_string}\"},\"query-input\":{\"@type\":\"PropertyValueSpecification\",\"valueRequired\":true,\"valueName\":\"search_term_string\"}}],\"inLanguage\":\"fr-FR\"}]}<\/script>\r\n<!-- \/ Yoast SEO plugin. -->","yoast_head_json":{"title":"NUTRIMAX SPIRULINE 100% BIO 120 G MICROGRANULES TONUS ET VITALIT\u00c9 - Paracherkaoui.ma","robots":{"index":"index","follow":"follow","max-snippet":"max-snippet:-1","max-image-preview":"max-image-preview:large","max-video-preview":"max-video-preview:-1"},"canonical":"https:\/\/paracherkaoui.ma\/index.php\/produit\/nutrimax-spiruline-100-bio-120-g-microgranules-tonus-et-vitalite\/","og_locale":"fr_FR","og_type":"article","og_title":"NUTRIMAX SPIRULINE 100% BIO 120 G MICROGRANULES TONUS ET VITALIT\u00c9 - Paracherkaoui.ma","og_description":"La Spiruline est un miraculeux super-aliment regorgeant de qualit\u00e9s nutritives exceptionnelles, hautement assimilables par l\u2019organisme. NUTRIMAX Spiruline Bio est un","og_url":"https:\/\/paracherkaoui.ma\/index.php\/produit\/nutrimax-spiruline-100-bio-120-g-microgranules-tonus-et-vitalite\/","og_site_name":"Paracherkaoui.ma","article_modified_time":"2025-12-12T18:41:21+00:00","og_image":[{"width":700,"height":700,"url":"https:\/\/paracherkaoui.ma\/wp-content\/uploads\/2025\/12\/nutrimax-nutrimax-spiruline-100-bio-120-g-microgranules-tonus-et-vitalite-complements-alimentaires.jpg","type":"image\/jpeg"}],"twitter_card":"summary_large_image","twitter_misc":{"Dur\u00e9e de lecture estim\u00e9e":"1 minute"},"schema":{"@context":"https:\/\/schema.org","@graph":[{"@type":"WebPage","@id":"https:\/\/paracherkaoui.ma\/index.php\/produit\/nutrimax-spiruline-100-bio-120-g-microgranules-tonus-et-vitalite\/","url":"https:\/\/paracherkaoui.ma\/index.php\/produit\/nutrimax-spiruline-100-bio-120-g-microgranules-tonus-et-vitalite\/","name":"NUTRIMAX SPIRULINE 100% BIO 120 G MICROGRANULES TONUS ET VITALIT\u00c9 - Paracherkaoui.ma","isPartOf":{"@id":"https:\/\/paracherkaoui.ma\/#website"},"primaryImageOfPage":{"@id":"https:\/\/paracherkaoui.ma\/index.php\/produit\/nutrimax-spiruline-100-bio-120-g-microgranules-tonus-et-vitalite\/#primaryimage"},"image":{"@id":"https:\/\/paracherkaoui.ma\/index.php\/produit\/nutrimax-spiruline-100-bio-120-g-microgranules-tonus-et-vitalite\/#primaryimage"},"thumbnailUrl":"https:\/\/paracherkaoui.ma\/wp-content\/uploads\/2025\/12\/nutrimax-nutrimax-spiruline-100-bio-120-g-microgranules-tonus-et-vitalite-complements-alimentaires.jpg","datePublished":"2025-12-12T18:41:16+00:00","dateModified":"2025-12-12T18:41:21+00:00","breadcrumb":{"@id":"https:\/\/paracherkaoui.ma\/index.php\/produit\/nutrimax-spiruline-100-bio-120-g-microgranules-tonus-et-vitalite\/#breadcrumb"},"inLanguage":"fr-FR","potentialAction":[{"@type":"ReadAction","target":["https:\/\/paracherkaoui.ma\/index.php\/produit\/nutrimax-spiruline-100-bio-120-g-microgranules-tonus-et-vitalite\/"]}]},{"@type":"ImageObject","inLanguage":"fr-FR","@id":"https:\/\/paracherkaoui.ma\/index.php\/produit\/nutrimax-spiruline-100-bio-120-g-microgranules-tonus-et-vitalite\/#primaryimage","url":"https:\/\/paracherkaoui.ma\/wp-content\/uploads\/2025\/12\/nutrimax-nutrimax-spiruline-100-bio-120-g-microgranules-tonus-et-vitalite-complements-alimentaires.jpg","contentUrl":"https:\/\/paracherkaoui.ma\/wp-content\/uploads\/2025\/12\/nutrimax-nutrimax-spiruline-100-bio-120-g-microgranules-tonus-et-vitalite-complements-alimentaires.jpg","width":700,"height":700},{"@type":"BreadcrumbList","@id":"https:\/\/paracherkaoui.ma\/index.php\/produit\/nutrimax-spiruline-100-bio-120-g-microgranules-tonus-et-vitalite\/#breadcrumb","itemListElement":[{"@type":"ListItem","position":1,"name":"Accueil","item":"https:\/\/paracherkaoui.ma\/"},{"@type":"ListItem","position":2,"name":"Boutique","item":"https:\/\/paracherkaoui.ma\/index.php\/boutique\/"},{"@type":"ListItem","position":3,"name":"NUTRIMAX SPIRULINE 100% BIO 120 G MICROGRANULES TONUS ET VITALIT\u00c9"}]},{"@type":"WebSite","@id":"https:\/\/paracherkaoui.ma\/#website","url":"https:\/\/paracherkaoui.ma\/","name":"Paracherkaoui.ma","description":"Achetez en ligne sur Paracherkaoui.ma","potentialAction":[{"@type":"SearchAction","target":{"@type":"EntryPoint","urlTemplate":"https:\/\/paracherkaoui.ma\/?s={search_term_string}"},"query-input":{"@type":"PropertyValueSpecification","valueRequired":true,"valueName":"search_term_string"}}],"inLanguage":"fr-FR"}]}},"_links":{"self":[{"href":"https:\/\/paracherkaoui.ma\/index.php\/wp-json\/wp\/v2\/product\/54540","targetHints":{"allow":["GET"]}}],"collection":[{"href":"https:\/\/paracherkaoui.ma\/index.php\/wp-json\/wp\/v2\/product"}],"about":[{"href":"https:\/\/paracherkaoui.ma\/index.php\/wp-json\/wp\/v2\/types\/product"}],"replies":[{"embeddable":true,"href":"https:\/\/paracherkaoui.ma\/index.php\/wp-json\/wp\/v2\/comments?post=54540"}],"version-history":[{"count":1,"href":"https:\/\/paracherkaoui.ma\/index.php\/wp-json\/wp\/v2\/product\/54540\/revisions"}],"predecessor-version":[{"id":54581,"href":"https:\/\/paracherkaoui.ma\/index.php\/wp-json\/wp\/v2\/product\/54540\/revisions\/54581"}],"wp:featuredmedia":[{"embeddable":true,"href":"https:\/\/paracherkaoui.ma\/index.php\/wp-json\/wp\/v2\/media\/54580"}],"wp:attachment":[{"href":"https:\/\/paracherkaoui.ma\/index.php\/wp-json\/wp\/v2\/media?parent=54540"}],"wp:term":[{"taxonomy":"product_brand","embeddable":true,"href":"https:\/\/paracherkaoui.ma\/index.php\/wp-json\/wp\/v2\/product_brand?post=54540"},{"taxonomy":"product_cat","embeddable":true,"href":"https:\/\/paracherkaoui.ma\/index.php\/wp-json\/wp\/v2\/product_cat?post=54540"},{"taxonomy":"product_tag","embeddable":true,"href":"https:\/\/paracherkaoui.ma\/index.php\/wp-json\/wp\/v2\/product_tag?post=54540"}],"curies":[{"name":"wp","href":"https:\/\/api.w.org\/{rel}","templated":true}]}}