{"id":52793,"date":"2025-12-12T19:37:05","date_gmt":"2025-12-12T18:37:05","guid":{"rendered":"https:\/\/test.ecbeaute.com\/?post_type=product&#038;p=52793"},"modified":"2025-12-12T19:37:09","modified_gmt":"2025-12-12T18:37:09","slug":"locamed-pilulier-semainier-a-bouton-poussoir","status":"publish","type":"product","link":"https:\/\/paracherkaoui.ma\/index.php\/produit\/locamed-pilulier-semainier-a-bouton-poussoir\/","title":{"rendered":"LOCAMED PILULIER SEMAINIER A BOUTON POUSSOIR"},"content":{"rendered":"<p>Gr\u00e2ce \u00e0 sa structure semaini\u00e8re intelligente, vous planifiez vos prises pendant sept jours en toute s\u00e9r\u00e9nit\u00e9. Chaque compartiment est s\u00e9par\u00e9, herm\u00e9tique et facile d\u2019acc\u00e8s, ce qui pr\u00e9vient les d\u00e9versements accidentels et garde vos comprim\u00e9s \u00e0 l\u2019abri de l\u2019humidit\u00e9.<br \/>\nLa bo\u00eete translucide vous permet de voir d\u2019un simple coup d\u2019\u0153il si vous avez bien pris votre dose journali\u00e8re. Un simple bouton poussoir vous donne un acc\u00e8s rapide et sans effort \u00e0 chaque case, id\u00e9al pour les personnes \u00e2g\u00e9es, \u00e0 mobilit\u00e9 r\u00e9duite ou souffrant d\u2019arthrite.<br \/>\nCompact et robuste, ce pilulier s\u2019int\u00e8gre facilement dans votre sac ou tiroir, tout en garantissant une organisation parfaite de vos m\u00e9dicaments. Il vous aide \u00e0 garder le cap sur votre traitement et \u00e0 renforcer votre autonomie, sans stress ni confusion.<br \/>\nConseils d&rsquo;utilisation :<br \/>\nRemplir les compartiments en d\u00e9but de semaine selon la posologie.<br \/>\nAppuyer sur le bouton poussoir pour ouvrir chaque case.<br \/>\nConserver dans un endroit sec \u00e0 l\u2019abri de la lumi\u00e8re.<br \/>\nNettoyer les compartiments avec un chiffon doux si n\u00e9cessaire.<br \/>\nTenir hors de port\u00e9e des enfants.<\/p>\n","protected":false},"excerpt":{"rendered":"<p>Gr\u00e2ce \u00e0 sa structure semaini\u00e8re intelligente, vous planifiez vos prises pendant sept jours en toute s\u00e9r\u00e9nit\u00e9. Chaque compartiment est s\u00e9par\u00e9,<\/p>\n","protected":false},"featured_media":52831,"comment_status":"open","ping_status":"closed","template":"","meta":[],"product_brand":[952],"product_cat":[1013],"product_tag":[],"class_list":{"0":"post-52793","1":"product","2":"type-product","3":"status-publish","4":"has-post-thumbnail","6":"product_brand-locamed","7":"product_cat-accessoires-de-sante","9":"first","10":"instock","11":"shipping-taxable","12":"purchasable","13":"product-type-simple"},"yoast_head":"<!-- This site is optimized with the Yoast SEO plugin v26.6 - https:\/\/yoast.com\/wordpress\/plugins\/seo\/ -->\r\n<title>LOCAMED PILULIER SEMAINIER A BOUTON POUSSOIR - Paracherkaoui.ma<\/title>\r\n<meta name=\"robots\" content=\"index, follow, max-snippet:-1, max-image-preview:large, max-video-preview:-1\" \/>\r\n<link rel=\"canonical\" href=\"https:\/\/paracherkaoui.ma\/index.php\/produit\/locamed-pilulier-semainier-a-bouton-poussoir\/\" \/>\r\n<meta property=\"og:locale\" content=\"fr_FR\" \/>\r\n<meta property=\"og:type\" content=\"article\" \/>\r\n<meta property=\"og:title\" content=\"LOCAMED PILULIER SEMAINIER A BOUTON POUSSOIR - Paracherkaoui.ma\" \/>\r\n<meta property=\"og:description\" content=\"Gr\u00e2ce \u00e0 sa structure semaini\u00e8re intelligente, vous planifiez vos prises pendant sept jours en toute s\u00e9r\u00e9nit\u00e9. Chaque compartiment est s\u00e9par\u00e9,\" \/>\r\n<meta property=\"og:url\" content=\"https:\/\/paracherkaoui.ma\/index.php\/produit\/locamed-pilulier-semainier-a-bouton-poussoir\/\" \/>\r\n<meta property=\"og:site_name\" content=\"Paracherkaoui.ma\" \/>\r\n<meta property=\"article:modified_time\" content=\"2025-12-12T18:37:09+00:00\" \/>\r\n<meta property=\"og:image\" content=\"https:\/\/paracherkaoui.ma\/wp-content\/uploads\/2025\/12\/locamed-pilulier-semainier-a-bouton-poussoir.jpg\" \/>\r\n\t<meta property=\"og:image:width\" content=\"700\" \/>\r\n\t<meta property=\"og:image:height\" content=\"700\" \/>\r\n\t<meta property=\"og:image:type\" content=\"image\/jpeg\" \/>\r\n<meta name=\"twitter:card\" content=\"summary_large_image\" \/>\r\n<meta name=\"twitter:label1\" content=\"Dur\u00e9e de lecture estim\u00e9e\" \/>\n\t<meta name=\"twitter:data1\" content=\"1 minute\" \/>\r\n<script type=\"application\/ld+json\" class=\"yoast-schema-graph\">{\"@context\":\"https:\/\/schema.org\",\"@graph\":[{\"@type\":\"WebPage\",\"@id\":\"https:\/\/paracherkaoui.ma\/index.php\/produit\/locamed-pilulier-semainier-a-bouton-poussoir\/\",\"url\":\"https:\/\/paracherkaoui.ma\/index.php\/produit\/locamed-pilulier-semainier-a-bouton-poussoir\/\",\"name\":\"LOCAMED PILULIER SEMAINIER A BOUTON POUSSOIR - Paracherkaoui.ma\",\"isPartOf\":{\"@id\":\"https:\/\/paracherkaoui.ma\/#website\"},\"primaryImageOfPage\":{\"@id\":\"https:\/\/paracherkaoui.ma\/index.php\/produit\/locamed-pilulier-semainier-a-bouton-poussoir\/#primaryimage\"},\"image\":{\"@id\":\"https:\/\/paracherkaoui.ma\/index.php\/produit\/locamed-pilulier-semainier-a-bouton-poussoir\/#primaryimage\"},\"thumbnailUrl\":\"https:\/\/paracherkaoui.ma\/wp-content\/uploads\/2025\/12\/locamed-pilulier-semainier-a-bouton-poussoir.jpg\",\"datePublished\":\"2025-12-12T18:37:05+00:00\",\"dateModified\":\"2025-12-12T18:37:09+00:00\",\"breadcrumb\":{\"@id\":\"https:\/\/paracherkaoui.ma\/index.php\/produit\/locamed-pilulier-semainier-a-bouton-poussoir\/#breadcrumb\"},\"inLanguage\":\"fr-FR\",\"potentialAction\":[{\"@type\":\"ReadAction\",\"target\":[\"https:\/\/paracherkaoui.ma\/index.php\/produit\/locamed-pilulier-semainier-a-bouton-poussoir\/\"]}]},{\"@type\":\"ImageObject\",\"inLanguage\":\"fr-FR\",\"@id\":\"https:\/\/paracherkaoui.ma\/index.php\/produit\/locamed-pilulier-semainier-a-bouton-poussoir\/#primaryimage\",\"url\":\"https:\/\/paracherkaoui.ma\/wp-content\/uploads\/2025\/12\/locamed-pilulier-semainier-a-bouton-poussoir.jpg\",\"contentUrl\":\"https:\/\/paracherkaoui.ma\/wp-content\/uploads\/2025\/12\/locamed-pilulier-semainier-a-bouton-poussoir.jpg\",\"width\":700,\"height\":700},{\"@type\":\"BreadcrumbList\",\"@id\":\"https:\/\/paracherkaoui.ma\/index.php\/produit\/locamed-pilulier-semainier-a-bouton-poussoir\/#breadcrumb\",\"itemListElement\":[{\"@type\":\"ListItem\",\"position\":1,\"name\":\"Accueil\",\"item\":\"https:\/\/paracherkaoui.ma\/\"},{\"@type\":\"ListItem\",\"position\":2,\"name\":\"Boutique\",\"item\":\"https:\/\/paracherkaoui.ma\/index.php\/boutique\/\"},{\"@type\":\"ListItem\",\"position\":3,\"name\":\"LOCAMED PILULIER SEMAINIER A BOUTON POUSSOIR\"}]},{\"@type\":\"WebSite\",\"@id\":\"https:\/\/paracherkaoui.ma\/#website\",\"url\":\"https:\/\/paracherkaoui.ma\/\",\"name\":\"Paracherkaoui.ma\",\"description\":\"Achetez en ligne sur Paracherkaoui.ma\",\"potentialAction\":[{\"@type\":\"SearchAction\",\"target\":{\"@type\":\"EntryPoint\",\"urlTemplate\":\"https:\/\/paracherkaoui.ma\/?s={search_term_string}\"},\"query-input\":{\"@type\":\"PropertyValueSpecification\",\"valueRequired\":true,\"valueName\":\"search_term_string\"}}],\"inLanguage\":\"fr-FR\"}]}<\/script>\r\n<!-- \/ Yoast SEO plugin. -->","yoast_head_json":{"title":"LOCAMED PILULIER SEMAINIER A BOUTON POUSSOIR - Paracherkaoui.ma","robots":{"index":"index","follow":"follow","max-snippet":"max-snippet:-1","max-image-preview":"max-image-preview:large","max-video-preview":"max-video-preview:-1"},"canonical":"https:\/\/paracherkaoui.ma\/index.php\/produit\/locamed-pilulier-semainier-a-bouton-poussoir\/","og_locale":"fr_FR","og_type":"article","og_title":"LOCAMED PILULIER SEMAINIER A BOUTON POUSSOIR - Paracherkaoui.ma","og_description":"Gr\u00e2ce \u00e0 sa structure semaini\u00e8re intelligente, vous planifiez vos prises pendant sept jours en toute s\u00e9r\u00e9nit\u00e9. Chaque compartiment est s\u00e9par\u00e9,","og_url":"https:\/\/paracherkaoui.ma\/index.php\/produit\/locamed-pilulier-semainier-a-bouton-poussoir\/","og_site_name":"Paracherkaoui.ma","article_modified_time":"2025-12-12T18:37:09+00:00","og_image":[{"width":700,"height":700,"url":"https:\/\/paracherkaoui.ma\/wp-content\/uploads\/2025\/12\/locamed-pilulier-semainier-a-bouton-poussoir.jpg","type":"image\/jpeg"}],"twitter_card":"summary_large_image","twitter_misc":{"Dur\u00e9e de lecture estim\u00e9e":"1 minute"},"schema":{"@context":"https:\/\/schema.org","@graph":[{"@type":"WebPage","@id":"https:\/\/paracherkaoui.ma\/index.php\/produit\/locamed-pilulier-semainier-a-bouton-poussoir\/","url":"https:\/\/paracherkaoui.ma\/index.php\/produit\/locamed-pilulier-semainier-a-bouton-poussoir\/","name":"LOCAMED PILULIER SEMAINIER A BOUTON POUSSOIR - Paracherkaoui.ma","isPartOf":{"@id":"https:\/\/paracherkaoui.ma\/#website"},"primaryImageOfPage":{"@id":"https:\/\/paracherkaoui.ma\/index.php\/produit\/locamed-pilulier-semainier-a-bouton-poussoir\/#primaryimage"},"image":{"@id":"https:\/\/paracherkaoui.ma\/index.php\/produit\/locamed-pilulier-semainier-a-bouton-poussoir\/#primaryimage"},"thumbnailUrl":"https:\/\/paracherkaoui.ma\/wp-content\/uploads\/2025\/12\/locamed-pilulier-semainier-a-bouton-poussoir.jpg","datePublished":"2025-12-12T18:37:05+00:00","dateModified":"2025-12-12T18:37:09+00:00","breadcrumb":{"@id":"https:\/\/paracherkaoui.ma\/index.php\/produit\/locamed-pilulier-semainier-a-bouton-poussoir\/#breadcrumb"},"inLanguage":"fr-FR","potentialAction":[{"@type":"ReadAction","target":["https:\/\/paracherkaoui.ma\/index.php\/produit\/locamed-pilulier-semainier-a-bouton-poussoir\/"]}]},{"@type":"ImageObject","inLanguage":"fr-FR","@id":"https:\/\/paracherkaoui.ma\/index.php\/produit\/locamed-pilulier-semainier-a-bouton-poussoir\/#primaryimage","url":"https:\/\/paracherkaoui.ma\/wp-content\/uploads\/2025\/12\/locamed-pilulier-semainier-a-bouton-poussoir.jpg","contentUrl":"https:\/\/paracherkaoui.ma\/wp-content\/uploads\/2025\/12\/locamed-pilulier-semainier-a-bouton-poussoir.jpg","width":700,"height":700},{"@type":"BreadcrumbList","@id":"https:\/\/paracherkaoui.ma\/index.php\/produit\/locamed-pilulier-semainier-a-bouton-poussoir\/#breadcrumb","itemListElement":[{"@type":"ListItem","position":1,"name":"Accueil","item":"https:\/\/paracherkaoui.ma\/"},{"@type":"ListItem","position":2,"name":"Boutique","item":"https:\/\/paracherkaoui.ma\/index.php\/boutique\/"},{"@type":"ListItem","position":3,"name":"LOCAMED PILULIER SEMAINIER A BOUTON POUSSOIR"}]},{"@type":"WebSite","@id":"https:\/\/paracherkaoui.ma\/#website","url":"https:\/\/paracherkaoui.ma\/","name":"Paracherkaoui.ma","description":"Achetez en ligne sur Paracherkaoui.ma","potentialAction":[{"@type":"SearchAction","target":{"@type":"EntryPoint","urlTemplate":"https:\/\/paracherkaoui.ma\/?s={search_term_string}"},"query-input":{"@type":"PropertyValueSpecification","valueRequired":true,"valueName":"search_term_string"}}],"inLanguage":"fr-FR"}]}},"_links":{"self":[{"href":"https:\/\/paracherkaoui.ma\/index.php\/wp-json\/wp\/v2\/product\/52793","targetHints":{"allow":["GET"]}}],"collection":[{"href":"https:\/\/paracherkaoui.ma\/index.php\/wp-json\/wp\/v2\/product"}],"about":[{"href":"https:\/\/paracherkaoui.ma\/index.php\/wp-json\/wp\/v2\/types\/product"}],"replies":[{"embeddable":true,"href":"https:\/\/paracherkaoui.ma\/index.php\/wp-json\/wp\/v2\/comments?post=52793"}],"version-history":[{"count":1,"href":"https:\/\/paracherkaoui.ma\/index.php\/wp-json\/wp\/v2\/product\/52793\/revisions"}],"predecessor-version":[{"id":52832,"href":"https:\/\/paracherkaoui.ma\/index.php\/wp-json\/wp\/v2\/product\/52793\/revisions\/52832"}],"wp:featuredmedia":[{"embeddable":true,"href":"https:\/\/paracherkaoui.ma\/index.php\/wp-json\/wp\/v2\/media\/52831"}],"wp:attachment":[{"href":"https:\/\/paracherkaoui.ma\/index.php\/wp-json\/wp\/v2\/media?parent=52793"}],"wp:term":[{"taxonomy":"product_brand","embeddable":true,"href":"https:\/\/paracherkaoui.ma\/index.php\/wp-json\/wp\/v2\/product_brand?post=52793"},{"taxonomy":"product_cat","embeddable":true,"href":"https:\/\/paracherkaoui.ma\/index.php\/wp-json\/wp\/v2\/product_cat?post=52793"},{"taxonomy":"product_tag","embeddable":true,"href":"https:\/\/paracherkaoui.ma\/index.php\/wp-json\/wp\/v2\/product_tag?post=52793"}],"curies":[{"name":"wp","href":"https:\/\/api.w.org\/{rel}","templated":true}]}}