{"id":52703,"date":"2025-12-12T19:36:53","date_gmt":"2025-12-12T18:36:53","guid":{"rendered":"https:\/\/test.ecbeaute.com\/?post_type=product&#038;p=52703"},"modified":"2025-12-12T19:36:57","modified_gmt":"2025-12-12T18:36:57","slug":"caudalie-vinosculpt-concentre-minceur-huile-corps-regalbante-75ml","status":"publish","type":"product","link":"https:\/\/paracherkaoui.ma\/index.php\/produit\/caudalie-vinosculpt-concentre-minceur-huile-corps-regalbante-75ml\/","title":{"rendered":"CAUDALIE VINOSCULPT CONCENTRE MINCEUR HUILE CORPS REGALBANTE 75ML"},"content":{"rendered":"<p>Cette huile s\u00e8che pour le corps rend la peau plus tonique et plus lisse. Elle laisse un fini d\u00e9licatement satin\u00e9.<br \/>\nSa formule contribue \u00e0 d\u00e9sinfiltrer en profondeur les rondeurs, \u00e0 affiner la silhouette et \u00e0 att\u00e9nuer l\u2019aspect peau d\u2019orange en activant le drainage. La peau est plus tonique et plus lisse.<br \/>\nSon parfum naturel de citron, lemongrass, romarin et baies de geni\u00e8vre vous enveloppe de notes \u00e9nergisantes et tonifiantes.<br \/>\nB\u00e9n\u00e9fices<br \/>\nLisse<br \/>\nTonifie<br \/>\nSublime la silhouette<br \/>\nFormule :<br \/>\nEt comme tous les produits Caudalie, sans parab\u00e8nes, ph\u00e9noxy\u00e9thanol, phtalates, huiles min\u00e9rales, ingr\u00e9dients d&rsquo;origine animale.<br \/>\nApplication<br \/>\nApr\u00e8s le bain ou la douche, verser une dose gradu\u00e9e du Concentr\u00e9 Minceur dans les mains puis chauffer le produit afin qu\u2019il p\u00e9n\u00e8tre encore plus rapidement dans la peau.<br \/>\nMasser en mouvements circulaires du bas vers le haut du corps. Insister sur les zones rebelles.<br \/>\nConseils de la Vinoth\u00e9rapeute :<br \/>\nApr\u00e8s la douche, tapotez l\u2019exc\u00e8s d\u2019eau avec une serviette \u00e9ponge. Appliquez ensuite le Concentr\u00e9 Minceur sur peau encore humide pour faciliter l\u2019absorption.<br \/>\nD\u00e9conseill\u00e9 aux femmes enceintes et pendant l&rsquo;allaitement.<br \/>\nApr\u00e8s le bain ou la douche, verser une dose gradu\u00e9e du Concentr\u00e9 Minceur dans les mains puis chauffer le produit afin qu\u2019il p\u00e9n\u00e8tre encore plus rapidement dans la peau.<br \/>\nMasser en mouvements circulaires du bas vers le haut du corps. Insister sur les zones rebelles.<br \/>\nConseils :<br \/>\nApr\u00e8s la douche, tapotez l\u2019exc\u00e8s d\u2019eau avec une serviette \u00e9ponge. Appliquez ensuite le Concentr\u00e9 Minceur sur peau encore humide pour faciliter l\u2019absorption.<br \/>\nD\u00e9conseill\u00e9 aux femmes enceintes et pendant l&rsquo;allaitement.<\/p>\n","protected":false},"excerpt":{"rendered":"<p>Cette huile s\u00e8che pour le corps rend la peau plus tonique et plus lisse. Elle laisse un fini d\u00e9licatement satin\u00e9.<\/p>\n","protected":false},"featured_media":52741,"comment_status":"open","ping_status":"closed","template":"","meta":[],"product_brand":[358],"product_cat":[997],"product_tag":[],"class_list":{"0":"post-52703","1":"product","2":"type-product","3":"status-publish","4":"has-post-thumbnail","6":"product_brand-caudalie","7":"product_cat-minceur","9":"first","10":"instock","11":"shipping-taxable","12":"purchasable","13":"product-type-simple"},"yoast_head":"<!-- This site is optimized with the Yoast SEO plugin v26.6 - https:\/\/yoast.com\/wordpress\/plugins\/seo\/ -->\r\n<title>CAUDALIE VINOSCULPT CONCENTRE MINCEUR HUILE CORPS REGALBANTE 75ML - Paracherkaoui.ma<\/title>\r\n<meta name=\"robots\" content=\"index, follow, max-snippet:-1, max-image-preview:large, max-video-preview:-1\" \/>\r\n<link rel=\"canonical\" href=\"https:\/\/paracherkaoui.ma\/index.php\/produit\/caudalie-vinosculpt-concentre-minceur-huile-corps-regalbante-75ml\/\" \/>\r\n<meta property=\"og:locale\" content=\"fr_FR\" \/>\r\n<meta property=\"og:type\" content=\"article\" \/>\r\n<meta property=\"og:title\" content=\"CAUDALIE VINOSCULPT CONCENTRE MINCEUR HUILE CORPS REGALBANTE 75ML - Paracherkaoui.ma\" \/>\r\n<meta property=\"og:description\" content=\"Cette huile s\u00e8che pour le corps rend la peau plus tonique et plus lisse. Elle laisse un fini d\u00e9licatement satin\u00e9.\" \/>\r\n<meta property=\"og:url\" content=\"https:\/\/paracherkaoui.ma\/index.php\/produit\/caudalie-vinosculpt-concentre-minceur-huile-corps-regalbante-75ml\/\" \/>\r\n<meta property=\"og:site_name\" content=\"Paracherkaoui.ma\" \/>\r\n<meta property=\"article:modified_time\" content=\"2025-12-12T18:36:57+00:00\" \/>\r\n<meta property=\"og:image\" content=\"https:\/\/paracherkaoui.ma\/wp-content\/uploads\/2025\/12\/caudalie-vinosculpt-concentre-minceur-huile-corps-regalbante-75ml.jpg\" \/>\r\n\t<meta property=\"og:image:width\" content=\"700\" \/>\r\n\t<meta property=\"og:image:height\" content=\"700\" \/>\r\n\t<meta property=\"og:image:type\" content=\"image\/jpeg\" \/>\r\n<meta name=\"twitter:card\" content=\"summary_large_image\" \/>\r\n<meta name=\"twitter:label1\" content=\"Dur\u00e9e de lecture estim\u00e9e\" \/>\n\t<meta name=\"twitter:data1\" content=\"1 minute\" \/>\r\n<script type=\"application\/ld+json\" class=\"yoast-schema-graph\">{\"@context\":\"https:\/\/schema.org\",\"@graph\":[{\"@type\":\"WebPage\",\"@id\":\"https:\/\/paracherkaoui.ma\/index.php\/produit\/caudalie-vinosculpt-concentre-minceur-huile-corps-regalbante-75ml\/\",\"url\":\"https:\/\/paracherkaoui.ma\/index.php\/produit\/caudalie-vinosculpt-concentre-minceur-huile-corps-regalbante-75ml\/\",\"name\":\"CAUDALIE VINOSCULPT CONCENTRE MINCEUR HUILE CORPS REGALBANTE 75ML - Paracherkaoui.ma\",\"isPartOf\":{\"@id\":\"https:\/\/paracherkaoui.ma\/#website\"},\"primaryImageOfPage\":{\"@id\":\"https:\/\/paracherkaoui.ma\/index.php\/produit\/caudalie-vinosculpt-concentre-minceur-huile-corps-regalbante-75ml\/#primaryimage\"},\"image\":{\"@id\":\"https:\/\/paracherkaoui.ma\/index.php\/produit\/caudalie-vinosculpt-concentre-minceur-huile-corps-regalbante-75ml\/#primaryimage\"},\"thumbnailUrl\":\"https:\/\/paracherkaoui.ma\/wp-content\/uploads\/2025\/12\/caudalie-vinosculpt-concentre-minceur-huile-corps-regalbante-75ml.jpg\",\"datePublished\":\"2025-12-12T18:36:53+00:00\",\"dateModified\":\"2025-12-12T18:36:57+00:00\",\"breadcrumb\":{\"@id\":\"https:\/\/paracherkaoui.ma\/index.php\/produit\/caudalie-vinosculpt-concentre-minceur-huile-corps-regalbante-75ml\/#breadcrumb\"},\"inLanguage\":\"fr-FR\",\"potentialAction\":[{\"@type\":\"ReadAction\",\"target\":[\"https:\/\/paracherkaoui.ma\/index.php\/produit\/caudalie-vinosculpt-concentre-minceur-huile-corps-regalbante-75ml\/\"]}]},{\"@type\":\"ImageObject\",\"inLanguage\":\"fr-FR\",\"@id\":\"https:\/\/paracherkaoui.ma\/index.php\/produit\/caudalie-vinosculpt-concentre-minceur-huile-corps-regalbante-75ml\/#primaryimage\",\"url\":\"https:\/\/paracherkaoui.ma\/wp-content\/uploads\/2025\/12\/caudalie-vinosculpt-concentre-minceur-huile-corps-regalbante-75ml.jpg\",\"contentUrl\":\"https:\/\/paracherkaoui.ma\/wp-content\/uploads\/2025\/12\/caudalie-vinosculpt-concentre-minceur-huile-corps-regalbante-75ml.jpg\",\"width\":700,\"height\":700},{\"@type\":\"BreadcrumbList\",\"@id\":\"https:\/\/paracherkaoui.ma\/index.php\/produit\/caudalie-vinosculpt-concentre-minceur-huile-corps-regalbante-75ml\/#breadcrumb\",\"itemListElement\":[{\"@type\":\"ListItem\",\"position\":1,\"name\":\"Accueil\",\"item\":\"https:\/\/paracherkaoui.ma\/\"},{\"@type\":\"ListItem\",\"position\":2,\"name\":\"Boutique\",\"item\":\"https:\/\/paracherkaoui.ma\/index.php\/boutique\/\"},{\"@type\":\"ListItem\",\"position\":3,\"name\":\"CAUDALIE VINOSCULPT CONCENTRE MINCEUR HUILE CORPS REGALBANTE 75ML\"}]},{\"@type\":\"WebSite\",\"@id\":\"https:\/\/paracherkaoui.ma\/#website\",\"url\":\"https:\/\/paracherkaoui.ma\/\",\"name\":\"Paracherkaoui.ma\",\"description\":\"Achetez en ligne sur Paracherkaoui.ma\",\"potentialAction\":[{\"@type\":\"SearchAction\",\"target\":{\"@type\":\"EntryPoint\",\"urlTemplate\":\"https:\/\/paracherkaoui.ma\/?s={search_term_string}\"},\"query-input\":{\"@type\":\"PropertyValueSpecification\",\"valueRequired\":true,\"valueName\":\"search_term_string\"}}],\"inLanguage\":\"fr-FR\"}]}<\/script>\r\n<!-- \/ Yoast SEO plugin. -->","yoast_head_json":{"title":"CAUDALIE VINOSCULPT CONCENTRE MINCEUR HUILE CORPS REGALBANTE 75ML - Paracherkaoui.ma","robots":{"index":"index","follow":"follow","max-snippet":"max-snippet:-1","max-image-preview":"max-image-preview:large","max-video-preview":"max-video-preview:-1"},"canonical":"https:\/\/paracherkaoui.ma\/index.php\/produit\/caudalie-vinosculpt-concentre-minceur-huile-corps-regalbante-75ml\/","og_locale":"fr_FR","og_type":"article","og_title":"CAUDALIE VINOSCULPT CONCENTRE MINCEUR HUILE CORPS REGALBANTE 75ML - Paracherkaoui.ma","og_description":"Cette huile s\u00e8che pour le corps rend la peau plus tonique et plus lisse. Elle laisse un fini d\u00e9licatement satin\u00e9.","og_url":"https:\/\/paracherkaoui.ma\/index.php\/produit\/caudalie-vinosculpt-concentre-minceur-huile-corps-regalbante-75ml\/","og_site_name":"Paracherkaoui.ma","article_modified_time":"2025-12-12T18:36:57+00:00","og_image":[{"width":700,"height":700,"url":"https:\/\/paracherkaoui.ma\/wp-content\/uploads\/2025\/12\/caudalie-vinosculpt-concentre-minceur-huile-corps-regalbante-75ml.jpg","type":"image\/jpeg"}],"twitter_card":"summary_large_image","twitter_misc":{"Dur\u00e9e de lecture estim\u00e9e":"1 minute"},"schema":{"@context":"https:\/\/schema.org","@graph":[{"@type":"WebPage","@id":"https:\/\/paracherkaoui.ma\/index.php\/produit\/caudalie-vinosculpt-concentre-minceur-huile-corps-regalbante-75ml\/","url":"https:\/\/paracherkaoui.ma\/index.php\/produit\/caudalie-vinosculpt-concentre-minceur-huile-corps-regalbante-75ml\/","name":"CAUDALIE VINOSCULPT CONCENTRE MINCEUR HUILE CORPS REGALBANTE 75ML - Paracherkaoui.ma","isPartOf":{"@id":"https:\/\/paracherkaoui.ma\/#website"},"primaryImageOfPage":{"@id":"https:\/\/paracherkaoui.ma\/index.php\/produit\/caudalie-vinosculpt-concentre-minceur-huile-corps-regalbante-75ml\/#primaryimage"},"image":{"@id":"https:\/\/paracherkaoui.ma\/index.php\/produit\/caudalie-vinosculpt-concentre-minceur-huile-corps-regalbante-75ml\/#primaryimage"},"thumbnailUrl":"https:\/\/paracherkaoui.ma\/wp-content\/uploads\/2025\/12\/caudalie-vinosculpt-concentre-minceur-huile-corps-regalbante-75ml.jpg","datePublished":"2025-12-12T18:36:53+00:00","dateModified":"2025-12-12T18:36:57+00:00","breadcrumb":{"@id":"https:\/\/paracherkaoui.ma\/index.php\/produit\/caudalie-vinosculpt-concentre-minceur-huile-corps-regalbante-75ml\/#breadcrumb"},"inLanguage":"fr-FR","potentialAction":[{"@type":"ReadAction","target":["https:\/\/paracherkaoui.ma\/index.php\/produit\/caudalie-vinosculpt-concentre-minceur-huile-corps-regalbante-75ml\/"]}]},{"@type":"ImageObject","inLanguage":"fr-FR","@id":"https:\/\/paracherkaoui.ma\/index.php\/produit\/caudalie-vinosculpt-concentre-minceur-huile-corps-regalbante-75ml\/#primaryimage","url":"https:\/\/paracherkaoui.ma\/wp-content\/uploads\/2025\/12\/caudalie-vinosculpt-concentre-minceur-huile-corps-regalbante-75ml.jpg","contentUrl":"https:\/\/paracherkaoui.ma\/wp-content\/uploads\/2025\/12\/caudalie-vinosculpt-concentre-minceur-huile-corps-regalbante-75ml.jpg","width":700,"height":700},{"@type":"BreadcrumbList","@id":"https:\/\/paracherkaoui.ma\/index.php\/produit\/caudalie-vinosculpt-concentre-minceur-huile-corps-regalbante-75ml\/#breadcrumb","itemListElement":[{"@type":"ListItem","position":1,"name":"Accueil","item":"https:\/\/paracherkaoui.ma\/"},{"@type":"ListItem","position":2,"name":"Boutique","item":"https:\/\/paracherkaoui.ma\/index.php\/boutique\/"},{"@type":"ListItem","position":3,"name":"CAUDALIE VINOSCULPT CONCENTRE MINCEUR HUILE CORPS REGALBANTE 75ML"}]},{"@type":"WebSite","@id":"https:\/\/paracherkaoui.ma\/#website","url":"https:\/\/paracherkaoui.ma\/","name":"Paracherkaoui.ma","description":"Achetez en ligne sur Paracherkaoui.ma","potentialAction":[{"@type":"SearchAction","target":{"@type":"EntryPoint","urlTemplate":"https:\/\/paracherkaoui.ma\/?s={search_term_string}"},"query-input":{"@type":"PropertyValueSpecification","valueRequired":true,"valueName":"search_term_string"}}],"inLanguage":"fr-FR"}]}},"_links":{"self":[{"href":"https:\/\/paracherkaoui.ma\/index.php\/wp-json\/wp\/v2\/product\/52703","targetHints":{"allow":["GET"]}}],"collection":[{"href":"https:\/\/paracherkaoui.ma\/index.php\/wp-json\/wp\/v2\/product"}],"about":[{"href":"https:\/\/paracherkaoui.ma\/index.php\/wp-json\/wp\/v2\/types\/product"}],"replies":[{"embeddable":true,"href":"https:\/\/paracherkaoui.ma\/index.php\/wp-json\/wp\/v2\/comments?post=52703"}],"version-history":[{"count":1,"href":"https:\/\/paracherkaoui.ma\/index.php\/wp-json\/wp\/v2\/product\/52703\/revisions"}],"predecessor-version":[{"id":52742,"href":"https:\/\/paracherkaoui.ma\/index.php\/wp-json\/wp\/v2\/product\/52703\/revisions\/52742"}],"wp:featuredmedia":[{"embeddable":true,"href":"https:\/\/paracherkaoui.ma\/index.php\/wp-json\/wp\/v2\/media\/52741"}],"wp:attachment":[{"href":"https:\/\/paracherkaoui.ma\/index.php\/wp-json\/wp\/v2\/media?parent=52703"}],"wp:term":[{"taxonomy":"product_brand","embeddable":true,"href":"https:\/\/paracherkaoui.ma\/index.php\/wp-json\/wp\/v2\/product_brand?post=52703"},{"taxonomy":"product_cat","embeddable":true,"href":"https:\/\/paracherkaoui.ma\/index.php\/wp-json\/wp\/v2\/product_cat?post=52703"},{"taxonomy":"product_tag","embeddable":true,"href":"https:\/\/paracherkaoui.ma\/index.php\/wp-json\/wp\/v2\/product_tag?post=52703"}],"curies":[{"name":"wp","href":"https:\/\/api.w.org\/{rel}","templated":true}]}}