{"id":52636,"date":"2025-12-12T19:36:42","date_gmt":"2025-12-12T18:36:42","guid":{"rendered":"https:\/\/test.ecbeaute.com\/?post_type=product&#038;p=52636"},"modified":"2025-12-12T19:36:52","modified_gmt":"2025-12-12T18:36:52","slug":"placentor-equilibre-minceur-gel-triple-action-200-ml","status":"publish","type":"product","link":"https:\/\/paracherkaoui.ma\/index.php\/produit\/placentor-equilibre-minceur-gel-triple-action-200-ml\/","title":{"rendered":"PLACENTOR EQUILIBRE MINCEUR GEL TRIPLE ACTION 200 ML"},"content":{"rendered":"<p>Le gel triple action Equilibre minceur de Placentor vegetal est un soin sp\u00e9cifique contre le manque de fermet\u00e9 au niveau des cuisses, du ventre, des hanches et des fesses. Son gel-cr\u00e8me ultra-p\u00e9n\u00e9trant non gras remod\u00e8le, affine la silhouette et r\u00e9duit l&rsquo;aspect de la cellulite.Son complexe v\u00e9g\u00e9tal enrichi en 4,7% de caf\u00e9ine active encapsul\u00e9e intervient sur les diff\u00e9rentes \u00e9tapes biologiques :<br \/>\nLe Guarana diminue la taille des adipocytes, Le Garcinia Cambodgia pr\u00e9vient le stockage de nouvelles graisses, Le fucus, le lierre et la reine des pr\u00e8s agissent en synergie pour drainer et d\u00e9congestionner le tissu adipeux, La pr\u00eale raffermit les tissus.D\u00e8s 28 jours d&rsquo;application, le gel triple action Equilibre minceur de Placentor vegetal affine le tour de cuisse et att\u00e9nue visiblement l&rsquo;aspect peau d&rsquo;orange.<\/p>\n","protected":false},"excerpt":{"rendered":"<p>Le gel triple action Equilibre minceur de Placentor vegetal est un soin sp\u00e9cifique contre le manque de fermet\u00e9 au niveau<\/p>\n","protected":false},"featured_media":52692,"comment_status":"open","ping_status":"closed","template":"","meta":[],"product_brand":[244],"product_cat":[997],"product_tag":[],"class_list":{"0":"post-52636","1":"product","2":"type-product","3":"status-publish","4":"has-post-thumbnail","6":"product_brand-placentor","7":"product_cat-minceur","9":"first","10":"instock","11":"sale","12":"shipping-taxable","13":"purchasable","14":"product-type-simple"},"yoast_head":"<!-- This site is optimized with the Yoast SEO plugin v26.6 - https:\/\/yoast.com\/wordpress\/plugins\/seo\/ -->\r\n<title>PLACENTOR EQUILIBRE MINCEUR GEL TRIPLE ACTION 200 ML - Paracherkaoui.ma<\/title>\r\n<meta name=\"robots\" content=\"index, follow, max-snippet:-1, max-image-preview:large, max-video-preview:-1\" \/>\r\n<link rel=\"canonical\" href=\"https:\/\/paracherkaoui.ma\/index.php\/produit\/placentor-equilibre-minceur-gel-triple-action-200-ml\/\" \/>\r\n<meta property=\"og:locale\" content=\"fr_FR\" \/>\r\n<meta property=\"og:type\" content=\"article\" \/>\r\n<meta property=\"og:title\" content=\"PLACENTOR EQUILIBRE MINCEUR GEL TRIPLE ACTION 200 ML - Paracherkaoui.ma\" \/>\r\n<meta property=\"og:description\" content=\"Le gel triple action Equilibre minceur de Placentor vegetal est un soin sp\u00e9cifique contre le manque de fermet\u00e9 au niveau\" \/>\r\n<meta property=\"og:url\" content=\"https:\/\/paracherkaoui.ma\/index.php\/produit\/placentor-equilibre-minceur-gel-triple-action-200-ml\/\" \/>\r\n<meta property=\"og:site_name\" content=\"Paracherkaoui.ma\" \/>\r\n<meta property=\"article:modified_time\" content=\"2025-12-12T18:36:52+00:00\" \/>\r\n<meta property=\"og:image\" content=\"https:\/\/paracherkaoui.ma\/wp-content\/uploads\/2025\/12\/placentor-placentor-equilibre-minceur-gel-triple-action-200-ml-huiles-et-cremes-minceur.jpg\" \/>\r\n\t<meta property=\"og:image:width\" content=\"700\" \/>\r\n\t<meta property=\"og:image:height\" content=\"700\" \/>\r\n\t<meta property=\"og:image:type\" content=\"image\/jpeg\" \/>\r\n<meta name=\"twitter:card\" content=\"summary_large_image\" \/>\r\n<meta name=\"twitter:label1\" content=\"Dur\u00e9e de lecture estim\u00e9e\" \/>\n\t<meta name=\"twitter:data1\" content=\"1 minute\" \/>\r\n<script type=\"application\/ld+json\" class=\"yoast-schema-graph\">{\"@context\":\"https:\/\/schema.org\",\"@graph\":[{\"@type\":\"WebPage\",\"@id\":\"https:\/\/paracherkaoui.ma\/index.php\/produit\/placentor-equilibre-minceur-gel-triple-action-200-ml\/\",\"url\":\"https:\/\/paracherkaoui.ma\/index.php\/produit\/placentor-equilibre-minceur-gel-triple-action-200-ml\/\",\"name\":\"PLACENTOR EQUILIBRE MINCEUR GEL TRIPLE ACTION 200 ML - Paracherkaoui.ma\",\"isPartOf\":{\"@id\":\"https:\/\/paracherkaoui.ma\/#website\"},\"primaryImageOfPage\":{\"@id\":\"https:\/\/paracherkaoui.ma\/index.php\/produit\/placentor-equilibre-minceur-gel-triple-action-200-ml\/#primaryimage\"},\"image\":{\"@id\":\"https:\/\/paracherkaoui.ma\/index.php\/produit\/placentor-equilibre-minceur-gel-triple-action-200-ml\/#primaryimage\"},\"thumbnailUrl\":\"https:\/\/paracherkaoui.ma\/wp-content\/uploads\/2025\/12\/placentor-placentor-equilibre-minceur-gel-triple-action-200-ml-huiles-et-cremes-minceur.jpg\",\"datePublished\":\"2025-12-12T18:36:42+00:00\",\"dateModified\":\"2025-12-12T18:36:52+00:00\",\"breadcrumb\":{\"@id\":\"https:\/\/paracherkaoui.ma\/index.php\/produit\/placentor-equilibre-minceur-gel-triple-action-200-ml\/#breadcrumb\"},\"inLanguage\":\"fr-FR\",\"potentialAction\":[{\"@type\":\"ReadAction\",\"target\":[\"https:\/\/paracherkaoui.ma\/index.php\/produit\/placentor-equilibre-minceur-gel-triple-action-200-ml\/\"]}]},{\"@type\":\"ImageObject\",\"inLanguage\":\"fr-FR\",\"@id\":\"https:\/\/paracherkaoui.ma\/index.php\/produit\/placentor-equilibre-minceur-gel-triple-action-200-ml\/#primaryimage\",\"url\":\"https:\/\/paracherkaoui.ma\/wp-content\/uploads\/2025\/12\/placentor-placentor-equilibre-minceur-gel-triple-action-200-ml-huiles-et-cremes-minceur.jpg\",\"contentUrl\":\"https:\/\/paracherkaoui.ma\/wp-content\/uploads\/2025\/12\/placentor-placentor-equilibre-minceur-gel-triple-action-200-ml-huiles-et-cremes-minceur.jpg\",\"width\":700,\"height\":700},{\"@type\":\"BreadcrumbList\",\"@id\":\"https:\/\/paracherkaoui.ma\/index.php\/produit\/placentor-equilibre-minceur-gel-triple-action-200-ml\/#breadcrumb\",\"itemListElement\":[{\"@type\":\"ListItem\",\"position\":1,\"name\":\"Accueil\",\"item\":\"https:\/\/paracherkaoui.ma\/\"},{\"@type\":\"ListItem\",\"position\":2,\"name\":\"Boutique\",\"item\":\"https:\/\/paracherkaoui.ma\/index.php\/boutique\/\"},{\"@type\":\"ListItem\",\"position\":3,\"name\":\"PLACENTOR EQUILIBRE MINCEUR GEL TRIPLE ACTION 200 ML\"}]},{\"@type\":\"WebSite\",\"@id\":\"https:\/\/paracherkaoui.ma\/#website\",\"url\":\"https:\/\/paracherkaoui.ma\/\",\"name\":\"Paracherkaoui.ma\",\"description\":\"Achetez en ligne sur Paracherkaoui.ma\",\"potentialAction\":[{\"@type\":\"SearchAction\",\"target\":{\"@type\":\"EntryPoint\",\"urlTemplate\":\"https:\/\/paracherkaoui.ma\/?s={search_term_string}\"},\"query-input\":{\"@type\":\"PropertyValueSpecification\",\"valueRequired\":true,\"valueName\":\"search_term_string\"}}],\"inLanguage\":\"fr-FR\"}]}<\/script>\r\n<!-- \/ Yoast SEO plugin. -->","yoast_head_json":{"title":"PLACENTOR EQUILIBRE MINCEUR GEL TRIPLE ACTION 200 ML - Paracherkaoui.ma","robots":{"index":"index","follow":"follow","max-snippet":"max-snippet:-1","max-image-preview":"max-image-preview:large","max-video-preview":"max-video-preview:-1"},"canonical":"https:\/\/paracherkaoui.ma\/index.php\/produit\/placentor-equilibre-minceur-gel-triple-action-200-ml\/","og_locale":"fr_FR","og_type":"article","og_title":"PLACENTOR EQUILIBRE MINCEUR GEL TRIPLE ACTION 200 ML - Paracherkaoui.ma","og_description":"Le gel triple action Equilibre minceur de Placentor vegetal est un soin sp\u00e9cifique contre le manque de fermet\u00e9 au niveau","og_url":"https:\/\/paracherkaoui.ma\/index.php\/produit\/placentor-equilibre-minceur-gel-triple-action-200-ml\/","og_site_name":"Paracherkaoui.ma","article_modified_time":"2025-12-12T18:36:52+00:00","og_image":[{"width":700,"height":700,"url":"https:\/\/paracherkaoui.ma\/wp-content\/uploads\/2025\/12\/placentor-placentor-equilibre-minceur-gel-triple-action-200-ml-huiles-et-cremes-minceur.jpg","type":"image\/jpeg"}],"twitter_card":"summary_large_image","twitter_misc":{"Dur\u00e9e de lecture estim\u00e9e":"1 minute"},"schema":{"@context":"https:\/\/schema.org","@graph":[{"@type":"WebPage","@id":"https:\/\/paracherkaoui.ma\/index.php\/produit\/placentor-equilibre-minceur-gel-triple-action-200-ml\/","url":"https:\/\/paracherkaoui.ma\/index.php\/produit\/placentor-equilibre-minceur-gel-triple-action-200-ml\/","name":"PLACENTOR EQUILIBRE MINCEUR GEL TRIPLE ACTION 200 ML - Paracherkaoui.ma","isPartOf":{"@id":"https:\/\/paracherkaoui.ma\/#website"},"primaryImageOfPage":{"@id":"https:\/\/paracherkaoui.ma\/index.php\/produit\/placentor-equilibre-minceur-gel-triple-action-200-ml\/#primaryimage"},"image":{"@id":"https:\/\/paracherkaoui.ma\/index.php\/produit\/placentor-equilibre-minceur-gel-triple-action-200-ml\/#primaryimage"},"thumbnailUrl":"https:\/\/paracherkaoui.ma\/wp-content\/uploads\/2025\/12\/placentor-placentor-equilibre-minceur-gel-triple-action-200-ml-huiles-et-cremes-minceur.jpg","datePublished":"2025-12-12T18:36:42+00:00","dateModified":"2025-12-12T18:36:52+00:00","breadcrumb":{"@id":"https:\/\/paracherkaoui.ma\/index.php\/produit\/placentor-equilibre-minceur-gel-triple-action-200-ml\/#breadcrumb"},"inLanguage":"fr-FR","potentialAction":[{"@type":"ReadAction","target":["https:\/\/paracherkaoui.ma\/index.php\/produit\/placentor-equilibre-minceur-gel-triple-action-200-ml\/"]}]},{"@type":"ImageObject","inLanguage":"fr-FR","@id":"https:\/\/paracherkaoui.ma\/index.php\/produit\/placentor-equilibre-minceur-gel-triple-action-200-ml\/#primaryimage","url":"https:\/\/paracherkaoui.ma\/wp-content\/uploads\/2025\/12\/placentor-placentor-equilibre-minceur-gel-triple-action-200-ml-huiles-et-cremes-minceur.jpg","contentUrl":"https:\/\/paracherkaoui.ma\/wp-content\/uploads\/2025\/12\/placentor-placentor-equilibre-minceur-gel-triple-action-200-ml-huiles-et-cremes-minceur.jpg","width":700,"height":700},{"@type":"BreadcrumbList","@id":"https:\/\/paracherkaoui.ma\/index.php\/produit\/placentor-equilibre-minceur-gel-triple-action-200-ml\/#breadcrumb","itemListElement":[{"@type":"ListItem","position":1,"name":"Accueil","item":"https:\/\/paracherkaoui.ma\/"},{"@type":"ListItem","position":2,"name":"Boutique","item":"https:\/\/paracherkaoui.ma\/index.php\/boutique\/"},{"@type":"ListItem","position":3,"name":"PLACENTOR EQUILIBRE MINCEUR GEL TRIPLE ACTION 200 ML"}]},{"@type":"WebSite","@id":"https:\/\/paracherkaoui.ma\/#website","url":"https:\/\/paracherkaoui.ma\/","name":"Paracherkaoui.ma","description":"Achetez en ligne sur Paracherkaoui.ma","potentialAction":[{"@type":"SearchAction","target":{"@type":"EntryPoint","urlTemplate":"https:\/\/paracherkaoui.ma\/?s={search_term_string}"},"query-input":{"@type":"PropertyValueSpecification","valueRequired":true,"valueName":"search_term_string"}}],"inLanguage":"fr-FR"}]}},"_links":{"self":[{"href":"https:\/\/paracherkaoui.ma\/index.php\/wp-json\/wp\/v2\/product\/52636","targetHints":{"allow":["GET"]}}],"collection":[{"href":"https:\/\/paracherkaoui.ma\/index.php\/wp-json\/wp\/v2\/product"}],"about":[{"href":"https:\/\/paracherkaoui.ma\/index.php\/wp-json\/wp\/v2\/types\/product"}],"replies":[{"embeddable":true,"href":"https:\/\/paracherkaoui.ma\/index.php\/wp-json\/wp\/v2\/comments?post=52636"}],"version-history":[{"count":1,"href":"https:\/\/paracherkaoui.ma\/index.php\/wp-json\/wp\/v2\/product\/52636\/revisions"}],"predecessor-version":[{"id":52693,"href":"https:\/\/paracherkaoui.ma\/index.php\/wp-json\/wp\/v2\/product\/52636\/revisions\/52693"}],"wp:featuredmedia":[{"embeddable":true,"href":"https:\/\/paracherkaoui.ma\/index.php\/wp-json\/wp\/v2\/media\/52692"}],"wp:attachment":[{"href":"https:\/\/paracherkaoui.ma\/index.php\/wp-json\/wp\/v2\/media?parent=52636"}],"wp:term":[{"taxonomy":"product_brand","embeddable":true,"href":"https:\/\/paracherkaoui.ma\/index.php\/wp-json\/wp\/v2\/product_brand?post=52636"},{"taxonomy":"product_cat","embeddable":true,"href":"https:\/\/paracherkaoui.ma\/index.php\/wp-json\/wp\/v2\/product_cat?post=52636"},{"taxonomy":"product_tag","embeddable":true,"href":"https:\/\/paracherkaoui.ma\/index.php\/wp-json\/wp\/v2\/product_tag?post=52636"}],"curies":[{"name":"wp","href":"https:\/\/api.w.org\/{rel}","templated":true}]}}