{"id":52406,"date":"2025-12-12T19:36:05","date_gmt":"2025-12-12T18:36:05","guid":{"rendered":"https:\/\/test.ecbeaute.com\/?post_type=product&#038;p=52406"},"modified":"2025-12-12T19:36:09","modified_gmt":"2025-12-12T18:36:09","slug":"hartmann-veroval-fievres-infrarouges","status":"publish","type":"product","link":"https:\/\/paracherkaoui.ma\/index.php\/produit\/hartmann-veroval-fievres-infrarouges\/","title":{"rendered":"HARTMANN VEROVAL FIEVRES INFRAROUGES"},"content":{"rendered":"<p>Le thermom\u00e8tre V\u00e9roval Fi\u00e8vre est un thermom\u00e8tre infrarouge 2 en 1 sp\u00e9cialement indiqu\u00e9 pour les prises de temp\u00e9rature des enfants d\u00e8s l&rsquo;\u00e2ge de 6 mois et \/ ou des adultes.<br \/>\nIl dispose de 2 m\u00e9thodes de mesures de la temp\u00e9rature : une mesure frontale et une mesure auriculaire (d\u00e9tection automatique du mode s\u00e9lectionn\u00e9). Sa sonde, nouvelle g\u00e9n\u00e9ration, garantit une tr\u00e8s grande pr\u00e9cision de mesure frontale ou auriculaire.<br \/>\nLors d&rsquo;une mesure sur le front : Le thermom\u00e8tre mesure le rayonnement infrarouge de la peau dans la zone du front, des tempes et du tissu qui les entoure. Ces rayons sont capt\u00e9s par les sondes et convertis en valeur de temp\u00e9rature. N&rsquo;utilisez jamais les protecteurs de sonde \u00e0 usage unique, mais laissez en place le capuchon bleu.<br \/>\nLors d&rsquo;une mesure dans l&rsquo;oreille (auriculaire) : Le thermom\u00e8tre mesure les rayons infrarouges \u00e9mis par le tympan et le conduit auditif. Ces rayons sont capt\u00e9s par le capteur et sont convertis en valeur de temp\u00e9rature en 1 seconde. Pour des raisons d&rsquo;hygi\u00e8ne et pour ne pas risquer de salir la sonde, utilisez toujours des protecteurs de sonde \u00e0 usage unique.<br \/>\nLe V\u00e9roval dispose une m\u00e9moire de 10 derni\u00e8res mesures, pour pouvoir suivre facilement l&rsquo;\u00e9volution de sa temp\u00e9rature sur plusieurs jours.<\/p>\n","protected":false},"excerpt":{"rendered":"<p>Le thermom\u00e8tre V\u00e9roval Fi\u00e8vre est un thermom\u00e8tre infrarouge 2 en 1 sp\u00e9cialement indiqu\u00e9 pour les prises de temp\u00e9rature des enfants<\/p>\n","protected":false},"featured_media":52441,"comment_status":"open","ping_status":"closed","template":"","meta":[],"product_brand":[645],"product_cat":[991],"product_tag":[],"class_list":{"0":"post-52406","1":"product","2":"type-product","3":"status-publish","4":"has-post-thumbnail","6":"product_brand-hartmann","7":"product_cat-materiels-medicaux","9":"first","10":"instock","11":"sale","12":"shipping-taxable","13":"purchasable","14":"product-type-simple"},"yoast_head":"<!-- This site is optimized with the Yoast SEO plugin v26.6 - https:\/\/yoast.com\/wordpress\/plugins\/seo\/ -->\r\n<title>HARTMANN VEROVAL FIEVRES INFRAROUGES - Paracherkaoui.ma<\/title>\r\n<meta name=\"robots\" content=\"index, follow, max-snippet:-1, max-image-preview:large, max-video-preview:-1\" \/>\r\n<link rel=\"canonical\" href=\"https:\/\/paracherkaoui.ma\/index.php\/produit\/hartmann-veroval-fievres-infrarouges\/\" \/>\r\n<meta property=\"og:locale\" content=\"fr_FR\" \/>\r\n<meta property=\"og:type\" content=\"article\" \/>\r\n<meta property=\"og:title\" content=\"HARTMANN VEROVAL FIEVRES INFRAROUGES - Paracherkaoui.ma\" \/>\r\n<meta property=\"og:description\" content=\"Le thermom\u00e8tre V\u00e9roval Fi\u00e8vre est un thermom\u00e8tre infrarouge 2 en 1 sp\u00e9cialement indiqu\u00e9 pour les prises de temp\u00e9rature des enfants\" \/>\r\n<meta property=\"og:url\" content=\"https:\/\/paracherkaoui.ma\/index.php\/produit\/hartmann-veroval-fievres-infrarouges\/\" \/>\r\n<meta property=\"og:site_name\" content=\"Paracherkaoui.ma\" \/>\r\n<meta property=\"article:modified_time\" content=\"2025-12-12T18:36:09+00:00\" \/>\r\n<meta property=\"og:image\" content=\"https:\/\/paracherkaoui.ma\/wp-content\/uploads\/2025\/12\/hartmann-hartmann-veroval-fievres-infrarouges-accessoires.jpg\" \/>\r\n\t<meta property=\"og:image:width\" content=\"700\" \/>\r\n\t<meta property=\"og:image:height\" content=\"700\" \/>\r\n\t<meta property=\"og:image:type\" content=\"image\/jpeg\" \/>\r\n<meta name=\"twitter:card\" content=\"summary_large_image\" \/>\r\n<meta name=\"twitter:label1\" content=\"Dur\u00e9e de lecture estim\u00e9e\" \/>\n\t<meta name=\"twitter:data1\" content=\"1 minute\" \/>\r\n<script type=\"application\/ld+json\" class=\"yoast-schema-graph\">{\"@context\":\"https:\/\/schema.org\",\"@graph\":[{\"@type\":\"WebPage\",\"@id\":\"https:\/\/paracherkaoui.ma\/index.php\/produit\/hartmann-veroval-fievres-infrarouges\/\",\"url\":\"https:\/\/paracherkaoui.ma\/index.php\/produit\/hartmann-veroval-fievres-infrarouges\/\",\"name\":\"HARTMANN VEROVAL FIEVRES INFRAROUGES - Paracherkaoui.ma\",\"isPartOf\":{\"@id\":\"https:\/\/paracherkaoui.ma\/#website\"},\"primaryImageOfPage\":{\"@id\":\"https:\/\/paracherkaoui.ma\/index.php\/produit\/hartmann-veroval-fievres-infrarouges\/#primaryimage\"},\"image\":{\"@id\":\"https:\/\/paracherkaoui.ma\/index.php\/produit\/hartmann-veroval-fievres-infrarouges\/#primaryimage\"},\"thumbnailUrl\":\"https:\/\/paracherkaoui.ma\/wp-content\/uploads\/2025\/12\/hartmann-hartmann-veroval-fievres-infrarouges-accessoires.jpg\",\"datePublished\":\"2025-12-12T18:36:05+00:00\",\"dateModified\":\"2025-12-12T18:36:09+00:00\",\"breadcrumb\":{\"@id\":\"https:\/\/paracherkaoui.ma\/index.php\/produit\/hartmann-veroval-fievres-infrarouges\/#breadcrumb\"},\"inLanguage\":\"fr-FR\",\"potentialAction\":[{\"@type\":\"ReadAction\",\"target\":[\"https:\/\/paracherkaoui.ma\/index.php\/produit\/hartmann-veroval-fievres-infrarouges\/\"]}]},{\"@type\":\"ImageObject\",\"inLanguage\":\"fr-FR\",\"@id\":\"https:\/\/paracherkaoui.ma\/index.php\/produit\/hartmann-veroval-fievres-infrarouges\/#primaryimage\",\"url\":\"https:\/\/paracherkaoui.ma\/wp-content\/uploads\/2025\/12\/hartmann-hartmann-veroval-fievres-infrarouges-accessoires.jpg\",\"contentUrl\":\"https:\/\/paracherkaoui.ma\/wp-content\/uploads\/2025\/12\/hartmann-hartmann-veroval-fievres-infrarouges-accessoires.jpg\",\"width\":700,\"height\":700},{\"@type\":\"BreadcrumbList\",\"@id\":\"https:\/\/paracherkaoui.ma\/index.php\/produit\/hartmann-veroval-fievres-infrarouges\/#breadcrumb\",\"itemListElement\":[{\"@type\":\"ListItem\",\"position\":1,\"name\":\"Accueil\",\"item\":\"https:\/\/paracherkaoui.ma\/\"},{\"@type\":\"ListItem\",\"position\":2,\"name\":\"Boutique\",\"item\":\"https:\/\/paracherkaoui.ma\/index.php\/boutique\/\"},{\"@type\":\"ListItem\",\"position\":3,\"name\":\"HARTMANN VEROVAL FIEVRES INFRAROUGES\"}]},{\"@type\":\"WebSite\",\"@id\":\"https:\/\/paracherkaoui.ma\/#website\",\"url\":\"https:\/\/paracherkaoui.ma\/\",\"name\":\"Paracherkaoui.ma\",\"description\":\"Achetez en ligne sur Paracherkaoui.ma\",\"potentialAction\":[{\"@type\":\"SearchAction\",\"target\":{\"@type\":\"EntryPoint\",\"urlTemplate\":\"https:\/\/paracherkaoui.ma\/?s={search_term_string}\"},\"query-input\":{\"@type\":\"PropertyValueSpecification\",\"valueRequired\":true,\"valueName\":\"search_term_string\"}}],\"inLanguage\":\"fr-FR\"}]}<\/script>\r\n<!-- \/ Yoast SEO plugin. -->","yoast_head_json":{"title":"HARTMANN VEROVAL FIEVRES INFRAROUGES - Paracherkaoui.ma","robots":{"index":"index","follow":"follow","max-snippet":"max-snippet:-1","max-image-preview":"max-image-preview:large","max-video-preview":"max-video-preview:-1"},"canonical":"https:\/\/paracherkaoui.ma\/index.php\/produit\/hartmann-veroval-fievres-infrarouges\/","og_locale":"fr_FR","og_type":"article","og_title":"HARTMANN VEROVAL FIEVRES INFRAROUGES - Paracherkaoui.ma","og_description":"Le thermom\u00e8tre V\u00e9roval Fi\u00e8vre est un thermom\u00e8tre infrarouge 2 en 1 sp\u00e9cialement indiqu\u00e9 pour les prises de temp\u00e9rature des enfants","og_url":"https:\/\/paracherkaoui.ma\/index.php\/produit\/hartmann-veroval-fievres-infrarouges\/","og_site_name":"Paracherkaoui.ma","article_modified_time":"2025-12-12T18:36:09+00:00","og_image":[{"width":700,"height":700,"url":"https:\/\/paracherkaoui.ma\/wp-content\/uploads\/2025\/12\/hartmann-hartmann-veroval-fievres-infrarouges-accessoires.jpg","type":"image\/jpeg"}],"twitter_card":"summary_large_image","twitter_misc":{"Dur\u00e9e de lecture estim\u00e9e":"1 minute"},"schema":{"@context":"https:\/\/schema.org","@graph":[{"@type":"WebPage","@id":"https:\/\/paracherkaoui.ma\/index.php\/produit\/hartmann-veroval-fievres-infrarouges\/","url":"https:\/\/paracherkaoui.ma\/index.php\/produit\/hartmann-veroval-fievres-infrarouges\/","name":"HARTMANN VEROVAL FIEVRES INFRAROUGES - Paracherkaoui.ma","isPartOf":{"@id":"https:\/\/paracherkaoui.ma\/#website"},"primaryImageOfPage":{"@id":"https:\/\/paracherkaoui.ma\/index.php\/produit\/hartmann-veroval-fievres-infrarouges\/#primaryimage"},"image":{"@id":"https:\/\/paracherkaoui.ma\/index.php\/produit\/hartmann-veroval-fievres-infrarouges\/#primaryimage"},"thumbnailUrl":"https:\/\/paracherkaoui.ma\/wp-content\/uploads\/2025\/12\/hartmann-hartmann-veroval-fievres-infrarouges-accessoires.jpg","datePublished":"2025-12-12T18:36:05+00:00","dateModified":"2025-12-12T18:36:09+00:00","breadcrumb":{"@id":"https:\/\/paracherkaoui.ma\/index.php\/produit\/hartmann-veroval-fievres-infrarouges\/#breadcrumb"},"inLanguage":"fr-FR","potentialAction":[{"@type":"ReadAction","target":["https:\/\/paracherkaoui.ma\/index.php\/produit\/hartmann-veroval-fievres-infrarouges\/"]}]},{"@type":"ImageObject","inLanguage":"fr-FR","@id":"https:\/\/paracherkaoui.ma\/index.php\/produit\/hartmann-veroval-fievres-infrarouges\/#primaryimage","url":"https:\/\/paracherkaoui.ma\/wp-content\/uploads\/2025\/12\/hartmann-hartmann-veroval-fievres-infrarouges-accessoires.jpg","contentUrl":"https:\/\/paracherkaoui.ma\/wp-content\/uploads\/2025\/12\/hartmann-hartmann-veroval-fievres-infrarouges-accessoires.jpg","width":700,"height":700},{"@type":"BreadcrumbList","@id":"https:\/\/paracherkaoui.ma\/index.php\/produit\/hartmann-veroval-fievres-infrarouges\/#breadcrumb","itemListElement":[{"@type":"ListItem","position":1,"name":"Accueil","item":"https:\/\/paracherkaoui.ma\/"},{"@type":"ListItem","position":2,"name":"Boutique","item":"https:\/\/paracherkaoui.ma\/index.php\/boutique\/"},{"@type":"ListItem","position":3,"name":"HARTMANN VEROVAL FIEVRES INFRAROUGES"}]},{"@type":"WebSite","@id":"https:\/\/paracherkaoui.ma\/#website","url":"https:\/\/paracherkaoui.ma\/","name":"Paracherkaoui.ma","description":"Achetez en ligne sur Paracherkaoui.ma","potentialAction":[{"@type":"SearchAction","target":{"@type":"EntryPoint","urlTemplate":"https:\/\/paracherkaoui.ma\/?s={search_term_string}"},"query-input":{"@type":"PropertyValueSpecification","valueRequired":true,"valueName":"search_term_string"}}],"inLanguage":"fr-FR"}]}},"_links":{"self":[{"href":"https:\/\/paracherkaoui.ma\/index.php\/wp-json\/wp\/v2\/product\/52406","targetHints":{"allow":["GET"]}}],"collection":[{"href":"https:\/\/paracherkaoui.ma\/index.php\/wp-json\/wp\/v2\/product"}],"about":[{"href":"https:\/\/paracherkaoui.ma\/index.php\/wp-json\/wp\/v2\/types\/product"}],"replies":[{"embeddable":true,"href":"https:\/\/paracherkaoui.ma\/index.php\/wp-json\/wp\/v2\/comments?post=52406"}],"version-history":[{"count":1,"href":"https:\/\/paracherkaoui.ma\/index.php\/wp-json\/wp\/v2\/product\/52406\/revisions"}],"predecessor-version":[{"id":52442,"href":"https:\/\/paracherkaoui.ma\/index.php\/wp-json\/wp\/v2\/product\/52406\/revisions\/52442"}],"wp:featuredmedia":[{"embeddable":true,"href":"https:\/\/paracherkaoui.ma\/index.php\/wp-json\/wp\/v2\/media\/52441"}],"wp:attachment":[{"href":"https:\/\/paracherkaoui.ma\/index.php\/wp-json\/wp\/v2\/media?parent=52406"}],"wp:term":[{"taxonomy":"product_brand","embeddable":true,"href":"https:\/\/paracherkaoui.ma\/index.php\/wp-json\/wp\/v2\/product_brand?post=52406"},{"taxonomy":"product_cat","embeddable":true,"href":"https:\/\/paracherkaoui.ma\/index.php\/wp-json\/wp\/v2\/product_cat?post=52406"},{"taxonomy":"product_tag","embeddable":true,"href":"https:\/\/paracherkaoui.ma\/index.php\/wp-json\/wp\/v2\/product_tag?post=52406"}],"curies":[{"name":"wp","href":"https:\/\/api.w.org\/{rel}","templated":true}]}}