{"id":52323,"date":"2025-12-12T19:35:55","date_gmt":"2025-12-12T18:35:55","guid":{"rendered":"https:\/\/test.ecbeaute.com\/?post_type=product&#038;p=52323"},"modified":"2025-12-12T19:36:00","modified_gmt":"2025-12-12T18:36:00","slug":"bionime-bandelette-reactive-gs300-pour-lecteur-bionime-gm300-25-unites-2","status":"publish","type":"product","link":"https:\/\/paracherkaoui.ma\/index.php\/produit\/bionime-bandelette-reactive-gs300-pour-lecteur-bionime-gm300-25-unites-2\/","title":{"rendered":"BIONIME BANDELETTE REACTIVE GS300 POUR LECTEUR BIONIME GM300 25 UNITES"},"content":{"rendered":"<p>La grande bandelette de test, tr\u00e8s absorbante, assure un pr\u00e9l\u00e8vement de sang fiable et propre surdiff\u00e9rentes parties du corps.Hygi\u00e8ne et propret\u00e9 sont prioritaires dans la conception du BIONIME, et il n\u2019y a aucun contact avec lesang m\u00eame lors du retrait de la bandelette.Flacon de transport permettant la saisie facile des bandelettes Grandes tailles, Rigides, faciles \u00e0 saisir Flacon de transport permettant la saisie facile des bandelettes<\/p>\n","protected":false},"excerpt":{"rendered":"<p>La grande bandelette de test, tr\u00e8s absorbante, assure un pr\u00e9l\u00e8vement de sang fiable et propre surdiff\u00e9rentes parties du corps.Hygi\u00e8ne et<\/p>\n","protected":false},"featured_media":52104,"comment_status":"open","ping_status":"closed","template":"","meta":[],"product_brand":[977],"product_cat":[991],"product_tag":[],"class_list":{"0":"post-52323","1":"product","2":"type-product","3":"status-publish","4":"has-post-thumbnail","6":"product_brand-bionime","7":"product_cat-materiels-medicaux","9":"first","10":"instock","11":"shipping-taxable","12":"purchasable","13":"product-type-simple"},"yoast_head":"<!-- This site is optimized with the Yoast SEO plugin v26.6 - https:\/\/yoast.com\/wordpress\/plugins\/seo\/ -->\r\n<title>BIONIME BANDELETTE REACTIVE GS300 POUR LECTEUR BIONIME GM300 25 UNITES - Paracherkaoui.ma<\/title>\r\n<meta name=\"robots\" content=\"index, follow, max-snippet:-1, max-image-preview:large, max-video-preview:-1\" \/>\r\n<link rel=\"canonical\" href=\"https:\/\/paracherkaoui.ma\/index.php\/produit\/bionime-bandelette-reactive-gs300-pour-lecteur-bionime-gm300-25-unites-2\/\" \/>\r\n<meta property=\"og:locale\" content=\"fr_FR\" \/>\r\n<meta property=\"og:type\" content=\"article\" \/>\r\n<meta property=\"og:title\" content=\"BIONIME BANDELETTE REACTIVE GS300 POUR LECTEUR BIONIME GM300 25 UNITES - Paracherkaoui.ma\" \/>\r\n<meta property=\"og:description\" content=\"La grande bandelette de test, tr\u00e8s absorbante, assure un pr\u00e9l\u00e8vement de sang fiable et propre surdiff\u00e9rentes parties du corps.Hygi\u00e8ne et\" \/>\r\n<meta property=\"og:url\" content=\"https:\/\/paracherkaoui.ma\/index.php\/produit\/bionime-bandelette-reactive-gs300-pour-lecteur-bionime-gm300-25-unites-2\/\" \/>\r\n<meta property=\"og:site_name\" content=\"Paracherkaoui.ma\" \/>\r\n<meta property=\"article:modified_time\" content=\"2025-12-12T18:36:00+00:00\" \/>\r\n<meta property=\"og:image\" content=\"https:\/\/paracherkaoui.ma\/wp-content\/uploads\/2025\/12\/bionime-bandelette-reactive-gs300-pour-lecteur-bionime-gm300-25-unites.jpg\" \/>\r\n\t<meta property=\"og:image:width\" content=\"700\" \/>\r\n\t<meta property=\"og:image:height\" content=\"700\" \/>\r\n\t<meta property=\"og:image:type\" content=\"image\/jpeg\" \/>\r\n<meta name=\"twitter:card\" content=\"summary_large_image\" \/>\r\n<script type=\"application\/ld+json\" class=\"yoast-schema-graph\">{\"@context\":\"https:\/\/schema.org\",\"@graph\":[{\"@type\":\"WebPage\",\"@id\":\"https:\/\/paracherkaoui.ma\/index.php\/produit\/bionime-bandelette-reactive-gs300-pour-lecteur-bionime-gm300-25-unites-2\/\",\"url\":\"https:\/\/paracherkaoui.ma\/index.php\/produit\/bionime-bandelette-reactive-gs300-pour-lecteur-bionime-gm300-25-unites-2\/\",\"name\":\"BIONIME BANDELETTE REACTIVE GS300 POUR LECTEUR BIONIME GM300 25 UNITES - Paracherkaoui.ma\",\"isPartOf\":{\"@id\":\"https:\/\/paracherkaoui.ma\/#website\"},\"primaryImageOfPage\":{\"@id\":\"https:\/\/paracherkaoui.ma\/index.php\/produit\/bionime-bandelette-reactive-gs300-pour-lecteur-bionime-gm300-25-unites-2\/#primaryimage\"},\"image\":{\"@id\":\"https:\/\/paracherkaoui.ma\/index.php\/produit\/bionime-bandelette-reactive-gs300-pour-lecteur-bionime-gm300-25-unites-2\/#primaryimage\"},\"thumbnailUrl\":\"https:\/\/paracherkaoui.ma\/wp-content\/uploads\/2025\/12\/bionime-bandelette-reactive-gs300-pour-lecteur-bionime-gm300-25-unites.jpg\",\"datePublished\":\"2025-12-12T18:35:55+00:00\",\"dateModified\":\"2025-12-12T18:36:00+00:00\",\"breadcrumb\":{\"@id\":\"https:\/\/paracherkaoui.ma\/index.php\/produit\/bionime-bandelette-reactive-gs300-pour-lecteur-bionime-gm300-25-unites-2\/#breadcrumb\"},\"inLanguage\":\"fr-FR\",\"potentialAction\":[{\"@type\":\"ReadAction\",\"target\":[\"https:\/\/paracherkaoui.ma\/index.php\/produit\/bionime-bandelette-reactive-gs300-pour-lecteur-bionime-gm300-25-unites-2\/\"]}]},{\"@type\":\"ImageObject\",\"inLanguage\":\"fr-FR\",\"@id\":\"https:\/\/paracherkaoui.ma\/index.php\/produit\/bionime-bandelette-reactive-gs300-pour-lecteur-bionime-gm300-25-unites-2\/#primaryimage\",\"url\":\"https:\/\/paracherkaoui.ma\/wp-content\/uploads\/2025\/12\/bionime-bandelette-reactive-gs300-pour-lecteur-bionime-gm300-25-unites.jpg\",\"contentUrl\":\"https:\/\/paracherkaoui.ma\/wp-content\/uploads\/2025\/12\/bionime-bandelette-reactive-gs300-pour-lecteur-bionime-gm300-25-unites.jpg\",\"width\":700,\"height\":700},{\"@type\":\"BreadcrumbList\",\"@id\":\"https:\/\/paracherkaoui.ma\/index.php\/produit\/bionime-bandelette-reactive-gs300-pour-lecteur-bionime-gm300-25-unites-2\/#breadcrumb\",\"itemListElement\":[{\"@type\":\"ListItem\",\"position\":1,\"name\":\"Accueil\",\"item\":\"https:\/\/paracherkaoui.ma\/\"},{\"@type\":\"ListItem\",\"position\":2,\"name\":\"Boutique\",\"item\":\"https:\/\/paracherkaoui.ma\/index.php\/boutique\/\"},{\"@type\":\"ListItem\",\"position\":3,\"name\":\"BIONIME BANDELETTE REACTIVE GS300 POUR LECTEUR BIONIME GM300 25 UNITES\"}]},{\"@type\":\"WebSite\",\"@id\":\"https:\/\/paracherkaoui.ma\/#website\",\"url\":\"https:\/\/paracherkaoui.ma\/\",\"name\":\"Paracherkaoui.ma\",\"description\":\"Achetez en ligne sur Paracherkaoui.ma\",\"potentialAction\":[{\"@type\":\"SearchAction\",\"target\":{\"@type\":\"EntryPoint\",\"urlTemplate\":\"https:\/\/paracherkaoui.ma\/?s={search_term_string}\"},\"query-input\":{\"@type\":\"PropertyValueSpecification\",\"valueRequired\":true,\"valueName\":\"search_term_string\"}}],\"inLanguage\":\"fr-FR\"}]}<\/script>\r\n<!-- \/ Yoast SEO plugin. -->","yoast_head_json":{"title":"BIONIME BANDELETTE REACTIVE GS300 POUR LECTEUR BIONIME GM300 25 UNITES - Paracherkaoui.ma","robots":{"index":"index","follow":"follow","max-snippet":"max-snippet:-1","max-image-preview":"max-image-preview:large","max-video-preview":"max-video-preview:-1"},"canonical":"https:\/\/paracherkaoui.ma\/index.php\/produit\/bionime-bandelette-reactive-gs300-pour-lecteur-bionime-gm300-25-unites-2\/","og_locale":"fr_FR","og_type":"article","og_title":"BIONIME BANDELETTE REACTIVE GS300 POUR LECTEUR BIONIME GM300 25 UNITES - Paracherkaoui.ma","og_description":"La grande bandelette de test, tr\u00e8s absorbante, assure un pr\u00e9l\u00e8vement de sang fiable et propre surdiff\u00e9rentes parties du corps.Hygi\u00e8ne et","og_url":"https:\/\/paracherkaoui.ma\/index.php\/produit\/bionime-bandelette-reactive-gs300-pour-lecteur-bionime-gm300-25-unites-2\/","og_site_name":"Paracherkaoui.ma","article_modified_time":"2025-12-12T18:36:00+00:00","og_image":[{"width":700,"height":700,"url":"https:\/\/paracherkaoui.ma\/wp-content\/uploads\/2025\/12\/bionime-bandelette-reactive-gs300-pour-lecteur-bionime-gm300-25-unites.jpg","type":"image\/jpeg"}],"twitter_card":"summary_large_image","schema":{"@context":"https:\/\/schema.org","@graph":[{"@type":"WebPage","@id":"https:\/\/paracherkaoui.ma\/index.php\/produit\/bionime-bandelette-reactive-gs300-pour-lecteur-bionime-gm300-25-unites-2\/","url":"https:\/\/paracherkaoui.ma\/index.php\/produit\/bionime-bandelette-reactive-gs300-pour-lecteur-bionime-gm300-25-unites-2\/","name":"BIONIME BANDELETTE REACTIVE GS300 POUR LECTEUR BIONIME GM300 25 UNITES - Paracherkaoui.ma","isPartOf":{"@id":"https:\/\/paracherkaoui.ma\/#website"},"primaryImageOfPage":{"@id":"https:\/\/paracherkaoui.ma\/index.php\/produit\/bionime-bandelette-reactive-gs300-pour-lecteur-bionime-gm300-25-unites-2\/#primaryimage"},"image":{"@id":"https:\/\/paracherkaoui.ma\/index.php\/produit\/bionime-bandelette-reactive-gs300-pour-lecteur-bionime-gm300-25-unites-2\/#primaryimage"},"thumbnailUrl":"https:\/\/paracherkaoui.ma\/wp-content\/uploads\/2025\/12\/bionime-bandelette-reactive-gs300-pour-lecteur-bionime-gm300-25-unites.jpg","datePublished":"2025-12-12T18:35:55+00:00","dateModified":"2025-12-12T18:36:00+00:00","breadcrumb":{"@id":"https:\/\/paracherkaoui.ma\/index.php\/produit\/bionime-bandelette-reactive-gs300-pour-lecteur-bionime-gm300-25-unites-2\/#breadcrumb"},"inLanguage":"fr-FR","potentialAction":[{"@type":"ReadAction","target":["https:\/\/paracherkaoui.ma\/index.php\/produit\/bionime-bandelette-reactive-gs300-pour-lecteur-bionime-gm300-25-unites-2\/"]}]},{"@type":"ImageObject","inLanguage":"fr-FR","@id":"https:\/\/paracherkaoui.ma\/index.php\/produit\/bionime-bandelette-reactive-gs300-pour-lecteur-bionime-gm300-25-unites-2\/#primaryimage","url":"https:\/\/paracherkaoui.ma\/wp-content\/uploads\/2025\/12\/bionime-bandelette-reactive-gs300-pour-lecteur-bionime-gm300-25-unites.jpg","contentUrl":"https:\/\/paracherkaoui.ma\/wp-content\/uploads\/2025\/12\/bionime-bandelette-reactive-gs300-pour-lecteur-bionime-gm300-25-unites.jpg","width":700,"height":700},{"@type":"BreadcrumbList","@id":"https:\/\/paracherkaoui.ma\/index.php\/produit\/bionime-bandelette-reactive-gs300-pour-lecteur-bionime-gm300-25-unites-2\/#breadcrumb","itemListElement":[{"@type":"ListItem","position":1,"name":"Accueil","item":"https:\/\/paracherkaoui.ma\/"},{"@type":"ListItem","position":2,"name":"Boutique","item":"https:\/\/paracherkaoui.ma\/index.php\/boutique\/"},{"@type":"ListItem","position":3,"name":"BIONIME BANDELETTE REACTIVE GS300 POUR LECTEUR BIONIME GM300 25 UNITES"}]},{"@type":"WebSite","@id":"https:\/\/paracherkaoui.ma\/#website","url":"https:\/\/paracherkaoui.ma\/","name":"Paracherkaoui.ma","description":"Achetez en ligne sur Paracherkaoui.ma","potentialAction":[{"@type":"SearchAction","target":{"@type":"EntryPoint","urlTemplate":"https:\/\/paracherkaoui.ma\/?s={search_term_string}"},"query-input":{"@type":"PropertyValueSpecification","valueRequired":true,"valueName":"search_term_string"}}],"inLanguage":"fr-FR"}]}},"_links":{"self":[{"href":"https:\/\/paracherkaoui.ma\/index.php\/wp-json\/wp\/v2\/product\/52323","targetHints":{"allow":["GET"]}}],"collection":[{"href":"https:\/\/paracherkaoui.ma\/index.php\/wp-json\/wp\/v2\/product"}],"about":[{"href":"https:\/\/paracherkaoui.ma\/index.php\/wp-json\/wp\/v2\/types\/product"}],"replies":[{"embeddable":true,"href":"https:\/\/paracherkaoui.ma\/index.php\/wp-json\/wp\/v2\/comments?post=52323"}],"version-history":[{"count":1,"href":"https:\/\/paracherkaoui.ma\/index.php\/wp-json\/wp\/v2\/product\/52323\/revisions"}],"predecessor-version":[{"id":52365,"href":"https:\/\/paracherkaoui.ma\/index.php\/wp-json\/wp\/v2\/product\/52323\/revisions\/52365"}],"wp:featuredmedia":[{"embeddable":true,"href":"https:\/\/paracherkaoui.ma\/index.php\/wp-json\/wp\/v2\/media\/52104"}],"wp:attachment":[{"href":"https:\/\/paracherkaoui.ma\/index.php\/wp-json\/wp\/v2\/media?parent=52323"}],"wp:term":[{"taxonomy":"product_brand","embeddable":true,"href":"https:\/\/paracherkaoui.ma\/index.php\/wp-json\/wp\/v2\/product_brand?post=52323"},{"taxonomy":"product_cat","embeddable":true,"href":"https:\/\/paracherkaoui.ma\/index.php\/wp-json\/wp\/v2\/product_cat?post=52323"},{"taxonomy":"product_tag","embeddable":true,"href":"https:\/\/paracherkaoui.ma\/index.php\/wp-json\/wp\/v2\/product_tag?post=52323"}],"curies":[{"name":"wp","href":"https:\/\/api.w.org\/{rel}","templated":true}]}}