{"id":50068,"date":"2025-12-12T19:30:37","date_gmt":"2025-12-12T18:30:37","guid":{"rendered":"https:\/\/test.ecbeaute.com\/?post_type=product&#038;p=50068"},"modified":"2025-12-12T19:30:40","modified_gmt":"2025-12-12T18:30:40","slug":"biokera-fresh-green-shot-shampoing-300-ml-2","status":"publish","type":"product","link":"https:\/\/paracherkaoui.ma\/index.php\/produit\/biokera-fresh-green-shot-shampoing-300-ml-2\/","title":{"rendered":"BIOKERA FRESH GREEN SHOT SHAMPOING 300 ML"},"content":{"rendered":"<p>Description:<br \/>\nLe\u00a0shampoing Green Shot\u00a0hydrate, nettoie et d\u00e9toxifie profond\u00e9ment les cheveux. Sa formule fabriqu\u00e9 \u00e0 partir d\u2019un cocktail d\u2019ingr\u00e9dients naturels s\u00e9lectionn\u00e9s lui procure une sensation de\u00a0fra\u00eecheur maximale et de vitalit\u00e9\u00a0pour profiter d\u2019une chevelure fresh. Parfum\u00e9e \u00e0 l\u2019ar\u00f4me de pomme pour une exp\u00e9rience\u2026 Yummy!Nous voulons que vous profitiez du pouvoir de la nature sans perte d\u2019efficacit\u00e9. Profitez de la ligne la\u00a0plus purifiante et d\u00e9tox\u00a0pour combattre le stress quotidien.Biokera Fresh\u00a0est un traitement capillaire organique qui n\u00e9 du besoin d\u2019un soin capillaire soutenable, v\u00e9gan et avec des ingr\u00e9dients naturels. Sa formule verte rafra\u00eechit, hydrate, calme et \u00e9quilibre votre chevelure. Son green cocktail contient:\u00a0Aloe Vera:\u00a0un actif naturel avec un grand pouvoir hydratant. Il fournit un profond nettoyage et \u00e9limine des impuret\u00e9s et le gras accumul\u00e9 pour laisser une chevelure brillante et forte.\u00a0Pomme:\u00a0elle est consid\u00e9r\u00e9 un \u00e9lixir de jeunesse, elle nourrit les cheveux et le cuir chevelu et pr\u00e9vient le vieillissement capillaire pr\u00e9matur\u00e9 gr\u00e2ce a son \u00e9lev\u00e9 contenu en vitamines, min\u00e9raux et antioxydants.\u00a0Mente:\u00a0le menthol rapporte un effet rafra\u00eechissant tr\u00e8s agr\u00e9able. A remarquer aussi pour ses propri\u00e9t\u00e9s\u00a0 hydratantes et tonifiantes pour \u00e9viter que les cheveux paraissent secs et sans vie.T\u00e9 vert:\u00a0un puissant antioxydant naturel et d\u00e9toxifiant, lui apportant force et brillance aux cheveux et pr\u00e9venant les l\u00e9g\u00e8res irritations.<br \/>\nConseils d&rsquo;utilisation<br \/>\nVous mouillez les cheveux avec de l\u2019eau ti\u00e8de et vous appliquez le\u00a0shampoing Green Shot\u00a0en le distribuant bien. Rincez et r\u00e9p\u00e9ter le proc\u00e8s, en laissant quelques minutes de temps d\u2019exposition et rincez \u00e0 l\u2019eau.<\/p>\n","protected":false},"excerpt":{"rendered":"<p>Description: Le\u00a0shampoing Green Shot\u00a0hydrate, nettoie et d\u00e9toxifie profond\u00e9ment les cheveux. Sa formule fabriqu\u00e9 \u00e0 partir d\u2019un cocktail d\u2019ingr\u00e9dients naturels s\u00e9lectionn\u00e9s<\/p>\n","protected":false},"featured_media":18348,"comment_status":"open","ping_status":"closed","template":"","meta":[],"product_brand":[191],"product_cat":[940],"product_tag":[],"class_list":{"0":"post-50068","1":"product","2":"type-product","3":"status-publish","4":"has-post-thumbnail","6":"product_brand-biokera","7":"product_cat-cosmetique-bio","9":"first","10":"instock","11":"sale","12":"shipping-taxable","13":"purchasable","14":"product-type-simple"},"yoast_head":"<!-- This site is optimized with the Yoast SEO plugin v26.6 - https:\/\/yoast.com\/wordpress\/plugins\/seo\/ -->\r\n<title>BIOKERA FRESH GREEN SHOT SHAMPOING 300 ML - Paracherkaoui.ma<\/title>\r\n<meta name=\"robots\" content=\"index, follow, max-snippet:-1, max-image-preview:large, max-video-preview:-1\" \/>\r\n<link rel=\"canonical\" href=\"https:\/\/paracherkaoui.ma\/index.php\/produit\/biokera-fresh-green-shot-shampoing-300-ml-2\/\" \/>\r\n<meta property=\"og:locale\" content=\"fr_FR\" \/>\r\n<meta property=\"og:type\" content=\"article\" \/>\r\n<meta property=\"og:title\" content=\"BIOKERA FRESH GREEN SHOT SHAMPOING 300 ML - Paracherkaoui.ma\" \/>\r\n<meta property=\"og:description\" content=\"Description: Le\u00a0shampoing Green Shot\u00a0hydrate, nettoie et d\u00e9toxifie profond\u00e9ment les cheveux. Sa formule fabriqu\u00e9 \u00e0 partir d\u2019un cocktail d\u2019ingr\u00e9dients naturels s\u00e9lectionn\u00e9s\" \/>\r\n<meta property=\"og:url\" content=\"https:\/\/paracherkaoui.ma\/index.php\/produit\/biokera-fresh-green-shot-shampoing-300-ml-2\/\" \/>\r\n<meta property=\"og:site_name\" content=\"Paracherkaoui.ma\" \/>\r\n<meta property=\"article:modified_time\" content=\"2025-12-12T18:30:40+00:00\" \/>\r\n<meta property=\"og:image\" content=\"https:\/\/paracherkaoui.ma\/wp-content\/uploads\/2025\/12\/biokera-biokera-fresh-green-shot-shampoing-300-ml-shampoings-usage-frequent.jpg\" \/>\r\n\t<meta property=\"og:image:width\" content=\"700\" \/>\r\n\t<meta property=\"og:image:height\" content=\"700\" \/>\r\n\t<meta property=\"og:image:type\" content=\"image\/jpeg\" \/>\r\n<meta name=\"twitter:card\" content=\"summary_large_image\" \/>\r\n<meta name=\"twitter:label1\" content=\"Dur\u00e9e de lecture estim\u00e9e\" \/>\n\t<meta name=\"twitter:data1\" content=\"1 minute\" \/>\r\n<script type=\"application\/ld+json\" class=\"yoast-schema-graph\">{\"@context\":\"https:\/\/schema.org\",\"@graph\":[{\"@type\":\"WebPage\",\"@id\":\"https:\/\/paracherkaoui.ma\/index.php\/produit\/biokera-fresh-green-shot-shampoing-300-ml-2\/\",\"url\":\"https:\/\/paracherkaoui.ma\/index.php\/produit\/biokera-fresh-green-shot-shampoing-300-ml-2\/\",\"name\":\"BIOKERA FRESH GREEN SHOT SHAMPOING 300 ML - Paracherkaoui.ma\",\"isPartOf\":{\"@id\":\"https:\/\/paracherkaoui.ma\/#website\"},\"primaryImageOfPage\":{\"@id\":\"https:\/\/paracherkaoui.ma\/index.php\/produit\/biokera-fresh-green-shot-shampoing-300-ml-2\/#primaryimage\"},\"image\":{\"@id\":\"https:\/\/paracherkaoui.ma\/index.php\/produit\/biokera-fresh-green-shot-shampoing-300-ml-2\/#primaryimage\"},\"thumbnailUrl\":\"https:\/\/paracherkaoui.ma\/wp-content\/uploads\/2025\/12\/biokera-biokera-fresh-green-shot-shampoing-300-ml-shampoings-usage-frequent.jpg\",\"datePublished\":\"2025-12-12T18:30:37+00:00\",\"dateModified\":\"2025-12-12T18:30:40+00:00\",\"breadcrumb\":{\"@id\":\"https:\/\/paracherkaoui.ma\/index.php\/produit\/biokera-fresh-green-shot-shampoing-300-ml-2\/#breadcrumb\"},\"inLanguage\":\"fr-FR\",\"potentialAction\":[{\"@type\":\"ReadAction\",\"target\":[\"https:\/\/paracherkaoui.ma\/index.php\/produit\/biokera-fresh-green-shot-shampoing-300-ml-2\/\"]}]},{\"@type\":\"ImageObject\",\"inLanguage\":\"fr-FR\",\"@id\":\"https:\/\/paracherkaoui.ma\/index.php\/produit\/biokera-fresh-green-shot-shampoing-300-ml-2\/#primaryimage\",\"url\":\"https:\/\/paracherkaoui.ma\/wp-content\/uploads\/2025\/12\/biokera-biokera-fresh-green-shot-shampoing-300-ml-shampoings-usage-frequent.jpg\",\"contentUrl\":\"https:\/\/paracherkaoui.ma\/wp-content\/uploads\/2025\/12\/biokera-biokera-fresh-green-shot-shampoing-300-ml-shampoings-usage-frequent.jpg\",\"width\":700,\"height\":700},{\"@type\":\"BreadcrumbList\",\"@id\":\"https:\/\/paracherkaoui.ma\/index.php\/produit\/biokera-fresh-green-shot-shampoing-300-ml-2\/#breadcrumb\",\"itemListElement\":[{\"@type\":\"ListItem\",\"position\":1,\"name\":\"Accueil\",\"item\":\"https:\/\/paracherkaoui.ma\/\"},{\"@type\":\"ListItem\",\"position\":2,\"name\":\"Boutique\",\"item\":\"https:\/\/paracherkaoui.ma\/index.php\/boutique\/\"},{\"@type\":\"ListItem\",\"position\":3,\"name\":\"BIOKERA FRESH GREEN SHOT SHAMPOING 300 ML\"}]},{\"@type\":\"WebSite\",\"@id\":\"https:\/\/paracherkaoui.ma\/#website\",\"url\":\"https:\/\/paracherkaoui.ma\/\",\"name\":\"Paracherkaoui.ma\",\"description\":\"Achetez en ligne sur Paracherkaoui.ma\",\"potentialAction\":[{\"@type\":\"SearchAction\",\"target\":{\"@type\":\"EntryPoint\",\"urlTemplate\":\"https:\/\/paracherkaoui.ma\/?s={search_term_string}\"},\"query-input\":{\"@type\":\"PropertyValueSpecification\",\"valueRequired\":true,\"valueName\":\"search_term_string\"}}],\"inLanguage\":\"fr-FR\"}]}<\/script>\r\n<!-- \/ Yoast SEO plugin. -->","yoast_head_json":{"title":"BIOKERA FRESH GREEN SHOT SHAMPOING 300 ML - Paracherkaoui.ma","robots":{"index":"index","follow":"follow","max-snippet":"max-snippet:-1","max-image-preview":"max-image-preview:large","max-video-preview":"max-video-preview:-1"},"canonical":"https:\/\/paracherkaoui.ma\/index.php\/produit\/biokera-fresh-green-shot-shampoing-300-ml-2\/","og_locale":"fr_FR","og_type":"article","og_title":"BIOKERA FRESH GREEN SHOT SHAMPOING 300 ML - Paracherkaoui.ma","og_description":"Description: Le\u00a0shampoing Green Shot\u00a0hydrate, nettoie et d\u00e9toxifie profond\u00e9ment les cheveux. Sa formule fabriqu\u00e9 \u00e0 partir d\u2019un cocktail d\u2019ingr\u00e9dients naturels s\u00e9lectionn\u00e9s","og_url":"https:\/\/paracherkaoui.ma\/index.php\/produit\/biokera-fresh-green-shot-shampoing-300-ml-2\/","og_site_name":"Paracherkaoui.ma","article_modified_time":"2025-12-12T18:30:40+00:00","og_image":[{"width":700,"height":700,"url":"https:\/\/paracherkaoui.ma\/wp-content\/uploads\/2025\/12\/biokera-biokera-fresh-green-shot-shampoing-300-ml-shampoings-usage-frequent.jpg","type":"image\/jpeg"}],"twitter_card":"summary_large_image","twitter_misc":{"Dur\u00e9e de lecture estim\u00e9e":"1 minute"},"schema":{"@context":"https:\/\/schema.org","@graph":[{"@type":"WebPage","@id":"https:\/\/paracherkaoui.ma\/index.php\/produit\/biokera-fresh-green-shot-shampoing-300-ml-2\/","url":"https:\/\/paracherkaoui.ma\/index.php\/produit\/biokera-fresh-green-shot-shampoing-300-ml-2\/","name":"BIOKERA FRESH GREEN SHOT SHAMPOING 300 ML - Paracherkaoui.ma","isPartOf":{"@id":"https:\/\/paracherkaoui.ma\/#website"},"primaryImageOfPage":{"@id":"https:\/\/paracherkaoui.ma\/index.php\/produit\/biokera-fresh-green-shot-shampoing-300-ml-2\/#primaryimage"},"image":{"@id":"https:\/\/paracherkaoui.ma\/index.php\/produit\/biokera-fresh-green-shot-shampoing-300-ml-2\/#primaryimage"},"thumbnailUrl":"https:\/\/paracherkaoui.ma\/wp-content\/uploads\/2025\/12\/biokera-biokera-fresh-green-shot-shampoing-300-ml-shampoings-usage-frequent.jpg","datePublished":"2025-12-12T18:30:37+00:00","dateModified":"2025-12-12T18:30:40+00:00","breadcrumb":{"@id":"https:\/\/paracherkaoui.ma\/index.php\/produit\/biokera-fresh-green-shot-shampoing-300-ml-2\/#breadcrumb"},"inLanguage":"fr-FR","potentialAction":[{"@type":"ReadAction","target":["https:\/\/paracherkaoui.ma\/index.php\/produit\/biokera-fresh-green-shot-shampoing-300-ml-2\/"]}]},{"@type":"ImageObject","inLanguage":"fr-FR","@id":"https:\/\/paracherkaoui.ma\/index.php\/produit\/biokera-fresh-green-shot-shampoing-300-ml-2\/#primaryimage","url":"https:\/\/paracherkaoui.ma\/wp-content\/uploads\/2025\/12\/biokera-biokera-fresh-green-shot-shampoing-300-ml-shampoings-usage-frequent.jpg","contentUrl":"https:\/\/paracherkaoui.ma\/wp-content\/uploads\/2025\/12\/biokera-biokera-fresh-green-shot-shampoing-300-ml-shampoings-usage-frequent.jpg","width":700,"height":700},{"@type":"BreadcrumbList","@id":"https:\/\/paracherkaoui.ma\/index.php\/produit\/biokera-fresh-green-shot-shampoing-300-ml-2\/#breadcrumb","itemListElement":[{"@type":"ListItem","position":1,"name":"Accueil","item":"https:\/\/paracherkaoui.ma\/"},{"@type":"ListItem","position":2,"name":"Boutique","item":"https:\/\/paracherkaoui.ma\/index.php\/boutique\/"},{"@type":"ListItem","position":3,"name":"BIOKERA FRESH GREEN SHOT SHAMPOING 300 ML"}]},{"@type":"WebSite","@id":"https:\/\/paracherkaoui.ma\/#website","url":"https:\/\/paracherkaoui.ma\/","name":"Paracherkaoui.ma","description":"Achetez en ligne sur Paracherkaoui.ma","potentialAction":[{"@type":"SearchAction","target":{"@type":"EntryPoint","urlTemplate":"https:\/\/paracherkaoui.ma\/?s={search_term_string}"},"query-input":{"@type":"PropertyValueSpecification","valueRequired":true,"valueName":"search_term_string"}}],"inLanguage":"fr-FR"}]}},"_links":{"self":[{"href":"https:\/\/paracherkaoui.ma\/index.php\/wp-json\/wp\/v2\/product\/50068","targetHints":{"allow":["GET"]}}],"collection":[{"href":"https:\/\/paracherkaoui.ma\/index.php\/wp-json\/wp\/v2\/product"}],"about":[{"href":"https:\/\/paracherkaoui.ma\/index.php\/wp-json\/wp\/v2\/types\/product"}],"replies":[{"embeddable":true,"href":"https:\/\/paracherkaoui.ma\/index.php\/wp-json\/wp\/v2\/comments?post=50068"}],"version-history":[{"count":1,"href":"https:\/\/paracherkaoui.ma\/index.php\/wp-json\/wp\/v2\/product\/50068\/revisions"}],"predecessor-version":[{"id":50105,"href":"https:\/\/paracherkaoui.ma\/index.php\/wp-json\/wp\/v2\/product\/50068\/revisions\/50105"}],"wp:featuredmedia":[{"embeddable":true,"href":"https:\/\/paracherkaoui.ma\/index.php\/wp-json\/wp\/v2\/media\/18348"}],"wp:attachment":[{"href":"https:\/\/paracherkaoui.ma\/index.php\/wp-json\/wp\/v2\/media?parent=50068"}],"wp:term":[{"taxonomy":"product_brand","embeddable":true,"href":"https:\/\/paracherkaoui.ma\/index.php\/wp-json\/wp\/v2\/product_brand?post=50068"},{"taxonomy":"product_cat","embeddable":true,"href":"https:\/\/paracherkaoui.ma\/index.php\/wp-json\/wp\/v2\/product_cat?post=50068"},{"taxonomy":"product_tag","embeddable":true,"href":"https:\/\/paracherkaoui.ma\/index.php\/wp-json\/wp\/v2\/product_tag?post=50068"}],"curies":[{"name":"wp","href":"https:\/\/api.w.org\/{rel}","templated":true}]}}