{"id":49575,"date":"2025-12-12T19:29:34","date_gmt":"2025-12-12T18:29:34","guid":{"rendered":"https:\/\/test.ecbeaute.com\/?post_type=product&#038;p=49575"},"modified":"2025-12-12T19:29:38","modified_gmt":"2025-12-12T18:29:38","slug":"perfect-ted-matcha-latte-vanilla-250ml","status":"publish","type":"product","link":"https:\/\/paracherkaoui.ma\/index.php\/produit\/perfect-ted-matcha-latte-vanilla-250ml\/","title":{"rendered":"PERFECT TED MATCHA LATTE VANILLA 250ML"},"content":{"rendered":"<p>C&rsquo;est la boisson id\u00e9ale pour ceux qui recherchent une alternative saine et d\u00e9licieuse au caf\u00e9, offrant un regain d&rsquo;\u00e9nergie doux et une clart\u00e9 d&rsquo;esprit durable, le tout dans un format pratique et pr\u00eat \u00e0 boire.<br \/>\nPerfectTed vous invite \u00e0 d\u00e9couvrir votre nouveau matcha latte \u00e0 la vanille incontournable, parfaitement frais et con\u00e7u pour \u00e9veiller vos sens. Chaque gorg\u00e9e est une invitation \u00e0 la s\u00e9r\u00e9nit\u00e9 et \u00e0 la vitalit\u00e9. Ce n&rsquo;est pas un hasard si ce latte est si sp\u00e9cial : il est pr\u00e9par\u00e9 avec du matcha de qualit\u00e9 c\u00e9r\u00e9monielle, directement issu des contreforts du Japon. Ce matcha de la plus haute qualit\u00e9 est r\u00e9put\u00e9 pour sa saveur umami riche, sa couleur verte vibrante et sa concentration exceptionnelle en antioxydants, offrant des bienfaits in\u00e9gal\u00e9s pour votre corps et votre esprit.<br \/>\nLe secret de son onctuosit\u00e9 et de son go\u00fbt d\u00e9licat r\u00e9side dans l&rsquo;utilisation de lait d&rsquo;avoine cr\u00e9meux, qui se marie \u00e0 merveille avec les notes v\u00e9g\u00e9tales du matcha et la douceur parfum\u00e9e de la vanille. Le r\u00e9sultat est un m\u00e9lange parfaitement \u00e9quilibr\u00e9, naturellement savoureux, sans l&rsquo;amertume que l&rsquo;on peut parfois retrouver dans les th\u00e9s verts. Et pour couronner le tout, ce latte est naturellement sucr\u00e9 \u00e0 l&rsquo;agave, garantissant une douceur juste comme il faut, sans l&rsquo;ajout de sucre raffin\u00e9 ou d&rsquo;\u00e9dulcorants artificiels. Vous pouvez ainsi savourer chaque gorg\u00e9e en toute conscience, sachant que vous faites un choix sain pour votre bien-\u00eatre.<br \/>\nAvec ses 60 mg de caf\u00e9ine, soit l&rsquo;\u00e9quivalent d&rsquo;un expresso, ce matcha latte vous offre le coup de fouet n\u00e9cessaire pour d\u00e9marrer votre journ\u00e9e ou surmonter un coup de fatigue, mais sans la nervosit\u00e9 ou les pics d&rsquo;\u00e9nergie. La caf\u00e9ine du matcha, combin\u00e9e \u00e0 la L-th\u00e9anine, est lib\u00e9r\u00e9e progressivement, vous procurant une \u00e9nergie stable et une meilleure concentration tout au long de la journ\u00e9e. Parfait pour une pause d\u00e9tente, une collation saine ou un boost avant l&rsquo;entra\u00eenement, le PerfectTed Matcha Latte Vanille est la solution id\u00e9ale pour rester frais, concentr\u00e9 et hydrat\u00e9, o\u00f9 que vous soyez.<br \/>\nConseils d&rsquo;utilisation :<br \/>\nLe PerfectTed Matcha Latte Vanille est con\u00e7u pour \u00eatre savour\u00e9 frais. Conservez-le au r\u00e9frig\u00e9rateur et servez-le bien frais pour une exp\u00e9rience gustative optimale.<\/p>\n","protected":false},"excerpt":{"rendered":"<p>C&rsquo;est la boisson id\u00e9ale pour ceux qui recherchent une alternative saine et d\u00e9licieuse au caf\u00e9, offrant un regain d&rsquo;\u00e9nergie doux<\/p>\n","protected":false},"featured_media":49615,"comment_status":"open","ping_status":"closed","template":"","meta":[],"product_brand":[931],"product_cat":[877],"product_tag":[],"class_list":{"0":"post-49575","1":"product","2":"type-product","3":"status-publish","4":"has-post-thumbnail","6":"product_brand-perfect-ted","7":"product_cat-alimentation-bio-et-naturel","9":"first","10":"instock","11":"shipping-taxable","12":"purchasable","13":"product-type-simple"},"yoast_head":"<!-- This site is optimized with the Yoast SEO plugin v26.6 - https:\/\/yoast.com\/wordpress\/plugins\/seo\/ -->\r\n<title>PERFECT TED MATCHA LATTE VANILLA 250ML - Paracherkaoui.ma<\/title>\r\n<meta name=\"robots\" content=\"index, follow, max-snippet:-1, max-image-preview:large, max-video-preview:-1\" \/>\r\n<link rel=\"canonical\" href=\"https:\/\/paracherkaoui.ma\/index.php\/produit\/perfect-ted-matcha-latte-vanilla-250ml\/\" \/>\r\n<meta property=\"og:locale\" content=\"fr_FR\" \/>\r\n<meta property=\"og:type\" content=\"article\" \/>\r\n<meta property=\"og:title\" content=\"PERFECT TED MATCHA LATTE VANILLA 250ML - Paracherkaoui.ma\" \/>\r\n<meta property=\"og:description\" content=\"C&rsquo;est la boisson id\u00e9ale pour ceux qui recherchent une alternative saine et d\u00e9licieuse au caf\u00e9, offrant un regain d&rsquo;\u00e9nergie doux\" \/>\r\n<meta property=\"og:url\" content=\"https:\/\/paracherkaoui.ma\/index.php\/produit\/perfect-ted-matcha-latte-vanilla-250ml\/\" \/>\r\n<meta property=\"og:site_name\" content=\"Paracherkaoui.ma\" \/>\r\n<meta property=\"article:modified_time\" content=\"2025-12-12T18:29:38+00:00\" \/>\r\n<meta property=\"og:image\" content=\"https:\/\/paracherkaoui.ma\/wp-content\/uploads\/2025\/12\/perfect-ted-perfect-ted-matcha-latte-vanilla-250ml-the-tisanes-et-infusions.jpg\" \/>\r\n\t<meta property=\"og:image:width\" content=\"700\" \/>\r\n\t<meta property=\"og:image:height\" content=\"700\" \/>\r\n\t<meta property=\"og:image:type\" content=\"image\/jpeg\" \/>\r\n<meta name=\"twitter:card\" content=\"summary_large_image\" \/>\r\n<meta name=\"twitter:label1\" content=\"Dur\u00e9e de lecture estim\u00e9e\" \/>\n\t<meta name=\"twitter:data1\" content=\"2 minutes\" \/>\r\n<script type=\"application\/ld+json\" class=\"yoast-schema-graph\">{\"@context\":\"https:\/\/schema.org\",\"@graph\":[{\"@type\":\"WebPage\",\"@id\":\"https:\/\/paracherkaoui.ma\/index.php\/produit\/perfect-ted-matcha-latte-vanilla-250ml\/\",\"url\":\"https:\/\/paracherkaoui.ma\/index.php\/produit\/perfect-ted-matcha-latte-vanilla-250ml\/\",\"name\":\"PERFECT TED MATCHA LATTE VANILLA 250ML - Paracherkaoui.ma\",\"isPartOf\":{\"@id\":\"https:\/\/paracherkaoui.ma\/#website\"},\"primaryImageOfPage\":{\"@id\":\"https:\/\/paracherkaoui.ma\/index.php\/produit\/perfect-ted-matcha-latte-vanilla-250ml\/#primaryimage\"},\"image\":{\"@id\":\"https:\/\/paracherkaoui.ma\/index.php\/produit\/perfect-ted-matcha-latte-vanilla-250ml\/#primaryimage\"},\"thumbnailUrl\":\"https:\/\/paracherkaoui.ma\/wp-content\/uploads\/2025\/12\/perfect-ted-perfect-ted-matcha-latte-vanilla-250ml-the-tisanes-et-infusions.jpg\",\"datePublished\":\"2025-12-12T18:29:34+00:00\",\"dateModified\":\"2025-12-12T18:29:38+00:00\",\"breadcrumb\":{\"@id\":\"https:\/\/paracherkaoui.ma\/index.php\/produit\/perfect-ted-matcha-latte-vanilla-250ml\/#breadcrumb\"},\"inLanguage\":\"fr-FR\",\"potentialAction\":[{\"@type\":\"ReadAction\",\"target\":[\"https:\/\/paracherkaoui.ma\/index.php\/produit\/perfect-ted-matcha-latte-vanilla-250ml\/\"]}]},{\"@type\":\"ImageObject\",\"inLanguage\":\"fr-FR\",\"@id\":\"https:\/\/paracherkaoui.ma\/index.php\/produit\/perfect-ted-matcha-latte-vanilla-250ml\/#primaryimage\",\"url\":\"https:\/\/paracherkaoui.ma\/wp-content\/uploads\/2025\/12\/perfect-ted-perfect-ted-matcha-latte-vanilla-250ml-the-tisanes-et-infusions.jpg\",\"contentUrl\":\"https:\/\/paracherkaoui.ma\/wp-content\/uploads\/2025\/12\/perfect-ted-perfect-ted-matcha-latte-vanilla-250ml-the-tisanes-et-infusions.jpg\",\"width\":700,\"height\":700},{\"@type\":\"BreadcrumbList\",\"@id\":\"https:\/\/paracherkaoui.ma\/index.php\/produit\/perfect-ted-matcha-latte-vanilla-250ml\/#breadcrumb\",\"itemListElement\":[{\"@type\":\"ListItem\",\"position\":1,\"name\":\"Accueil\",\"item\":\"https:\/\/paracherkaoui.ma\/\"},{\"@type\":\"ListItem\",\"position\":2,\"name\":\"Boutique\",\"item\":\"https:\/\/paracherkaoui.ma\/index.php\/boutique\/\"},{\"@type\":\"ListItem\",\"position\":3,\"name\":\"PERFECT TED MATCHA LATTE VANILLA 250ML\"}]},{\"@type\":\"WebSite\",\"@id\":\"https:\/\/paracherkaoui.ma\/#website\",\"url\":\"https:\/\/paracherkaoui.ma\/\",\"name\":\"Paracherkaoui.ma\",\"description\":\"Achetez en ligne sur Paracherkaoui.ma\",\"potentialAction\":[{\"@type\":\"SearchAction\",\"target\":{\"@type\":\"EntryPoint\",\"urlTemplate\":\"https:\/\/paracherkaoui.ma\/?s={search_term_string}\"},\"query-input\":{\"@type\":\"PropertyValueSpecification\",\"valueRequired\":true,\"valueName\":\"search_term_string\"}}],\"inLanguage\":\"fr-FR\"}]}<\/script>\r\n<!-- \/ Yoast SEO plugin. -->","yoast_head_json":{"title":"PERFECT TED MATCHA LATTE VANILLA 250ML - Paracherkaoui.ma","robots":{"index":"index","follow":"follow","max-snippet":"max-snippet:-1","max-image-preview":"max-image-preview:large","max-video-preview":"max-video-preview:-1"},"canonical":"https:\/\/paracherkaoui.ma\/index.php\/produit\/perfect-ted-matcha-latte-vanilla-250ml\/","og_locale":"fr_FR","og_type":"article","og_title":"PERFECT TED MATCHA LATTE VANILLA 250ML - Paracherkaoui.ma","og_description":"C&rsquo;est la boisson id\u00e9ale pour ceux qui recherchent une alternative saine et d\u00e9licieuse au caf\u00e9, offrant un regain d&rsquo;\u00e9nergie doux","og_url":"https:\/\/paracherkaoui.ma\/index.php\/produit\/perfect-ted-matcha-latte-vanilla-250ml\/","og_site_name":"Paracherkaoui.ma","article_modified_time":"2025-12-12T18:29:38+00:00","og_image":[{"width":700,"height":700,"url":"https:\/\/paracherkaoui.ma\/wp-content\/uploads\/2025\/12\/perfect-ted-perfect-ted-matcha-latte-vanilla-250ml-the-tisanes-et-infusions.jpg","type":"image\/jpeg"}],"twitter_card":"summary_large_image","twitter_misc":{"Dur\u00e9e de lecture estim\u00e9e":"2 minutes"},"schema":{"@context":"https:\/\/schema.org","@graph":[{"@type":"WebPage","@id":"https:\/\/paracherkaoui.ma\/index.php\/produit\/perfect-ted-matcha-latte-vanilla-250ml\/","url":"https:\/\/paracherkaoui.ma\/index.php\/produit\/perfect-ted-matcha-latte-vanilla-250ml\/","name":"PERFECT TED MATCHA LATTE VANILLA 250ML - Paracherkaoui.ma","isPartOf":{"@id":"https:\/\/paracherkaoui.ma\/#website"},"primaryImageOfPage":{"@id":"https:\/\/paracherkaoui.ma\/index.php\/produit\/perfect-ted-matcha-latte-vanilla-250ml\/#primaryimage"},"image":{"@id":"https:\/\/paracherkaoui.ma\/index.php\/produit\/perfect-ted-matcha-latte-vanilla-250ml\/#primaryimage"},"thumbnailUrl":"https:\/\/paracherkaoui.ma\/wp-content\/uploads\/2025\/12\/perfect-ted-perfect-ted-matcha-latte-vanilla-250ml-the-tisanes-et-infusions.jpg","datePublished":"2025-12-12T18:29:34+00:00","dateModified":"2025-12-12T18:29:38+00:00","breadcrumb":{"@id":"https:\/\/paracherkaoui.ma\/index.php\/produit\/perfect-ted-matcha-latte-vanilla-250ml\/#breadcrumb"},"inLanguage":"fr-FR","potentialAction":[{"@type":"ReadAction","target":["https:\/\/paracherkaoui.ma\/index.php\/produit\/perfect-ted-matcha-latte-vanilla-250ml\/"]}]},{"@type":"ImageObject","inLanguage":"fr-FR","@id":"https:\/\/paracherkaoui.ma\/index.php\/produit\/perfect-ted-matcha-latte-vanilla-250ml\/#primaryimage","url":"https:\/\/paracherkaoui.ma\/wp-content\/uploads\/2025\/12\/perfect-ted-perfect-ted-matcha-latte-vanilla-250ml-the-tisanes-et-infusions.jpg","contentUrl":"https:\/\/paracherkaoui.ma\/wp-content\/uploads\/2025\/12\/perfect-ted-perfect-ted-matcha-latte-vanilla-250ml-the-tisanes-et-infusions.jpg","width":700,"height":700},{"@type":"BreadcrumbList","@id":"https:\/\/paracherkaoui.ma\/index.php\/produit\/perfect-ted-matcha-latte-vanilla-250ml\/#breadcrumb","itemListElement":[{"@type":"ListItem","position":1,"name":"Accueil","item":"https:\/\/paracherkaoui.ma\/"},{"@type":"ListItem","position":2,"name":"Boutique","item":"https:\/\/paracherkaoui.ma\/index.php\/boutique\/"},{"@type":"ListItem","position":3,"name":"PERFECT TED MATCHA LATTE VANILLA 250ML"}]},{"@type":"WebSite","@id":"https:\/\/paracherkaoui.ma\/#website","url":"https:\/\/paracherkaoui.ma\/","name":"Paracherkaoui.ma","description":"Achetez en ligne sur Paracherkaoui.ma","potentialAction":[{"@type":"SearchAction","target":{"@type":"EntryPoint","urlTemplate":"https:\/\/paracherkaoui.ma\/?s={search_term_string}"},"query-input":{"@type":"PropertyValueSpecification","valueRequired":true,"valueName":"search_term_string"}}],"inLanguage":"fr-FR"}]}},"_links":{"self":[{"href":"https:\/\/paracherkaoui.ma\/index.php\/wp-json\/wp\/v2\/product\/49575","targetHints":{"allow":["GET"]}}],"collection":[{"href":"https:\/\/paracherkaoui.ma\/index.php\/wp-json\/wp\/v2\/product"}],"about":[{"href":"https:\/\/paracherkaoui.ma\/index.php\/wp-json\/wp\/v2\/types\/product"}],"replies":[{"embeddable":true,"href":"https:\/\/paracherkaoui.ma\/index.php\/wp-json\/wp\/v2\/comments?post=49575"}],"version-history":[{"count":1,"href":"https:\/\/paracherkaoui.ma\/index.php\/wp-json\/wp\/v2\/product\/49575\/revisions"}],"predecessor-version":[{"id":49616,"href":"https:\/\/paracherkaoui.ma\/index.php\/wp-json\/wp\/v2\/product\/49575\/revisions\/49616"}],"wp:featuredmedia":[{"embeddable":true,"href":"https:\/\/paracherkaoui.ma\/index.php\/wp-json\/wp\/v2\/media\/49615"}],"wp:attachment":[{"href":"https:\/\/paracherkaoui.ma\/index.php\/wp-json\/wp\/v2\/media?parent=49575"}],"wp:term":[{"taxonomy":"product_brand","embeddable":true,"href":"https:\/\/paracherkaoui.ma\/index.php\/wp-json\/wp\/v2\/product_brand?post=49575"},{"taxonomy":"product_cat","embeddable":true,"href":"https:\/\/paracherkaoui.ma\/index.php\/wp-json\/wp\/v2\/product_cat?post=49575"},{"taxonomy":"product_tag","embeddable":true,"href":"https:\/\/paracherkaoui.ma\/index.php\/wp-json\/wp\/v2\/product_tag?post=49575"}],"curies":[{"name":"wp","href":"https:\/\/api.w.org\/{rel}","templated":true}]}}