{"id":48578,"date":"2025-12-12T19:27:27","date_gmt":"2025-12-12T18:27:27","guid":{"rendered":"https:\/\/test.ecbeaute.com\/?post_type=product&#038;p=48578"},"modified":"2025-12-12T19:27:31","modified_gmt":"2025-12-12T18:27:31","slug":"biotherm-homme-force-supreme-blue-serum-lp-xr-60ml","status":"publish","type":"product","link":"https:\/\/paracherkaoui.ma\/index.php\/produit\/biotherm-homme-force-supreme-blue-serum-lp-xr-60ml\/","title":{"rendered":"BIOTHERM HOMME FORCE SUPREME BLUE SERUM LP-XR 60ML"},"content":{"rendered":"<p>D\u00e9couvrez le Force Supreme Blue Serum 50ml de Biotherm Homme, le s\u00e9rum anti-\u00e2ge r\u00e9volutionnaire sp\u00e9cialement con\u00e7u pour la peau mature des hommes. Sa formule innovante agit efficacement contre les 10 signes du vieillissement, red\u00e9finissant les contours du visage, r\u00e9duisant les rides et am\u00e9liorant l\u2019\u00e9lasticit\u00e9 de la peau. Gr\u00e2ce \u00e0 sa texture l\u00e9g\u00e8re, non collante et \u00e0 absorption rapide, ce s\u00e9rum offre une exp\u00e9rience sensorielle unique, tout en revitalisant la peau en profondeur.<br \/>\nCe soin anti-\u00e2ge avanc\u00e9 int\u00e8gre des ingr\u00e9dients de pointe pour des r\u00e9sultats visibles. Enrichi en Plancton de Vie\u2122, il stimule la r\u00e9g\u00e9n\u00e9ration cellulaire, redonnant \u00e0 la peau vitalit\u00e9 et \u00e9clat. Le Pro-Xylane renforce la fermet\u00e9, tandis que le Pro-R\u00e9tinol lisse les ridules et restaure la surface de la peau pour un teint rajeuni et \u00e9clatant. D\u00e8s les premi\u00e8res applications, la peau semble plus ferme, tonifi\u00e9e et visiblement plus jeune.<br \/>\nEngag\u00e9 pour un avenir durable, le Force Supreme Blue Serum est biod\u00e9gradable \u00e0 90% et formul\u00e9 sans huile min\u00e9rale, parab\u00e8ne ou silicone. Son parfum propre et \u00e9co-con\u00e7u offre une exp\u00e9rience olfactive rafra\u00eechissante. De plus, l\u2019emballage utilise 20% de verre recycl\u00e9 et est 19% plus l\u00e9ger que les versions pr\u00e9c\u00e9dentes, r\u00e9duisant ainsi son impact environnemental.<br \/>\nConseils d\u2019utilisation :<br \/>\nAppliquer matin et soir sur une peau propre et s\u00e8che.<br \/>\nUtiliser 2 \u00e0 3 gouttes et masser d\u00e9licatement sur le visage et le cou.<br \/>\nCompl\u00e9ter avec une cr\u00e8me hydratante pour maximiser les bienfaits.<br \/>\nComposition :<br \/>\n&#8211; Plancton de VieTM : le \u00ab Vie \u00bb venant de sa puissante capacit\u00e9 \u00e0 r\u00e9g\u00e9n\u00e9rer la peau, le Plancton de VieTM contient 35 nutriments pr\u00e9sents dans la peau. On retrouve une incroyable synergie biologique dans cette formule entre le Plancton de VieTM et le reste des ingr\u00e9dients actifs. Gr\u00e2ce \u00e0 lui, le s\u00e9rum est enrichi en ingr\u00e9dients dont l\u2019action est amplifi\u00e9e, pour une efficacit\u00e9 forte et rapide sur l\u2019am\u00e9lioration des rides et l\u2019affaissement de la peau chez l\u2019homme.<br \/>\n&#8211; Pro-xylane : un actif anti-\u00e2ge issu du bois de h\u00eatre qui imite la capacit\u00e9 de r\u00e9g\u00e9n\u00e9ration de la peau. Il aide \u00e0 am\u00e9liorer la texture et la densit\u00e9 de la peau, favorise sa fermet\u00e9 et r\u00e9duit l&rsquo;apparence des rides.<br \/>\n&#8211; Pro-R\u00e9tinol : un d\u00e9riv\u00e9 du r\u00e9tinol convenant \u00e0 tous les types de peau, y compris les peaux sensibles. Utilisation matin et soir.<\/p>\n","protected":false},"excerpt":{"rendered":"<p>D\u00e9couvrez le Force Supreme Blue Serum 50ml de Biotherm Homme, le s\u00e9rum anti-\u00e2ge r\u00e9volutionnaire sp\u00e9cialement con\u00e7u pour la peau mature<\/p>\n","protected":false},"featured_media":48617,"comment_status":"open","ping_status":"closed","template":"","meta":[],"product_brand":[391],"product_cat":[875],"product_tag":[],"class_list":{"0":"post-48578","1":"product","2":"type-product","3":"status-publish","4":"has-post-thumbnail","6":"product_brand-biotherm","7":"product_cat-visage-et-corps","9":"first","10":"instock","11":"shipping-taxable","12":"purchasable","13":"product-type-simple"},"yoast_head":"<!-- This site is optimized with the Yoast SEO plugin v26.6 - https:\/\/yoast.com\/wordpress\/plugins\/seo\/ -->\r\n<title>BIOTHERM HOMME FORCE SUPREME BLUE SERUM LP-XR 60ML - Paracherkaoui.ma<\/title>\r\n<meta name=\"robots\" content=\"index, follow, max-snippet:-1, max-image-preview:large, max-video-preview:-1\" \/>\r\n<link rel=\"canonical\" href=\"https:\/\/paracherkaoui.ma\/index.php\/produit\/biotherm-homme-force-supreme-blue-serum-lp-xr-60ml\/\" \/>\r\n<meta property=\"og:locale\" content=\"fr_FR\" \/>\r\n<meta property=\"og:type\" content=\"article\" \/>\r\n<meta property=\"og:title\" content=\"BIOTHERM HOMME FORCE SUPREME BLUE SERUM LP-XR 60ML - Paracherkaoui.ma\" \/>\r\n<meta property=\"og:description\" content=\"D\u00e9couvrez le Force Supreme Blue Serum 50ml de Biotherm Homme, le s\u00e9rum anti-\u00e2ge r\u00e9volutionnaire sp\u00e9cialement con\u00e7u pour la peau mature\" \/>\r\n<meta property=\"og:url\" content=\"https:\/\/paracherkaoui.ma\/index.php\/produit\/biotherm-homme-force-supreme-blue-serum-lp-xr-60ml\/\" \/>\r\n<meta property=\"og:site_name\" content=\"Paracherkaoui.ma\" \/>\r\n<meta property=\"article:modified_time\" content=\"2025-12-12T18:27:31+00:00\" \/>\r\n<meta property=\"og:image\" content=\"https:\/\/paracherkaoui.ma\/wp-content\/uploads\/2025\/12\/biotherm-homme-force-supreme-blue-serum-lp-xr-60ml.jpg\" \/>\r\n\t<meta property=\"og:image:width\" content=\"700\" \/>\r\n\t<meta property=\"og:image:height\" content=\"700\" \/>\r\n\t<meta property=\"og:image:type\" content=\"image\/jpeg\" \/>\r\n<meta name=\"twitter:card\" content=\"summary_large_image\" \/>\r\n<meta name=\"twitter:label1\" content=\"Dur\u00e9e de lecture estim\u00e9e\" \/>\n\t<meta name=\"twitter:data1\" content=\"2 minutes\" \/>\r\n<script type=\"application\/ld+json\" class=\"yoast-schema-graph\">{\"@context\":\"https:\/\/schema.org\",\"@graph\":[{\"@type\":\"WebPage\",\"@id\":\"https:\/\/paracherkaoui.ma\/index.php\/produit\/biotherm-homme-force-supreme-blue-serum-lp-xr-60ml\/\",\"url\":\"https:\/\/paracherkaoui.ma\/index.php\/produit\/biotherm-homme-force-supreme-blue-serum-lp-xr-60ml\/\",\"name\":\"BIOTHERM HOMME FORCE SUPREME BLUE SERUM LP-XR 60ML - Paracherkaoui.ma\",\"isPartOf\":{\"@id\":\"https:\/\/paracherkaoui.ma\/#website\"},\"primaryImageOfPage\":{\"@id\":\"https:\/\/paracherkaoui.ma\/index.php\/produit\/biotherm-homme-force-supreme-blue-serum-lp-xr-60ml\/#primaryimage\"},\"image\":{\"@id\":\"https:\/\/paracherkaoui.ma\/index.php\/produit\/biotherm-homme-force-supreme-blue-serum-lp-xr-60ml\/#primaryimage\"},\"thumbnailUrl\":\"https:\/\/paracherkaoui.ma\/wp-content\/uploads\/2025\/12\/biotherm-homme-force-supreme-blue-serum-lp-xr-60ml.jpg\",\"datePublished\":\"2025-12-12T18:27:27+00:00\",\"dateModified\":\"2025-12-12T18:27:31+00:00\",\"breadcrumb\":{\"@id\":\"https:\/\/paracherkaoui.ma\/index.php\/produit\/biotherm-homme-force-supreme-blue-serum-lp-xr-60ml\/#breadcrumb\"},\"inLanguage\":\"fr-FR\",\"potentialAction\":[{\"@type\":\"ReadAction\",\"target\":[\"https:\/\/paracherkaoui.ma\/index.php\/produit\/biotherm-homme-force-supreme-blue-serum-lp-xr-60ml\/\"]}]},{\"@type\":\"ImageObject\",\"inLanguage\":\"fr-FR\",\"@id\":\"https:\/\/paracherkaoui.ma\/index.php\/produit\/biotherm-homme-force-supreme-blue-serum-lp-xr-60ml\/#primaryimage\",\"url\":\"https:\/\/paracherkaoui.ma\/wp-content\/uploads\/2025\/12\/biotherm-homme-force-supreme-blue-serum-lp-xr-60ml.jpg\",\"contentUrl\":\"https:\/\/paracherkaoui.ma\/wp-content\/uploads\/2025\/12\/biotherm-homme-force-supreme-blue-serum-lp-xr-60ml.jpg\",\"width\":700,\"height\":700},{\"@type\":\"BreadcrumbList\",\"@id\":\"https:\/\/paracherkaoui.ma\/index.php\/produit\/biotherm-homme-force-supreme-blue-serum-lp-xr-60ml\/#breadcrumb\",\"itemListElement\":[{\"@type\":\"ListItem\",\"position\":1,\"name\":\"Accueil\",\"item\":\"https:\/\/paracherkaoui.ma\/\"},{\"@type\":\"ListItem\",\"position\":2,\"name\":\"Boutique\",\"item\":\"https:\/\/paracherkaoui.ma\/index.php\/boutique\/\"},{\"@type\":\"ListItem\",\"position\":3,\"name\":\"BIOTHERM HOMME FORCE SUPREME BLUE SERUM LP-XR 60ML\"}]},{\"@type\":\"WebSite\",\"@id\":\"https:\/\/paracherkaoui.ma\/#website\",\"url\":\"https:\/\/paracherkaoui.ma\/\",\"name\":\"Paracherkaoui.ma\",\"description\":\"Achetez en ligne sur Paracherkaoui.ma\",\"potentialAction\":[{\"@type\":\"SearchAction\",\"target\":{\"@type\":\"EntryPoint\",\"urlTemplate\":\"https:\/\/paracherkaoui.ma\/?s={search_term_string}\"},\"query-input\":{\"@type\":\"PropertyValueSpecification\",\"valueRequired\":true,\"valueName\":\"search_term_string\"}}],\"inLanguage\":\"fr-FR\"}]}<\/script>\r\n<!-- \/ Yoast SEO plugin. -->","yoast_head_json":{"title":"BIOTHERM HOMME FORCE SUPREME BLUE SERUM LP-XR 60ML - Paracherkaoui.ma","robots":{"index":"index","follow":"follow","max-snippet":"max-snippet:-1","max-image-preview":"max-image-preview:large","max-video-preview":"max-video-preview:-1"},"canonical":"https:\/\/paracherkaoui.ma\/index.php\/produit\/biotherm-homme-force-supreme-blue-serum-lp-xr-60ml\/","og_locale":"fr_FR","og_type":"article","og_title":"BIOTHERM HOMME FORCE SUPREME BLUE SERUM LP-XR 60ML - Paracherkaoui.ma","og_description":"D\u00e9couvrez le Force Supreme Blue Serum 50ml de Biotherm Homme, le s\u00e9rum anti-\u00e2ge r\u00e9volutionnaire sp\u00e9cialement con\u00e7u pour la peau mature","og_url":"https:\/\/paracherkaoui.ma\/index.php\/produit\/biotherm-homme-force-supreme-blue-serum-lp-xr-60ml\/","og_site_name":"Paracherkaoui.ma","article_modified_time":"2025-12-12T18:27:31+00:00","og_image":[{"width":700,"height":700,"url":"https:\/\/paracherkaoui.ma\/wp-content\/uploads\/2025\/12\/biotherm-homme-force-supreme-blue-serum-lp-xr-60ml.jpg","type":"image\/jpeg"}],"twitter_card":"summary_large_image","twitter_misc":{"Dur\u00e9e de lecture estim\u00e9e":"2 minutes"},"schema":{"@context":"https:\/\/schema.org","@graph":[{"@type":"WebPage","@id":"https:\/\/paracherkaoui.ma\/index.php\/produit\/biotherm-homme-force-supreme-blue-serum-lp-xr-60ml\/","url":"https:\/\/paracherkaoui.ma\/index.php\/produit\/biotherm-homme-force-supreme-blue-serum-lp-xr-60ml\/","name":"BIOTHERM HOMME FORCE SUPREME BLUE SERUM LP-XR 60ML - Paracherkaoui.ma","isPartOf":{"@id":"https:\/\/paracherkaoui.ma\/#website"},"primaryImageOfPage":{"@id":"https:\/\/paracherkaoui.ma\/index.php\/produit\/biotherm-homme-force-supreme-blue-serum-lp-xr-60ml\/#primaryimage"},"image":{"@id":"https:\/\/paracherkaoui.ma\/index.php\/produit\/biotherm-homme-force-supreme-blue-serum-lp-xr-60ml\/#primaryimage"},"thumbnailUrl":"https:\/\/paracherkaoui.ma\/wp-content\/uploads\/2025\/12\/biotherm-homme-force-supreme-blue-serum-lp-xr-60ml.jpg","datePublished":"2025-12-12T18:27:27+00:00","dateModified":"2025-12-12T18:27:31+00:00","breadcrumb":{"@id":"https:\/\/paracherkaoui.ma\/index.php\/produit\/biotherm-homme-force-supreme-blue-serum-lp-xr-60ml\/#breadcrumb"},"inLanguage":"fr-FR","potentialAction":[{"@type":"ReadAction","target":["https:\/\/paracherkaoui.ma\/index.php\/produit\/biotherm-homme-force-supreme-blue-serum-lp-xr-60ml\/"]}]},{"@type":"ImageObject","inLanguage":"fr-FR","@id":"https:\/\/paracherkaoui.ma\/index.php\/produit\/biotherm-homme-force-supreme-blue-serum-lp-xr-60ml\/#primaryimage","url":"https:\/\/paracherkaoui.ma\/wp-content\/uploads\/2025\/12\/biotherm-homme-force-supreme-blue-serum-lp-xr-60ml.jpg","contentUrl":"https:\/\/paracherkaoui.ma\/wp-content\/uploads\/2025\/12\/biotherm-homme-force-supreme-blue-serum-lp-xr-60ml.jpg","width":700,"height":700},{"@type":"BreadcrumbList","@id":"https:\/\/paracherkaoui.ma\/index.php\/produit\/biotherm-homme-force-supreme-blue-serum-lp-xr-60ml\/#breadcrumb","itemListElement":[{"@type":"ListItem","position":1,"name":"Accueil","item":"https:\/\/paracherkaoui.ma\/"},{"@type":"ListItem","position":2,"name":"Boutique","item":"https:\/\/paracherkaoui.ma\/index.php\/boutique\/"},{"@type":"ListItem","position":3,"name":"BIOTHERM HOMME FORCE SUPREME BLUE SERUM LP-XR 60ML"}]},{"@type":"WebSite","@id":"https:\/\/paracherkaoui.ma\/#website","url":"https:\/\/paracherkaoui.ma\/","name":"Paracherkaoui.ma","description":"Achetez en ligne sur Paracherkaoui.ma","potentialAction":[{"@type":"SearchAction","target":{"@type":"EntryPoint","urlTemplate":"https:\/\/paracherkaoui.ma\/?s={search_term_string}"},"query-input":{"@type":"PropertyValueSpecification","valueRequired":true,"valueName":"search_term_string"}}],"inLanguage":"fr-FR"}]}},"_links":{"self":[{"href":"https:\/\/paracherkaoui.ma\/index.php\/wp-json\/wp\/v2\/product\/48578","targetHints":{"allow":["GET"]}}],"collection":[{"href":"https:\/\/paracherkaoui.ma\/index.php\/wp-json\/wp\/v2\/product"}],"about":[{"href":"https:\/\/paracherkaoui.ma\/index.php\/wp-json\/wp\/v2\/types\/product"}],"replies":[{"embeddable":true,"href":"https:\/\/paracherkaoui.ma\/index.php\/wp-json\/wp\/v2\/comments?post=48578"}],"version-history":[{"count":1,"href":"https:\/\/paracherkaoui.ma\/index.php\/wp-json\/wp\/v2\/product\/48578\/revisions"}],"predecessor-version":[{"id":48618,"href":"https:\/\/paracherkaoui.ma\/index.php\/wp-json\/wp\/v2\/product\/48578\/revisions\/48618"}],"wp:featuredmedia":[{"embeddable":true,"href":"https:\/\/paracherkaoui.ma\/index.php\/wp-json\/wp\/v2\/media\/48617"}],"wp:attachment":[{"href":"https:\/\/paracherkaoui.ma\/index.php\/wp-json\/wp\/v2\/media?parent=48578"}],"wp:term":[{"taxonomy":"product_brand","embeddable":true,"href":"https:\/\/paracherkaoui.ma\/index.php\/wp-json\/wp\/v2\/product_brand?post=48578"},{"taxonomy":"product_cat","embeddable":true,"href":"https:\/\/paracherkaoui.ma\/index.php\/wp-json\/wp\/v2\/product_cat?post=48578"},{"taxonomy":"product_tag","embeddable":true,"href":"https:\/\/paracherkaoui.ma\/index.php\/wp-json\/wp\/v2\/product_tag?post=48578"}],"curies":[{"name":"wp","href":"https:\/\/api.w.org\/{rel}","templated":true}]}}