{"id":48521,"date":"2025-12-12T19:27:21","date_gmt":"2025-12-12T18:27:21","guid":{"rendered":"https:\/\/test.ecbeaute.com\/?post_type=product&#038;p=48521"},"modified":"2025-12-12T19:27:26","modified_gmt":"2025-12-12T18:27:26","slug":"biotherm-homme-aquapower-advanced-gel-75-ml","status":"publish","type":"product","link":"https:\/\/paracherkaoui.ma\/index.php\/produit\/biotherm-homme-aquapower-advanced-gel-75-ml\/","title":{"rendered":"BIOTHERM HOMME AQUAPOWER ADVANCED GEL 75 ML"},"content":{"rendered":"<p>Le Biotherm Homme Aquapower Advanced Gel est bien plus qu\u2019un simple soin hydratant pour les hommes. Con\u00e7u pour r\u00e9pondre aux besoins sp\u00e9cifiques des peaux normales \u00e0 mixtes, ce gel frais et l\u00e9ger offre une hydratation longue dur\u00e9e et une sensation de confort in\u00e9gal\u00e9e. Gr\u00e2ce \u00e0 sa haute concentration en oligo-\u00e9l\u00e9ments essentiels, il renforce la barri\u00e8re cutan\u00e9e et pr\u00e9vient les signes de d\u00e9shydratation, laissant la peau imm\u00e9diatement plus douce, revitalis\u00e9e et \u00e9clatante de sant\u00e9. Sa texture gel p\u00e9n\u00e8tre instantan\u00e9ment sans laisser de film gras, offrant une fra\u00eecheur instantan\u00e9e d\u00e8s l&rsquo;application, id\u00e9ale pour les matins press\u00e9s ou apr\u00e8s le rasage. Vous ressentirez une sensation de fra\u00eecheur qui dure jusqu\u2019\u00e0 6 minutes apr\u00e8s l\u2019application, avec un effet revigorant unique, parfait pour les hommes actifs.<br \/>\nCe soin est \u00e9galement con\u00e7u pour lutter contre les agressions ext\u00e9rieures telles que la pollution et le stress, gr\u00e2ce \u00e0 une action protectrice qui renforce la barri\u00e8re cutan\u00e9e de 37 %. Utilis\u00e9 quotidiennement, il aide \u00e0 pr\u00e9server l&rsquo;\u00e9lasticit\u00e9 de la peau et \u00e0 \u00e9viter les tiraillements. Que ce soit en tant que soin quotidien ou apr\u00e8s une s\u00e9ance de sport, le Biotherm Homme Aquapower Advanced Gel est le compagnon id\u00e9al pour une peau hydrat\u00e9e, apais\u00e9e et rafra\u00eechie.<br \/>\nConseils d&rsquo;utilisation :<br \/>\nAppliquez matin et\/ou soir sur une peau propre et s\u00e8che, apr\u00e8s le nettoyage ou le rasage.<br \/>\nPrenez une noisette du gel et r\u00e9partissez-la uniform\u00e9ment sur l\u2019ensemble du visage.<br \/>\nConseils d&rsquo;utilisation :<br \/>\nAqua \/ Water \/ Eau \u2022 Dimethicone \u2022 Alcohol Denat. \u2022 Glycerin \u2022 Butylene Glycol \u2022 Butyrospermum Parkii Butter \/ Shea Butter \u2022 Ammonium Polyacryloyldimethyl Taurate \u2022 Prunus Armeniaca Kernel Oil \/ Apricot Kernel Oil \u2022 Glycine Soja Oil \/ Soybean Oil \u2022 Triticum Vulgare Seed Extract \/ Wheat Seed Extract \u2022 Urea \u2022 Aspartic Acid \u2022 Glucose \u2022 Fructose \u2022 Manganese Gluconate \u2022 2-Oleamido-1,3-Octadecanediol \u2022 Cholesterol \u2022 Alanine \u2022 Magnesium Gluconate \u2022 Ascorbyl Glucoside \u2022 Copper Gluconate \u2022 Sucrose \u2022 Vitreoscilla Ferment \u2022 Citric Acid \u2022 Trisodium Ethylenediamine Disuccinate \u2022 Biosaccharide Gum-1 \u2022 Maltodextrin \u2022 Panthenol \u2022 Menthoxypropanediol \u2022 Glutamic Acid \u2022 Dextrin \u2022 Hexyl Nicotinate \u2022 Hexylene Glycol \u2022 Tocopherol \u2022 Tocopheryl Acetate \u2022 Phenoxyethanol \u2022 Ci 19140 \/ Yellow 5 \u2022 Ci 42090 \/ Blue 1 \u2022 Linalool \u2022 Coumarin \u2022 Limonene \u2022 Hydroxycitronellal \u2022 Citral \u2022 Citronellol \u2022 Benzyl Alcohol \u2022 Benzyl Salicylate \u2022 Parfum \/ Fragrance (F.I.L. B274766\/1).<\/p>\n","protected":false},"excerpt":{"rendered":"<p>Le Biotherm Homme Aquapower Advanced Gel est bien plus qu\u2019un simple soin hydratant pour les hommes. Con\u00e7u pour r\u00e9pondre aux<\/p>\n","protected":false},"featured_media":48561,"comment_status":"open","ping_status":"closed","template":"","meta":[],"product_brand":[391],"product_cat":[875],"product_tag":[],"class_list":{"0":"post-48521","1":"product","2":"type-product","3":"status-publish","4":"has-post-thumbnail","6":"product_brand-biotherm","7":"product_cat-visage-et-corps","9":"first","10":"instock","11":"shipping-taxable","12":"purchasable","13":"product-type-simple"},"yoast_head":"<!-- This site is optimized with the Yoast SEO plugin v26.6 - https:\/\/yoast.com\/wordpress\/plugins\/seo\/ -->\r\n<title>BIOTHERM HOMME AQUAPOWER ADVANCED GEL 75 ML - Paracherkaoui.ma<\/title>\r\n<meta name=\"robots\" content=\"index, follow, max-snippet:-1, max-image-preview:large, max-video-preview:-1\" \/>\r\n<link rel=\"canonical\" href=\"https:\/\/paracherkaoui.ma\/index.php\/produit\/biotherm-homme-aquapower-advanced-gel-75-ml\/\" \/>\r\n<meta property=\"og:locale\" content=\"fr_FR\" \/>\r\n<meta property=\"og:type\" content=\"article\" \/>\r\n<meta property=\"og:title\" content=\"BIOTHERM HOMME AQUAPOWER ADVANCED GEL 75 ML - Paracherkaoui.ma\" \/>\r\n<meta property=\"og:description\" content=\"Le Biotherm Homme Aquapower Advanced Gel est bien plus qu\u2019un simple soin hydratant pour les hommes. Con\u00e7u pour r\u00e9pondre aux\" \/>\r\n<meta property=\"og:url\" content=\"https:\/\/paracherkaoui.ma\/index.php\/produit\/biotherm-homme-aquapower-advanced-gel-75-ml\/\" \/>\r\n<meta property=\"og:site_name\" content=\"Paracherkaoui.ma\" \/>\r\n<meta property=\"article:modified_time\" content=\"2025-12-12T18:27:26+00:00\" \/>\r\n<meta property=\"og:image\" content=\"https:\/\/paracherkaoui.ma\/wp-content\/uploads\/2025\/12\/biotherm-homme-aquapower-advanced-gel-75-ml.jpg\" \/>\r\n\t<meta property=\"og:image:width\" content=\"700\" \/>\r\n\t<meta property=\"og:image:height\" content=\"700\" \/>\r\n\t<meta property=\"og:image:type\" content=\"image\/jpeg\" \/>\r\n<meta name=\"twitter:card\" content=\"summary_large_image\" \/>\r\n<meta name=\"twitter:label1\" content=\"Dur\u00e9e de lecture estim\u00e9e\" \/>\n\t<meta name=\"twitter:data1\" content=\"2 minutes\" \/>\r\n<script type=\"application\/ld+json\" class=\"yoast-schema-graph\">{\"@context\":\"https:\/\/schema.org\",\"@graph\":[{\"@type\":\"WebPage\",\"@id\":\"https:\/\/paracherkaoui.ma\/index.php\/produit\/biotherm-homme-aquapower-advanced-gel-75-ml\/\",\"url\":\"https:\/\/paracherkaoui.ma\/index.php\/produit\/biotherm-homme-aquapower-advanced-gel-75-ml\/\",\"name\":\"BIOTHERM HOMME AQUAPOWER ADVANCED GEL 75 ML - Paracherkaoui.ma\",\"isPartOf\":{\"@id\":\"https:\/\/paracherkaoui.ma\/#website\"},\"primaryImageOfPage\":{\"@id\":\"https:\/\/paracherkaoui.ma\/index.php\/produit\/biotherm-homme-aquapower-advanced-gel-75-ml\/#primaryimage\"},\"image\":{\"@id\":\"https:\/\/paracherkaoui.ma\/index.php\/produit\/biotherm-homme-aquapower-advanced-gel-75-ml\/#primaryimage\"},\"thumbnailUrl\":\"https:\/\/paracherkaoui.ma\/wp-content\/uploads\/2025\/12\/biotherm-homme-aquapower-advanced-gel-75-ml.jpg\",\"datePublished\":\"2025-12-12T18:27:21+00:00\",\"dateModified\":\"2025-12-12T18:27:26+00:00\",\"breadcrumb\":{\"@id\":\"https:\/\/paracherkaoui.ma\/index.php\/produit\/biotherm-homme-aquapower-advanced-gel-75-ml\/#breadcrumb\"},\"inLanguage\":\"fr-FR\",\"potentialAction\":[{\"@type\":\"ReadAction\",\"target\":[\"https:\/\/paracherkaoui.ma\/index.php\/produit\/biotherm-homme-aquapower-advanced-gel-75-ml\/\"]}]},{\"@type\":\"ImageObject\",\"inLanguage\":\"fr-FR\",\"@id\":\"https:\/\/paracherkaoui.ma\/index.php\/produit\/biotherm-homme-aquapower-advanced-gel-75-ml\/#primaryimage\",\"url\":\"https:\/\/paracherkaoui.ma\/wp-content\/uploads\/2025\/12\/biotherm-homme-aquapower-advanced-gel-75-ml.jpg\",\"contentUrl\":\"https:\/\/paracherkaoui.ma\/wp-content\/uploads\/2025\/12\/biotherm-homme-aquapower-advanced-gel-75-ml.jpg\",\"width\":700,\"height\":700},{\"@type\":\"BreadcrumbList\",\"@id\":\"https:\/\/paracherkaoui.ma\/index.php\/produit\/biotherm-homme-aquapower-advanced-gel-75-ml\/#breadcrumb\",\"itemListElement\":[{\"@type\":\"ListItem\",\"position\":1,\"name\":\"Accueil\",\"item\":\"https:\/\/paracherkaoui.ma\/\"},{\"@type\":\"ListItem\",\"position\":2,\"name\":\"Boutique\",\"item\":\"https:\/\/paracherkaoui.ma\/index.php\/boutique\/\"},{\"@type\":\"ListItem\",\"position\":3,\"name\":\"BIOTHERM HOMME AQUAPOWER ADVANCED GEL 75 ML\"}]},{\"@type\":\"WebSite\",\"@id\":\"https:\/\/paracherkaoui.ma\/#website\",\"url\":\"https:\/\/paracherkaoui.ma\/\",\"name\":\"Paracherkaoui.ma\",\"description\":\"Achetez en ligne sur Paracherkaoui.ma\",\"potentialAction\":[{\"@type\":\"SearchAction\",\"target\":{\"@type\":\"EntryPoint\",\"urlTemplate\":\"https:\/\/paracherkaoui.ma\/?s={search_term_string}\"},\"query-input\":{\"@type\":\"PropertyValueSpecification\",\"valueRequired\":true,\"valueName\":\"search_term_string\"}}],\"inLanguage\":\"fr-FR\"}]}<\/script>\r\n<!-- \/ Yoast SEO plugin. -->","yoast_head_json":{"title":"BIOTHERM HOMME AQUAPOWER ADVANCED GEL 75 ML - Paracherkaoui.ma","robots":{"index":"index","follow":"follow","max-snippet":"max-snippet:-1","max-image-preview":"max-image-preview:large","max-video-preview":"max-video-preview:-1"},"canonical":"https:\/\/paracherkaoui.ma\/index.php\/produit\/biotherm-homme-aquapower-advanced-gel-75-ml\/","og_locale":"fr_FR","og_type":"article","og_title":"BIOTHERM HOMME AQUAPOWER ADVANCED GEL 75 ML - Paracherkaoui.ma","og_description":"Le Biotherm Homme Aquapower Advanced Gel est bien plus qu\u2019un simple soin hydratant pour les hommes. Con\u00e7u pour r\u00e9pondre aux","og_url":"https:\/\/paracherkaoui.ma\/index.php\/produit\/biotherm-homme-aquapower-advanced-gel-75-ml\/","og_site_name":"Paracherkaoui.ma","article_modified_time":"2025-12-12T18:27:26+00:00","og_image":[{"width":700,"height":700,"url":"https:\/\/paracherkaoui.ma\/wp-content\/uploads\/2025\/12\/biotherm-homme-aquapower-advanced-gel-75-ml.jpg","type":"image\/jpeg"}],"twitter_card":"summary_large_image","twitter_misc":{"Dur\u00e9e de lecture estim\u00e9e":"2 minutes"},"schema":{"@context":"https:\/\/schema.org","@graph":[{"@type":"WebPage","@id":"https:\/\/paracherkaoui.ma\/index.php\/produit\/biotherm-homme-aquapower-advanced-gel-75-ml\/","url":"https:\/\/paracherkaoui.ma\/index.php\/produit\/biotherm-homme-aquapower-advanced-gel-75-ml\/","name":"BIOTHERM HOMME AQUAPOWER ADVANCED GEL 75 ML - Paracherkaoui.ma","isPartOf":{"@id":"https:\/\/paracherkaoui.ma\/#website"},"primaryImageOfPage":{"@id":"https:\/\/paracherkaoui.ma\/index.php\/produit\/biotherm-homme-aquapower-advanced-gel-75-ml\/#primaryimage"},"image":{"@id":"https:\/\/paracherkaoui.ma\/index.php\/produit\/biotherm-homme-aquapower-advanced-gel-75-ml\/#primaryimage"},"thumbnailUrl":"https:\/\/paracherkaoui.ma\/wp-content\/uploads\/2025\/12\/biotherm-homme-aquapower-advanced-gel-75-ml.jpg","datePublished":"2025-12-12T18:27:21+00:00","dateModified":"2025-12-12T18:27:26+00:00","breadcrumb":{"@id":"https:\/\/paracherkaoui.ma\/index.php\/produit\/biotherm-homme-aquapower-advanced-gel-75-ml\/#breadcrumb"},"inLanguage":"fr-FR","potentialAction":[{"@type":"ReadAction","target":["https:\/\/paracherkaoui.ma\/index.php\/produit\/biotherm-homme-aquapower-advanced-gel-75-ml\/"]}]},{"@type":"ImageObject","inLanguage":"fr-FR","@id":"https:\/\/paracherkaoui.ma\/index.php\/produit\/biotherm-homme-aquapower-advanced-gel-75-ml\/#primaryimage","url":"https:\/\/paracherkaoui.ma\/wp-content\/uploads\/2025\/12\/biotherm-homme-aquapower-advanced-gel-75-ml.jpg","contentUrl":"https:\/\/paracherkaoui.ma\/wp-content\/uploads\/2025\/12\/biotherm-homme-aquapower-advanced-gel-75-ml.jpg","width":700,"height":700},{"@type":"BreadcrumbList","@id":"https:\/\/paracherkaoui.ma\/index.php\/produit\/biotherm-homme-aquapower-advanced-gel-75-ml\/#breadcrumb","itemListElement":[{"@type":"ListItem","position":1,"name":"Accueil","item":"https:\/\/paracherkaoui.ma\/"},{"@type":"ListItem","position":2,"name":"Boutique","item":"https:\/\/paracherkaoui.ma\/index.php\/boutique\/"},{"@type":"ListItem","position":3,"name":"BIOTHERM HOMME AQUAPOWER ADVANCED GEL 75 ML"}]},{"@type":"WebSite","@id":"https:\/\/paracherkaoui.ma\/#website","url":"https:\/\/paracherkaoui.ma\/","name":"Paracherkaoui.ma","description":"Achetez en ligne sur Paracherkaoui.ma","potentialAction":[{"@type":"SearchAction","target":{"@type":"EntryPoint","urlTemplate":"https:\/\/paracherkaoui.ma\/?s={search_term_string}"},"query-input":{"@type":"PropertyValueSpecification","valueRequired":true,"valueName":"search_term_string"}}],"inLanguage":"fr-FR"}]}},"_links":{"self":[{"href":"https:\/\/paracherkaoui.ma\/index.php\/wp-json\/wp\/v2\/product\/48521","targetHints":{"allow":["GET"]}}],"collection":[{"href":"https:\/\/paracherkaoui.ma\/index.php\/wp-json\/wp\/v2\/product"}],"about":[{"href":"https:\/\/paracherkaoui.ma\/index.php\/wp-json\/wp\/v2\/types\/product"}],"replies":[{"embeddable":true,"href":"https:\/\/paracherkaoui.ma\/index.php\/wp-json\/wp\/v2\/comments?post=48521"}],"version-history":[{"count":1,"href":"https:\/\/paracherkaoui.ma\/index.php\/wp-json\/wp\/v2\/product\/48521\/revisions"}],"predecessor-version":[{"id":48562,"href":"https:\/\/paracherkaoui.ma\/index.php\/wp-json\/wp\/v2\/product\/48521\/revisions\/48562"}],"wp:featuredmedia":[{"embeddable":true,"href":"https:\/\/paracherkaoui.ma\/index.php\/wp-json\/wp\/v2\/media\/48561"}],"wp:attachment":[{"href":"https:\/\/paracherkaoui.ma\/index.php\/wp-json\/wp\/v2\/media?parent=48521"}],"wp:term":[{"taxonomy":"product_brand","embeddable":true,"href":"https:\/\/paracherkaoui.ma\/index.php\/wp-json\/wp\/v2\/product_brand?post=48521"},{"taxonomy":"product_cat","embeddable":true,"href":"https:\/\/paracherkaoui.ma\/index.php\/wp-json\/wp\/v2\/product_cat?post=48521"},{"taxonomy":"product_tag","embeddable":true,"href":"https:\/\/paracherkaoui.ma\/index.php\/wp-json\/wp\/v2\/product_tag?post=48521"}],"curies":[{"name":"wp","href":"https:\/\/api.w.org\/{rel}","templated":true}]}}