{"id":48425,"date":"2025-12-12T19:27:12","date_gmt":"2025-12-12T18:27:12","guid":{"rendered":"https:\/\/test.ecbeaute.com\/?post_type=product&#038;p=48425"},"modified":"2025-12-12T19:27:15","modified_gmt":"2025-12-12T18:27:15","slug":"biotherm-homme-aquapower-48h-protection-75ml","status":"publish","type":"product","link":"https:\/\/paracherkaoui.ma\/index.php\/produit\/biotherm-homme-aquapower-48h-protection-75ml\/","title":{"rendered":"BIOTHERM HOMME AQUAPOWER 48H PROTECTION 75ML"},"content":{"rendered":"<p>Gr\u00e2ce au pouvoir r\u00e9g\u00e9n\u00e9rant du Plancton de Vie\u2122, l&rsquo;ingr\u00e9dient signature de la marque, votre peau est non seulement prot\u00e9g\u00e9e, mais aussi renforc\u00e9e et apais\u00e9e. Ce micro-organisme unique est un v\u00e9ritable tr\u00e9sor pour l&rsquo;\u00e9piderme, contribuant \u00e0 restaurer ses d\u00e9fenses naturelles et \u00e0 maintenir son \u00e9quilibre, m\u00eame dans les zones sensibles comme les aisselles.<br \/>\nCe d\u00e9odorant est \u00e9galement enrichi d&rsquo;une s\u00e9lection d&rsquo;oligo-\u00e9l\u00e9ments essentiels, ces min\u00e9raux vitaux qui participent au bon fonctionnement cellulaire et aident \u00e0 maintenir la peau en pleine sant\u00e9. Leur synergie avec le Plancton de Vie\u2122 maximise l&rsquo;efficacit\u00e9 du d\u00e9odorant, offrant une protection compl\u00e8te et durable.<br \/>\nMais ce qui fait la force de l&rsquo;AQUAPOWER, c&rsquo;est sa technologie anti-transpirante auto-r\u00e9active. Cette innovation de pointe s&rsquo;adapte \u00e0 l&rsquo;intensit\u00e9 de votre activit\u00e9 et \u00e0 la chaleur corporelle, lib\u00e9rant ses actifs protecteurs pr\u00e9cis\u00e9ment quand vous en avez le plus besoin. Elle r\u00e9gule efficacement la transpiration sans la bloquer, vous offrant une sensation de fra\u00eecheur s\u00e8che qui dure tout au long de la journ\u00e9e, et bien au-del\u00e0. Fini les sensations d&rsquo;humidit\u00e9 d\u00e9sagr\u00e9ables et les aur\u00e9oles g\u00eanantes sur vos v\u00eatements !<br \/>\nConseils d&rsquo;utilisation :<br \/>\nAppliquez le d\u00e9odorant quotidiennement, de pr\u00e9f\u00e9rence le matin, apr\u00e8s votre douche ou votre bain, sur une peau propre et s\u00e8che.<br \/>\nComposition :<br \/>\nAQUA \/ WATER \u2022 ALUMINUM CHLOROHYDRATE \u2022 DIMETHICONE \u2022 C14-22 ALCOHOLS \u2022 PARFUM \/ FRAGRANCE \u2022 STEARETH-100\/PEG-136\/HDI COPOLYMER \u2022 PERLITE \u2022 C12-20 ALKYL GLUCOSIDE \u2022 PHENOXYETHANOL \u2022 MENTHOL \u2022 LIMONENE \u2022 LINALOOL \u2022 PEG-4 DILAURATE \u2022 PEG-4 LAURATE \u2022 PEG-4 \u2022 IODOPROPYNYL BUTYLCARBAMATE \u2022 BENZYL SALICYLATE \u2022 CITRONELLOL \u2022 CITRAL \u2022 COUMARIN \u2022 BENZYL ALCOHOL \u2022 ALPHA-ISOMETHYL IONONE \u2022 GERANIOL \u2022 EUGENOL \u2022 VITREOSCILLA FERMENT<\/p>\n","protected":false},"excerpt":{"rendered":"<p>Gr\u00e2ce au pouvoir r\u00e9g\u00e9n\u00e9rant du Plancton de Vie\u2122, l&rsquo;ingr\u00e9dient signature de la marque, votre peau est non seulement prot\u00e9g\u00e9e, mais<\/p>\n","protected":false},"featured_media":48459,"comment_status":"open","ping_status":"closed","template":"","meta":[],"product_brand":[391],"product_cat":[873],"product_tag":[],"class_list":{"0":"post-48425","1":"product","2":"type-product","3":"status-publish","4":"has-post-thumbnail","6":"product_brand-biotherm","7":"product_cat-hygiene-homme","9":"first","10":"instock","11":"shipping-taxable","12":"purchasable","13":"product-type-simple"},"yoast_head":"<!-- This site is optimized with the Yoast SEO plugin v26.6 - https:\/\/yoast.com\/wordpress\/plugins\/seo\/ -->\r\n<title>BIOTHERM HOMME AQUAPOWER 48H PROTECTION 75ML - Paracherkaoui.ma<\/title>\r\n<meta name=\"robots\" content=\"index, follow, max-snippet:-1, max-image-preview:large, max-video-preview:-1\" \/>\r\n<link rel=\"canonical\" href=\"https:\/\/paracherkaoui.ma\/index.php\/produit\/biotherm-homme-aquapower-48h-protection-75ml\/\" \/>\r\n<meta property=\"og:locale\" content=\"fr_FR\" \/>\r\n<meta property=\"og:type\" content=\"article\" \/>\r\n<meta property=\"og:title\" content=\"BIOTHERM HOMME AQUAPOWER 48H PROTECTION 75ML - Paracherkaoui.ma\" \/>\r\n<meta property=\"og:description\" content=\"Gr\u00e2ce au pouvoir r\u00e9g\u00e9n\u00e9rant du Plancton de Vie\u2122, l&rsquo;ingr\u00e9dient signature de la marque, votre peau est non seulement prot\u00e9g\u00e9e, mais\" \/>\r\n<meta property=\"og:url\" content=\"https:\/\/paracherkaoui.ma\/index.php\/produit\/biotherm-homme-aquapower-48h-protection-75ml\/\" \/>\r\n<meta property=\"og:site_name\" content=\"Paracherkaoui.ma\" \/>\r\n<meta property=\"article:modified_time\" content=\"2025-12-12T18:27:15+00:00\" \/>\r\n<meta property=\"og:image\" content=\"https:\/\/paracherkaoui.ma\/wp-content\/uploads\/2025\/12\/biotherm-biotherm-homme-aquapower-48h-protection-75ml-hygiene-homme.jpg\" \/>\r\n\t<meta property=\"og:image:width\" content=\"700\" \/>\r\n\t<meta property=\"og:image:height\" content=\"700\" \/>\r\n\t<meta property=\"og:image:type\" content=\"image\/jpeg\" \/>\r\n<meta name=\"twitter:card\" content=\"summary_large_image\" \/>\r\n<meta name=\"twitter:label1\" content=\"Dur\u00e9e de lecture estim\u00e9e\" \/>\n\t<meta name=\"twitter:data1\" content=\"1 minute\" \/>\r\n<script type=\"application\/ld+json\" class=\"yoast-schema-graph\">{\"@context\":\"https:\/\/schema.org\",\"@graph\":[{\"@type\":\"WebPage\",\"@id\":\"https:\/\/paracherkaoui.ma\/index.php\/produit\/biotherm-homme-aquapower-48h-protection-75ml\/\",\"url\":\"https:\/\/paracherkaoui.ma\/index.php\/produit\/biotherm-homme-aquapower-48h-protection-75ml\/\",\"name\":\"BIOTHERM HOMME AQUAPOWER 48H PROTECTION 75ML - Paracherkaoui.ma\",\"isPartOf\":{\"@id\":\"https:\/\/paracherkaoui.ma\/#website\"},\"primaryImageOfPage\":{\"@id\":\"https:\/\/paracherkaoui.ma\/index.php\/produit\/biotherm-homme-aquapower-48h-protection-75ml\/#primaryimage\"},\"image\":{\"@id\":\"https:\/\/paracherkaoui.ma\/index.php\/produit\/biotherm-homme-aquapower-48h-protection-75ml\/#primaryimage\"},\"thumbnailUrl\":\"https:\/\/paracherkaoui.ma\/wp-content\/uploads\/2025\/12\/biotherm-biotherm-homme-aquapower-48h-protection-75ml-hygiene-homme.jpg\",\"datePublished\":\"2025-12-12T18:27:12+00:00\",\"dateModified\":\"2025-12-12T18:27:15+00:00\",\"breadcrumb\":{\"@id\":\"https:\/\/paracherkaoui.ma\/index.php\/produit\/biotherm-homme-aquapower-48h-protection-75ml\/#breadcrumb\"},\"inLanguage\":\"fr-FR\",\"potentialAction\":[{\"@type\":\"ReadAction\",\"target\":[\"https:\/\/paracherkaoui.ma\/index.php\/produit\/biotherm-homme-aquapower-48h-protection-75ml\/\"]}]},{\"@type\":\"ImageObject\",\"inLanguage\":\"fr-FR\",\"@id\":\"https:\/\/paracherkaoui.ma\/index.php\/produit\/biotherm-homme-aquapower-48h-protection-75ml\/#primaryimage\",\"url\":\"https:\/\/paracherkaoui.ma\/wp-content\/uploads\/2025\/12\/biotherm-biotherm-homme-aquapower-48h-protection-75ml-hygiene-homme.jpg\",\"contentUrl\":\"https:\/\/paracherkaoui.ma\/wp-content\/uploads\/2025\/12\/biotherm-biotherm-homme-aquapower-48h-protection-75ml-hygiene-homme.jpg\",\"width\":700,\"height\":700},{\"@type\":\"BreadcrumbList\",\"@id\":\"https:\/\/paracherkaoui.ma\/index.php\/produit\/biotherm-homme-aquapower-48h-protection-75ml\/#breadcrumb\",\"itemListElement\":[{\"@type\":\"ListItem\",\"position\":1,\"name\":\"Accueil\",\"item\":\"https:\/\/paracherkaoui.ma\/\"},{\"@type\":\"ListItem\",\"position\":2,\"name\":\"Boutique\",\"item\":\"https:\/\/paracherkaoui.ma\/index.php\/boutique\/\"},{\"@type\":\"ListItem\",\"position\":3,\"name\":\"BIOTHERM HOMME AQUAPOWER 48H PROTECTION 75ML\"}]},{\"@type\":\"WebSite\",\"@id\":\"https:\/\/paracherkaoui.ma\/#website\",\"url\":\"https:\/\/paracherkaoui.ma\/\",\"name\":\"Paracherkaoui.ma\",\"description\":\"Achetez en ligne sur Paracherkaoui.ma\",\"potentialAction\":[{\"@type\":\"SearchAction\",\"target\":{\"@type\":\"EntryPoint\",\"urlTemplate\":\"https:\/\/paracherkaoui.ma\/?s={search_term_string}\"},\"query-input\":{\"@type\":\"PropertyValueSpecification\",\"valueRequired\":true,\"valueName\":\"search_term_string\"}}],\"inLanguage\":\"fr-FR\"}]}<\/script>\r\n<!-- \/ Yoast SEO plugin. -->","yoast_head_json":{"title":"BIOTHERM HOMME AQUAPOWER 48H PROTECTION 75ML - Paracherkaoui.ma","robots":{"index":"index","follow":"follow","max-snippet":"max-snippet:-1","max-image-preview":"max-image-preview:large","max-video-preview":"max-video-preview:-1"},"canonical":"https:\/\/paracherkaoui.ma\/index.php\/produit\/biotherm-homme-aquapower-48h-protection-75ml\/","og_locale":"fr_FR","og_type":"article","og_title":"BIOTHERM HOMME AQUAPOWER 48H PROTECTION 75ML - Paracherkaoui.ma","og_description":"Gr\u00e2ce au pouvoir r\u00e9g\u00e9n\u00e9rant du Plancton de Vie\u2122, l&rsquo;ingr\u00e9dient signature de la marque, votre peau est non seulement prot\u00e9g\u00e9e, mais","og_url":"https:\/\/paracherkaoui.ma\/index.php\/produit\/biotherm-homme-aquapower-48h-protection-75ml\/","og_site_name":"Paracherkaoui.ma","article_modified_time":"2025-12-12T18:27:15+00:00","og_image":[{"width":700,"height":700,"url":"https:\/\/paracherkaoui.ma\/wp-content\/uploads\/2025\/12\/biotherm-biotherm-homme-aquapower-48h-protection-75ml-hygiene-homme.jpg","type":"image\/jpeg"}],"twitter_card":"summary_large_image","twitter_misc":{"Dur\u00e9e de lecture estim\u00e9e":"1 minute"},"schema":{"@context":"https:\/\/schema.org","@graph":[{"@type":"WebPage","@id":"https:\/\/paracherkaoui.ma\/index.php\/produit\/biotherm-homme-aquapower-48h-protection-75ml\/","url":"https:\/\/paracherkaoui.ma\/index.php\/produit\/biotherm-homme-aquapower-48h-protection-75ml\/","name":"BIOTHERM HOMME AQUAPOWER 48H PROTECTION 75ML - Paracherkaoui.ma","isPartOf":{"@id":"https:\/\/paracherkaoui.ma\/#website"},"primaryImageOfPage":{"@id":"https:\/\/paracherkaoui.ma\/index.php\/produit\/biotherm-homme-aquapower-48h-protection-75ml\/#primaryimage"},"image":{"@id":"https:\/\/paracherkaoui.ma\/index.php\/produit\/biotherm-homme-aquapower-48h-protection-75ml\/#primaryimage"},"thumbnailUrl":"https:\/\/paracherkaoui.ma\/wp-content\/uploads\/2025\/12\/biotherm-biotherm-homme-aquapower-48h-protection-75ml-hygiene-homme.jpg","datePublished":"2025-12-12T18:27:12+00:00","dateModified":"2025-12-12T18:27:15+00:00","breadcrumb":{"@id":"https:\/\/paracherkaoui.ma\/index.php\/produit\/biotherm-homme-aquapower-48h-protection-75ml\/#breadcrumb"},"inLanguage":"fr-FR","potentialAction":[{"@type":"ReadAction","target":["https:\/\/paracherkaoui.ma\/index.php\/produit\/biotherm-homme-aquapower-48h-protection-75ml\/"]}]},{"@type":"ImageObject","inLanguage":"fr-FR","@id":"https:\/\/paracherkaoui.ma\/index.php\/produit\/biotherm-homme-aquapower-48h-protection-75ml\/#primaryimage","url":"https:\/\/paracherkaoui.ma\/wp-content\/uploads\/2025\/12\/biotherm-biotherm-homme-aquapower-48h-protection-75ml-hygiene-homme.jpg","contentUrl":"https:\/\/paracherkaoui.ma\/wp-content\/uploads\/2025\/12\/biotherm-biotherm-homme-aquapower-48h-protection-75ml-hygiene-homme.jpg","width":700,"height":700},{"@type":"BreadcrumbList","@id":"https:\/\/paracherkaoui.ma\/index.php\/produit\/biotherm-homme-aquapower-48h-protection-75ml\/#breadcrumb","itemListElement":[{"@type":"ListItem","position":1,"name":"Accueil","item":"https:\/\/paracherkaoui.ma\/"},{"@type":"ListItem","position":2,"name":"Boutique","item":"https:\/\/paracherkaoui.ma\/index.php\/boutique\/"},{"@type":"ListItem","position":3,"name":"BIOTHERM HOMME AQUAPOWER 48H PROTECTION 75ML"}]},{"@type":"WebSite","@id":"https:\/\/paracherkaoui.ma\/#website","url":"https:\/\/paracherkaoui.ma\/","name":"Paracherkaoui.ma","description":"Achetez en ligne sur Paracherkaoui.ma","potentialAction":[{"@type":"SearchAction","target":{"@type":"EntryPoint","urlTemplate":"https:\/\/paracherkaoui.ma\/?s={search_term_string}"},"query-input":{"@type":"PropertyValueSpecification","valueRequired":true,"valueName":"search_term_string"}}],"inLanguage":"fr-FR"}]}},"_links":{"self":[{"href":"https:\/\/paracherkaoui.ma\/index.php\/wp-json\/wp\/v2\/product\/48425","targetHints":{"allow":["GET"]}}],"collection":[{"href":"https:\/\/paracherkaoui.ma\/index.php\/wp-json\/wp\/v2\/product"}],"about":[{"href":"https:\/\/paracherkaoui.ma\/index.php\/wp-json\/wp\/v2\/types\/product"}],"replies":[{"embeddable":true,"href":"https:\/\/paracherkaoui.ma\/index.php\/wp-json\/wp\/v2\/comments?post=48425"}],"version-history":[{"count":1,"href":"https:\/\/paracherkaoui.ma\/index.php\/wp-json\/wp\/v2\/product\/48425\/revisions"}],"predecessor-version":[{"id":48460,"href":"https:\/\/paracherkaoui.ma\/index.php\/wp-json\/wp\/v2\/product\/48425\/revisions\/48460"}],"wp:featuredmedia":[{"embeddable":true,"href":"https:\/\/paracherkaoui.ma\/index.php\/wp-json\/wp\/v2\/media\/48459"}],"wp:attachment":[{"href":"https:\/\/paracherkaoui.ma\/index.php\/wp-json\/wp\/v2\/media?parent=48425"}],"wp:term":[{"taxonomy":"product_brand","embeddable":true,"href":"https:\/\/paracherkaoui.ma\/index.php\/wp-json\/wp\/v2\/product_brand?post=48425"},{"taxonomy":"product_cat","embeddable":true,"href":"https:\/\/paracherkaoui.ma\/index.php\/wp-json\/wp\/v2\/product_cat?post=48425"},{"taxonomy":"product_tag","embeddable":true,"href":"https:\/\/paracherkaoui.ma\/index.php\/wp-json\/wp\/v2\/product_tag?post=48425"}],"curies":[{"name":"wp","href":"https:\/\/api.w.org\/{rel}","templated":true}]}}