{"id":48284,"date":"2025-12-12T19:26:53","date_gmt":"2025-12-12T18:26:53","guid":{"rendered":"https:\/\/test.ecbeaute.com\/?post_type=product&#038;p=48284"},"modified":"2025-12-12T19:26:58","modified_gmt":"2025-12-12T18:26:58","slug":"mustela-offre-gel-nettoyant-2-en-1-de-200ml-eau-rafraichissante-et-coiffante-200-ml","status":"publish","type":"product","link":"https:\/\/paracherkaoui.ma\/index.php\/produit\/mustela-offre-gel-nettoyant-2-en-1-de-200ml-eau-rafraichissante-et-coiffante-200-ml\/","title":{"rendered":"MUSTELA OFFRE GEL NETTOYANT 2 EN 1 DE 200ML + EAU RAFRAICHISSANTE ET COIFFANTE 200 ML"},"content":{"rendered":"<p>Le Gel Nettoyant 2 en 1 \u00e0 l\u2019avocat bio est la solution id\u00e9ale pour nettoyer en douceur le corps et les cheveux de b\u00e9b\u00e9 d\u00e8s la naissance. Sa formule douce et haute tol\u00e9rance est con\u00e7ue pour respecter la peau d\u00e9licate et le cuir chevelu sensible des tout-petits. Gr\u00e2ce au Pers\u00e9ose d\u2019avocat\u00ae, ingr\u00e9dient brevet\u00e9 extrait d\u2019avocats issus de l\u2019\u00e9conomie circulaire, ce gel nettoyant renforce la barri\u00e8re cutan\u00e9e et prot\u00e8ge le capital cellulaire de la peau. Enrichi en glyc\u00e9rine v\u00e9g\u00e9tale, il hydrate et pr\u00e9serve la peau du dess\u00e8chement. Et le plus ? Il ne pique pas les yeux !<br \/>\nCompl\u00e9tez le rituel avec l\u2019Eau Rafra\u00eechissante et Coiffante \u00e0 la camomille bio, parfaite pour parfumer d\u00e9licatement, rafra\u00eechir et coiffer b\u00e9b\u00e9. Sa formule l\u00e9g\u00e8re \u00e0 98% d\u2019ingr\u00e9dients d\u2019origine naturelle contient de l\u2019eau florale de camomille issue de l\u2019agriculture biologique fran\u00e7aise, qui adoucit la peau tout en illuminant et d\u00e9m\u00ealant les cheveux.<br \/>\nCe duo Mustela est test\u00e9 sous contr\u00f4le dermatologique, sans ingr\u00e9dient d\u2019origine animale, et formul\u00e9 pour une tol\u00e9rance optimale.<br \/>\nConseils d\u2019utilisation<br \/>\nGel Nettoyant 2 en 1 : Appliquer une noisette sur la peau et les cheveux mouill\u00e9s de b\u00e9b\u00e9. Faire mousser d\u00e9licatement puis rincer soigneusement.<br \/>\nEau Rafra\u00eechissante et Coiffante : Vaporiser quotidiennement sur le corps, le cou et les cheveux de b\u00e9b\u00e9. Ne pas rincer.<br \/>\nComposition<br \/>\nGel Nettoyant 2 en 1 : Aqua (Water), Glycerin, Coco-Glucoside, Sodium Cocoamphoacetate, PEG-40 Hydrogenated Castor Oil, Citric Acid, Glyceryl Caprylate, Sodium Benzoate, Parfum (Fragrance), Persea Gratissima (Avocado) Fruit Extract, Propanediol, 1,2-Hexanediol, Caprylyl Glycol, Sodium Hydroxide.<br \/>\nEau Rafra\u00eechissante et Coiffante : Aqua (Water), Inulin, Lauryl Glucoside, Polyglyceryl-6 Laurate, Parfum (Fragrance), Myristyl Glucoside, Sodium Benzoate, 1,2-Hexanediol, Caprylyl Glycol, Trisodium Ethylenediamine Disuccinate, Citric Acid, Chamomilla Recutita (Matricaria) Flower Water, Potassium Sorbate.<\/p>\n","protected":false},"excerpt":{"rendered":"<p>Le Gel Nettoyant 2 en 1 \u00e0 l\u2019avocat bio est la solution id\u00e9ale pour nettoyer en douceur le corps et<\/p>\n","protected":false},"featured_media":48322,"comment_status":"open","ping_status":"closed","template":"","meta":[],"product_brand":[687],"product_cat":[858],"product_tag":[],"class_list":{"0":"post-48284","1":"product","2":"type-product","3":"status-publish","4":"has-post-thumbnail","6":"product_brand-mustela","7":"product_cat-les-bons-deals","9":"first","10":"instock","11":"sale","12":"shipping-taxable","13":"purchasable","14":"product-type-simple"},"yoast_head":"<!-- This site is optimized with the Yoast SEO plugin v26.6 - https:\/\/yoast.com\/wordpress\/plugins\/seo\/ -->\r\n<title>MUSTELA OFFRE GEL NETTOYANT 2 EN 1 DE 200ML + EAU RAFRAICHISSANTE ET COIFFANTE 200 ML - Paracherkaoui.ma<\/title>\r\n<meta name=\"robots\" content=\"index, follow, max-snippet:-1, max-image-preview:large, max-video-preview:-1\" \/>\r\n<link rel=\"canonical\" href=\"https:\/\/paracherkaoui.ma\/index.php\/produit\/mustela-offre-gel-nettoyant-2-en-1-de-200ml-eau-rafraichissante-et-coiffante-200-ml\/\" \/>\r\n<meta property=\"og:locale\" content=\"fr_FR\" \/>\r\n<meta property=\"og:type\" content=\"article\" \/>\r\n<meta property=\"og:title\" content=\"MUSTELA OFFRE GEL NETTOYANT 2 EN 1 DE 200ML + EAU RAFRAICHISSANTE ET COIFFANTE 200 ML - Paracherkaoui.ma\" \/>\r\n<meta property=\"og:description\" content=\"Le Gel Nettoyant 2 en 1 \u00e0 l\u2019avocat bio est la solution id\u00e9ale pour nettoyer en douceur le corps et\" \/>\r\n<meta property=\"og:url\" content=\"https:\/\/paracherkaoui.ma\/index.php\/produit\/mustela-offre-gel-nettoyant-2-en-1-de-200ml-eau-rafraichissante-et-coiffante-200-ml\/\" \/>\r\n<meta property=\"og:site_name\" content=\"Paracherkaoui.ma\" \/>\r\n<meta property=\"article:modified_time\" content=\"2025-12-12T18:26:58+00:00\" \/>\r\n<meta property=\"og:image\" content=\"https:\/\/paracherkaoui.ma\/wp-content\/uploads\/2025\/12\/mustela-mustela-offre-gel-nettoyant-2-en-1-de-200ml-eau-rafraichissante-et-coiffante-200-ml-hygiene-bebe.jpg\" \/>\r\n\t<meta property=\"og:image:width\" content=\"700\" \/>\r\n\t<meta property=\"og:image:height\" content=\"700\" \/>\r\n\t<meta property=\"og:image:type\" content=\"image\/jpeg\" \/>\r\n<meta name=\"twitter:card\" content=\"summary_large_image\" \/>\r\n<meta name=\"twitter:label1\" content=\"Dur\u00e9e de lecture estim\u00e9e\" \/>\n\t<meta name=\"twitter:data1\" content=\"2 minutes\" \/>\r\n<script type=\"application\/ld+json\" class=\"yoast-schema-graph\">{\"@context\":\"https:\/\/schema.org\",\"@graph\":[{\"@type\":\"WebPage\",\"@id\":\"https:\/\/paracherkaoui.ma\/index.php\/produit\/mustela-offre-gel-nettoyant-2-en-1-de-200ml-eau-rafraichissante-et-coiffante-200-ml\/\",\"url\":\"https:\/\/paracherkaoui.ma\/index.php\/produit\/mustela-offre-gel-nettoyant-2-en-1-de-200ml-eau-rafraichissante-et-coiffante-200-ml\/\",\"name\":\"MUSTELA OFFRE GEL NETTOYANT 2 EN 1 DE 200ML + EAU RAFRAICHISSANTE ET COIFFANTE 200 ML - Paracherkaoui.ma\",\"isPartOf\":{\"@id\":\"https:\/\/paracherkaoui.ma\/#website\"},\"primaryImageOfPage\":{\"@id\":\"https:\/\/paracherkaoui.ma\/index.php\/produit\/mustela-offre-gel-nettoyant-2-en-1-de-200ml-eau-rafraichissante-et-coiffante-200-ml\/#primaryimage\"},\"image\":{\"@id\":\"https:\/\/paracherkaoui.ma\/index.php\/produit\/mustela-offre-gel-nettoyant-2-en-1-de-200ml-eau-rafraichissante-et-coiffante-200-ml\/#primaryimage\"},\"thumbnailUrl\":\"https:\/\/paracherkaoui.ma\/wp-content\/uploads\/2025\/12\/mustela-mustela-offre-gel-nettoyant-2-en-1-de-200ml-eau-rafraichissante-et-coiffante-200-ml-hygiene-bebe.jpg\",\"datePublished\":\"2025-12-12T18:26:53+00:00\",\"dateModified\":\"2025-12-12T18:26:58+00:00\",\"breadcrumb\":{\"@id\":\"https:\/\/paracherkaoui.ma\/index.php\/produit\/mustela-offre-gel-nettoyant-2-en-1-de-200ml-eau-rafraichissante-et-coiffante-200-ml\/#breadcrumb\"},\"inLanguage\":\"fr-FR\",\"potentialAction\":[{\"@type\":\"ReadAction\",\"target\":[\"https:\/\/paracherkaoui.ma\/index.php\/produit\/mustela-offre-gel-nettoyant-2-en-1-de-200ml-eau-rafraichissante-et-coiffante-200-ml\/\"]}]},{\"@type\":\"ImageObject\",\"inLanguage\":\"fr-FR\",\"@id\":\"https:\/\/paracherkaoui.ma\/index.php\/produit\/mustela-offre-gel-nettoyant-2-en-1-de-200ml-eau-rafraichissante-et-coiffante-200-ml\/#primaryimage\",\"url\":\"https:\/\/paracherkaoui.ma\/wp-content\/uploads\/2025\/12\/mustela-mustela-offre-gel-nettoyant-2-en-1-de-200ml-eau-rafraichissante-et-coiffante-200-ml-hygiene-bebe.jpg\",\"contentUrl\":\"https:\/\/paracherkaoui.ma\/wp-content\/uploads\/2025\/12\/mustela-mustela-offre-gel-nettoyant-2-en-1-de-200ml-eau-rafraichissante-et-coiffante-200-ml-hygiene-bebe.jpg\",\"width\":700,\"height\":700},{\"@type\":\"BreadcrumbList\",\"@id\":\"https:\/\/paracherkaoui.ma\/index.php\/produit\/mustela-offre-gel-nettoyant-2-en-1-de-200ml-eau-rafraichissante-et-coiffante-200-ml\/#breadcrumb\",\"itemListElement\":[{\"@type\":\"ListItem\",\"position\":1,\"name\":\"Accueil\",\"item\":\"https:\/\/paracherkaoui.ma\/\"},{\"@type\":\"ListItem\",\"position\":2,\"name\":\"Boutique\",\"item\":\"https:\/\/paracherkaoui.ma\/index.php\/boutique\/\"},{\"@type\":\"ListItem\",\"position\":3,\"name\":\"MUSTELA OFFRE GEL NETTOYANT 2 EN 1 DE 200ML + EAU RAFRAICHISSANTE ET COIFFANTE 200 ML\"}]},{\"@type\":\"WebSite\",\"@id\":\"https:\/\/paracherkaoui.ma\/#website\",\"url\":\"https:\/\/paracherkaoui.ma\/\",\"name\":\"Paracherkaoui.ma\",\"description\":\"Achetez en ligne sur Paracherkaoui.ma\",\"potentialAction\":[{\"@type\":\"SearchAction\",\"target\":{\"@type\":\"EntryPoint\",\"urlTemplate\":\"https:\/\/paracherkaoui.ma\/?s={search_term_string}\"},\"query-input\":{\"@type\":\"PropertyValueSpecification\",\"valueRequired\":true,\"valueName\":\"search_term_string\"}}],\"inLanguage\":\"fr-FR\"}]}<\/script>\r\n<!-- \/ Yoast SEO plugin. -->","yoast_head_json":{"title":"MUSTELA OFFRE GEL NETTOYANT 2 EN 1 DE 200ML + EAU RAFRAICHISSANTE ET COIFFANTE 200 ML - Paracherkaoui.ma","robots":{"index":"index","follow":"follow","max-snippet":"max-snippet:-1","max-image-preview":"max-image-preview:large","max-video-preview":"max-video-preview:-1"},"canonical":"https:\/\/paracherkaoui.ma\/index.php\/produit\/mustela-offre-gel-nettoyant-2-en-1-de-200ml-eau-rafraichissante-et-coiffante-200-ml\/","og_locale":"fr_FR","og_type":"article","og_title":"MUSTELA OFFRE GEL NETTOYANT 2 EN 1 DE 200ML + EAU RAFRAICHISSANTE ET COIFFANTE 200 ML - Paracherkaoui.ma","og_description":"Le Gel Nettoyant 2 en 1 \u00e0 l\u2019avocat bio est la solution id\u00e9ale pour nettoyer en douceur le corps et","og_url":"https:\/\/paracherkaoui.ma\/index.php\/produit\/mustela-offre-gel-nettoyant-2-en-1-de-200ml-eau-rafraichissante-et-coiffante-200-ml\/","og_site_name":"Paracherkaoui.ma","article_modified_time":"2025-12-12T18:26:58+00:00","og_image":[{"width":700,"height":700,"url":"https:\/\/paracherkaoui.ma\/wp-content\/uploads\/2025\/12\/mustela-mustela-offre-gel-nettoyant-2-en-1-de-200ml-eau-rafraichissante-et-coiffante-200-ml-hygiene-bebe.jpg","type":"image\/jpeg"}],"twitter_card":"summary_large_image","twitter_misc":{"Dur\u00e9e de lecture estim\u00e9e":"2 minutes"},"schema":{"@context":"https:\/\/schema.org","@graph":[{"@type":"WebPage","@id":"https:\/\/paracherkaoui.ma\/index.php\/produit\/mustela-offre-gel-nettoyant-2-en-1-de-200ml-eau-rafraichissante-et-coiffante-200-ml\/","url":"https:\/\/paracherkaoui.ma\/index.php\/produit\/mustela-offre-gel-nettoyant-2-en-1-de-200ml-eau-rafraichissante-et-coiffante-200-ml\/","name":"MUSTELA OFFRE GEL NETTOYANT 2 EN 1 DE 200ML + EAU RAFRAICHISSANTE ET COIFFANTE 200 ML - Paracherkaoui.ma","isPartOf":{"@id":"https:\/\/paracherkaoui.ma\/#website"},"primaryImageOfPage":{"@id":"https:\/\/paracherkaoui.ma\/index.php\/produit\/mustela-offre-gel-nettoyant-2-en-1-de-200ml-eau-rafraichissante-et-coiffante-200-ml\/#primaryimage"},"image":{"@id":"https:\/\/paracherkaoui.ma\/index.php\/produit\/mustela-offre-gel-nettoyant-2-en-1-de-200ml-eau-rafraichissante-et-coiffante-200-ml\/#primaryimage"},"thumbnailUrl":"https:\/\/paracherkaoui.ma\/wp-content\/uploads\/2025\/12\/mustela-mustela-offre-gel-nettoyant-2-en-1-de-200ml-eau-rafraichissante-et-coiffante-200-ml-hygiene-bebe.jpg","datePublished":"2025-12-12T18:26:53+00:00","dateModified":"2025-12-12T18:26:58+00:00","breadcrumb":{"@id":"https:\/\/paracherkaoui.ma\/index.php\/produit\/mustela-offre-gel-nettoyant-2-en-1-de-200ml-eau-rafraichissante-et-coiffante-200-ml\/#breadcrumb"},"inLanguage":"fr-FR","potentialAction":[{"@type":"ReadAction","target":["https:\/\/paracherkaoui.ma\/index.php\/produit\/mustela-offre-gel-nettoyant-2-en-1-de-200ml-eau-rafraichissante-et-coiffante-200-ml\/"]}]},{"@type":"ImageObject","inLanguage":"fr-FR","@id":"https:\/\/paracherkaoui.ma\/index.php\/produit\/mustela-offre-gel-nettoyant-2-en-1-de-200ml-eau-rafraichissante-et-coiffante-200-ml\/#primaryimage","url":"https:\/\/paracherkaoui.ma\/wp-content\/uploads\/2025\/12\/mustela-mustela-offre-gel-nettoyant-2-en-1-de-200ml-eau-rafraichissante-et-coiffante-200-ml-hygiene-bebe.jpg","contentUrl":"https:\/\/paracherkaoui.ma\/wp-content\/uploads\/2025\/12\/mustela-mustela-offre-gel-nettoyant-2-en-1-de-200ml-eau-rafraichissante-et-coiffante-200-ml-hygiene-bebe.jpg","width":700,"height":700},{"@type":"BreadcrumbList","@id":"https:\/\/paracherkaoui.ma\/index.php\/produit\/mustela-offre-gel-nettoyant-2-en-1-de-200ml-eau-rafraichissante-et-coiffante-200-ml\/#breadcrumb","itemListElement":[{"@type":"ListItem","position":1,"name":"Accueil","item":"https:\/\/paracherkaoui.ma\/"},{"@type":"ListItem","position":2,"name":"Boutique","item":"https:\/\/paracherkaoui.ma\/index.php\/boutique\/"},{"@type":"ListItem","position":3,"name":"MUSTELA OFFRE GEL NETTOYANT 2 EN 1 DE 200ML + EAU RAFRAICHISSANTE ET COIFFANTE 200 ML"}]},{"@type":"WebSite","@id":"https:\/\/paracherkaoui.ma\/#website","url":"https:\/\/paracherkaoui.ma\/","name":"Paracherkaoui.ma","description":"Achetez en ligne sur Paracherkaoui.ma","potentialAction":[{"@type":"SearchAction","target":{"@type":"EntryPoint","urlTemplate":"https:\/\/paracherkaoui.ma\/?s={search_term_string}"},"query-input":{"@type":"PropertyValueSpecification","valueRequired":true,"valueName":"search_term_string"}}],"inLanguage":"fr-FR"}]}},"_links":{"self":[{"href":"https:\/\/paracherkaoui.ma\/index.php\/wp-json\/wp\/v2\/product\/48284","targetHints":{"allow":["GET"]}}],"collection":[{"href":"https:\/\/paracherkaoui.ma\/index.php\/wp-json\/wp\/v2\/product"}],"about":[{"href":"https:\/\/paracherkaoui.ma\/index.php\/wp-json\/wp\/v2\/types\/product"}],"replies":[{"embeddable":true,"href":"https:\/\/paracherkaoui.ma\/index.php\/wp-json\/wp\/v2\/comments?post=48284"}],"version-history":[{"count":1,"href":"https:\/\/paracherkaoui.ma\/index.php\/wp-json\/wp\/v2\/product\/48284\/revisions"}],"predecessor-version":[{"id":48323,"href":"https:\/\/paracherkaoui.ma\/index.php\/wp-json\/wp\/v2\/product\/48284\/revisions\/48323"}],"wp:featuredmedia":[{"embeddable":true,"href":"https:\/\/paracherkaoui.ma\/index.php\/wp-json\/wp\/v2\/media\/48322"}],"wp:attachment":[{"href":"https:\/\/paracherkaoui.ma\/index.php\/wp-json\/wp\/v2\/media?parent=48284"}],"wp:term":[{"taxonomy":"product_brand","embeddable":true,"href":"https:\/\/paracherkaoui.ma\/index.php\/wp-json\/wp\/v2\/product_brand?post=48284"},{"taxonomy":"product_cat","embeddable":true,"href":"https:\/\/paracherkaoui.ma\/index.php\/wp-json\/wp\/v2\/product_cat?post=48284"},{"taxonomy":"product_tag","embeddable":true,"href":"https:\/\/paracherkaoui.ma\/index.php\/wp-json\/wp\/v2\/product_tag?post=48284"}],"curies":[{"name":"wp","href":"https:\/\/api.w.org\/{rel}","templated":true}]}}