{"id":48282,"date":"2025-12-12T19:26:53","date_gmt":"2025-12-12T18:26:53","guid":{"rendered":"https:\/\/test.ecbeaute.com\/?post_type=product&#038;p=48282"},"modified":"2025-12-12T19:26:57","modified_gmt":"2025-12-12T18:26:57","slug":"uriage-offre-depiderm-serum-anti-taches-booster-eclat-30-ml-bariesun-spf-50-fluide-anti-tache-40ml-offert-5","status":"publish","type":"product","link":"https:\/\/paracherkaoui.ma\/index.php\/produit\/uriage-offre-depiderm-serum-anti-taches-booster-eclat-30-ml-bariesun-spf-50-fluide-anti-tache-40ml-offert-5\/","title":{"rendered":"URIAGE OFFRE DEPIDERM SERUM ANTI TACHES BOOSTER ECLAT 30 ML+ BARIESUN SPF 50+ FLUIDE ANTI TACHE 40ML OFFERT"},"content":{"rendered":"<p>Ce s\u00e9rum compos\u00e9 \u00e0 94% d\u2019ingr\u00e9dients d\u2019origine naturelle r\u00e9duit visiblement les taches, unifie et illumine la peau. Il prodigue un effet coup d&rsquo;\u00e9clat dans une texture l\u00e9g\u00e8re et confortable, pour toutes les peaux, m\u00eames sensibles.<br \/>\nCORRECTION ET PREVENTION DES TACHES<br \/>\nS\u00e9rum \u00e0 la Niacinamide: r\u00e9duit visiblement les taches (soleil, acn\u00e9, \u00e2ge, m\u00e9lasma)<br \/>\n\u00c9CLAT &#038; TEINT UNIFI\u00c9<br \/>\nS\u00e9rum \u00e0 la Vitamine C (complexe 20% vitamine C): unifie et illumine la peau.<br \/>\nCONSEILS D&rsquo;UTILISATION:<br \/>\nAppliquer matin et soir sur le visage, le cou et le d\u00e9collet\u00e9 avant votre soin.<\/p>\n","protected":false},"excerpt":{"rendered":"<p>Ce s\u00e9rum compos\u00e9 \u00e0 94% d\u2019ingr\u00e9dients d\u2019origine naturelle r\u00e9duit visiblement les taches, unifie et illumine la peau. Il prodigue un<\/p>\n","protected":false},"featured_media":11903,"comment_status":"open","ping_status":"closed","template":"","meta":[],"product_brand":[130],"product_cat":[858],"product_tag":[],"class_list":{"0":"post-48282","1":"product","2":"type-product","3":"status-publish","4":"has-post-thumbnail","6":"product_brand-uriage","7":"product_cat-les-bons-deals","9":"first","10":"instock","11":"sale","12":"shipping-taxable","13":"purchasable","14":"product-type-simple"},"yoast_head":"<!-- This site is optimized with the Yoast SEO plugin v26.6 - https:\/\/yoast.com\/wordpress\/plugins\/seo\/ -->\r\n<title>URIAGE OFFRE DEPIDERM SERUM ANTI TACHES BOOSTER ECLAT 30 ML+ BARIESUN SPF 50+ FLUIDE ANTI TACHE 40ML OFFERT - Paracherkaoui.ma<\/title>\r\n<meta name=\"robots\" content=\"index, follow, max-snippet:-1, max-image-preview:large, max-video-preview:-1\" \/>\r\n<link rel=\"canonical\" href=\"https:\/\/paracherkaoui.ma\/index.php\/produit\/uriage-offre-depiderm-serum-anti-taches-booster-eclat-30-ml-bariesun-spf-50-fluide-anti-tache-40ml-offert-5\/\" \/>\r\n<meta property=\"og:locale\" content=\"fr_FR\" \/>\r\n<meta property=\"og:type\" content=\"article\" \/>\r\n<meta property=\"og:title\" content=\"URIAGE OFFRE DEPIDERM SERUM ANTI TACHES BOOSTER ECLAT 30 ML+ BARIESUN SPF 50+ FLUIDE ANTI TACHE 40ML OFFERT - Paracherkaoui.ma\" \/>\r\n<meta property=\"og:description\" content=\"Ce s\u00e9rum compos\u00e9 \u00e0 94% d\u2019ingr\u00e9dients d\u2019origine naturelle r\u00e9duit visiblement les taches, unifie et illumine la peau. Il prodigue un\" \/>\r\n<meta property=\"og:url\" content=\"https:\/\/paracherkaoui.ma\/index.php\/produit\/uriage-offre-depiderm-serum-anti-taches-booster-eclat-30-ml-bariesun-spf-50-fluide-anti-tache-40ml-offert-5\/\" \/>\r\n<meta property=\"og:site_name\" content=\"Paracherkaoui.ma\" \/>\r\n<meta property=\"article:modified_time\" content=\"2025-12-12T18:26:57+00:00\" \/>\r\n<meta property=\"og:image\" content=\"https:\/\/paracherkaoui.ma\/wp-content\/uploads\/2025\/12\/uriage-offre-depiderm-serum-anti-taches-booster-eclat-30-ml-bariesun-spf-50-fluide-anti-tache-40ml-offert.jpg\" \/>\r\n\t<meta property=\"og:image:width\" content=\"700\" \/>\r\n\t<meta property=\"og:image:height\" content=\"700\" \/>\r\n\t<meta property=\"og:image:type\" content=\"image\/jpeg\" \/>\r\n<meta name=\"twitter:card\" content=\"summary_large_image\" \/>\r\n<script type=\"application\/ld+json\" class=\"yoast-schema-graph\">{\"@context\":\"https:\/\/schema.org\",\"@graph\":[{\"@type\":\"WebPage\",\"@id\":\"https:\/\/paracherkaoui.ma\/index.php\/produit\/uriage-offre-depiderm-serum-anti-taches-booster-eclat-30-ml-bariesun-spf-50-fluide-anti-tache-40ml-offert-5\/\",\"url\":\"https:\/\/paracherkaoui.ma\/index.php\/produit\/uriage-offre-depiderm-serum-anti-taches-booster-eclat-30-ml-bariesun-spf-50-fluide-anti-tache-40ml-offert-5\/\",\"name\":\"URIAGE OFFRE DEPIDERM SERUM ANTI TACHES BOOSTER ECLAT 30 ML+ BARIESUN SPF 50+ FLUIDE ANTI TACHE 40ML OFFERT - Paracherkaoui.ma\",\"isPartOf\":{\"@id\":\"https:\/\/paracherkaoui.ma\/#website\"},\"primaryImageOfPage\":{\"@id\":\"https:\/\/paracherkaoui.ma\/index.php\/produit\/uriage-offre-depiderm-serum-anti-taches-booster-eclat-30-ml-bariesun-spf-50-fluide-anti-tache-40ml-offert-5\/#primaryimage\"},\"image\":{\"@id\":\"https:\/\/paracherkaoui.ma\/index.php\/produit\/uriage-offre-depiderm-serum-anti-taches-booster-eclat-30-ml-bariesun-spf-50-fluide-anti-tache-40ml-offert-5\/#primaryimage\"},\"thumbnailUrl\":\"https:\/\/paracherkaoui.ma\/wp-content\/uploads\/2025\/12\/uriage-offre-depiderm-serum-anti-taches-booster-eclat-30-ml-bariesun-spf-50-fluide-anti-tache-40ml-offert.jpg\",\"datePublished\":\"2025-12-12T18:26:53+00:00\",\"dateModified\":\"2025-12-12T18:26:57+00:00\",\"breadcrumb\":{\"@id\":\"https:\/\/paracherkaoui.ma\/index.php\/produit\/uriage-offre-depiderm-serum-anti-taches-booster-eclat-30-ml-bariesun-spf-50-fluide-anti-tache-40ml-offert-5\/#breadcrumb\"},\"inLanguage\":\"fr-FR\",\"potentialAction\":[{\"@type\":\"ReadAction\",\"target\":[\"https:\/\/paracherkaoui.ma\/index.php\/produit\/uriage-offre-depiderm-serum-anti-taches-booster-eclat-30-ml-bariesun-spf-50-fluide-anti-tache-40ml-offert-5\/\"]}]},{\"@type\":\"ImageObject\",\"inLanguage\":\"fr-FR\",\"@id\":\"https:\/\/paracherkaoui.ma\/index.php\/produit\/uriage-offre-depiderm-serum-anti-taches-booster-eclat-30-ml-bariesun-spf-50-fluide-anti-tache-40ml-offert-5\/#primaryimage\",\"url\":\"https:\/\/paracherkaoui.ma\/wp-content\/uploads\/2025\/12\/uriage-offre-depiderm-serum-anti-taches-booster-eclat-30-ml-bariesun-spf-50-fluide-anti-tache-40ml-offert.jpg\",\"contentUrl\":\"https:\/\/paracherkaoui.ma\/wp-content\/uploads\/2025\/12\/uriage-offre-depiderm-serum-anti-taches-booster-eclat-30-ml-bariesun-spf-50-fluide-anti-tache-40ml-offert.jpg\",\"width\":700,\"height\":700},{\"@type\":\"BreadcrumbList\",\"@id\":\"https:\/\/paracherkaoui.ma\/index.php\/produit\/uriage-offre-depiderm-serum-anti-taches-booster-eclat-30-ml-bariesun-spf-50-fluide-anti-tache-40ml-offert-5\/#breadcrumb\",\"itemListElement\":[{\"@type\":\"ListItem\",\"position\":1,\"name\":\"Accueil\",\"item\":\"https:\/\/paracherkaoui.ma\/\"},{\"@type\":\"ListItem\",\"position\":2,\"name\":\"Boutique\",\"item\":\"https:\/\/paracherkaoui.ma\/index.php\/boutique\/\"},{\"@type\":\"ListItem\",\"position\":3,\"name\":\"URIAGE OFFRE DEPIDERM SERUM ANTI TACHES BOOSTER ECLAT 30 ML+ BARIESUN SPF 50+ FLUIDE ANTI TACHE 40ML OFFERT\"}]},{\"@type\":\"WebSite\",\"@id\":\"https:\/\/paracherkaoui.ma\/#website\",\"url\":\"https:\/\/paracherkaoui.ma\/\",\"name\":\"Paracherkaoui.ma\",\"description\":\"Achetez en ligne sur Paracherkaoui.ma\",\"potentialAction\":[{\"@type\":\"SearchAction\",\"target\":{\"@type\":\"EntryPoint\",\"urlTemplate\":\"https:\/\/paracherkaoui.ma\/?s={search_term_string}\"},\"query-input\":{\"@type\":\"PropertyValueSpecification\",\"valueRequired\":true,\"valueName\":\"search_term_string\"}}],\"inLanguage\":\"fr-FR\"}]}<\/script>\r\n<!-- \/ Yoast SEO plugin. -->","yoast_head_json":{"title":"URIAGE OFFRE DEPIDERM SERUM ANTI TACHES BOOSTER ECLAT 30 ML+ BARIESUN SPF 50+ FLUIDE ANTI TACHE 40ML OFFERT - Paracherkaoui.ma","robots":{"index":"index","follow":"follow","max-snippet":"max-snippet:-1","max-image-preview":"max-image-preview:large","max-video-preview":"max-video-preview:-1"},"canonical":"https:\/\/paracherkaoui.ma\/index.php\/produit\/uriage-offre-depiderm-serum-anti-taches-booster-eclat-30-ml-bariesun-spf-50-fluide-anti-tache-40ml-offert-5\/","og_locale":"fr_FR","og_type":"article","og_title":"URIAGE OFFRE DEPIDERM SERUM ANTI TACHES BOOSTER ECLAT 30 ML+ BARIESUN SPF 50+ FLUIDE ANTI TACHE 40ML OFFERT - Paracherkaoui.ma","og_description":"Ce s\u00e9rum compos\u00e9 \u00e0 94% d\u2019ingr\u00e9dients d\u2019origine naturelle r\u00e9duit visiblement les taches, unifie et illumine la peau. Il prodigue un","og_url":"https:\/\/paracherkaoui.ma\/index.php\/produit\/uriage-offre-depiderm-serum-anti-taches-booster-eclat-30-ml-bariesun-spf-50-fluide-anti-tache-40ml-offert-5\/","og_site_name":"Paracherkaoui.ma","article_modified_time":"2025-12-12T18:26:57+00:00","og_image":[{"width":700,"height":700,"url":"https:\/\/paracherkaoui.ma\/wp-content\/uploads\/2025\/12\/uriage-offre-depiderm-serum-anti-taches-booster-eclat-30-ml-bariesun-spf-50-fluide-anti-tache-40ml-offert.jpg","type":"image\/jpeg"}],"twitter_card":"summary_large_image","schema":{"@context":"https:\/\/schema.org","@graph":[{"@type":"WebPage","@id":"https:\/\/paracherkaoui.ma\/index.php\/produit\/uriage-offre-depiderm-serum-anti-taches-booster-eclat-30-ml-bariesun-spf-50-fluide-anti-tache-40ml-offert-5\/","url":"https:\/\/paracherkaoui.ma\/index.php\/produit\/uriage-offre-depiderm-serum-anti-taches-booster-eclat-30-ml-bariesun-spf-50-fluide-anti-tache-40ml-offert-5\/","name":"URIAGE OFFRE DEPIDERM SERUM ANTI TACHES BOOSTER ECLAT 30 ML+ BARIESUN SPF 50+ FLUIDE ANTI TACHE 40ML OFFERT - Paracherkaoui.ma","isPartOf":{"@id":"https:\/\/paracherkaoui.ma\/#website"},"primaryImageOfPage":{"@id":"https:\/\/paracherkaoui.ma\/index.php\/produit\/uriage-offre-depiderm-serum-anti-taches-booster-eclat-30-ml-bariesun-spf-50-fluide-anti-tache-40ml-offert-5\/#primaryimage"},"image":{"@id":"https:\/\/paracherkaoui.ma\/index.php\/produit\/uriage-offre-depiderm-serum-anti-taches-booster-eclat-30-ml-bariesun-spf-50-fluide-anti-tache-40ml-offert-5\/#primaryimage"},"thumbnailUrl":"https:\/\/paracherkaoui.ma\/wp-content\/uploads\/2025\/12\/uriage-offre-depiderm-serum-anti-taches-booster-eclat-30-ml-bariesun-spf-50-fluide-anti-tache-40ml-offert.jpg","datePublished":"2025-12-12T18:26:53+00:00","dateModified":"2025-12-12T18:26:57+00:00","breadcrumb":{"@id":"https:\/\/paracherkaoui.ma\/index.php\/produit\/uriage-offre-depiderm-serum-anti-taches-booster-eclat-30-ml-bariesun-spf-50-fluide-anti-tache-40ml-offert-5\/#breadcrumb"},"inLanguage":"fr-FR","potentialAction":[{"@type":"ReadAction","target":["https:\/\/paracherkaoui.ma\/index.php\/produit\/uriage-offre-depiderm-serum-anti-taches-booster-eclat-30-ml-bariesun-spf-50-fluide-anti-tache-40ml-offert-5\/"]}]},{"@type":"ImageObject","inLanguage":"fr-FR","@id":"https:\/\/paracherkaoui.ma\/index.php\/produit\/uriage-offre-depiderm-serum-anti-taches-booster-eclat-30-ml-bariesun-spf-50-fluide-anti-tache-40ml-offert-5\/#primaryimage","url":"https:\/\/paracherkaoui.ma\/wp-content\/uploads\/2025\/12\/uriage-offre-depiderm-serum-anti-taches-booster-eclat-30-ml-bariesun-spf-50-fluide-anti-tache-40ml-offert.jpg","contentUrl":"https:\/\/paracherkaoui.ma\/wp-content\/uploads\/2025\/12\/uriage-offre-depiderm-serum-anti-taches-booster-eclat-30-ml-bariesun-spf-50-fluide-anti-tache-40ml-offert.jpg","width":700,"height":700},{"@type":"BreadcrumbList","@id":"https:\/\/paracherkaoui.ma\/index.php\/produit\/uriage-offre-depiderm-serum-anti-taches-booster-eclat-30-ml-bariesun-spf-50-fluide-anti-tache-40ml-offert-5\/#breadcrumb","itemListElement":[{"@type":"ListItem","position":1,"name":"Accueil","item":"https:\/\/paracherkaoui.ma\/"},{"@type":"ListItem","position":2,"name":"Boutique","item":"https:\/\/paracherkaoui.ma\/index.php\/boutique\/"},{"@type":"ListItem","position":3,"name":"URIAGE OFFRE DEPIDERM SERUM ANTI TACHES BOOSTER ECLAT 30 ML+ BARIESUN SPF 50+ FLUIDE ANTI TACHE 40ML OFFERT"}]},{"@type":"WebSite","@id":"https:\/\/paracherkaoui.ma\/#website","url":"https:\/\/paracherkaoui.ma\/","name":"Paracherkaoui.ma","description":"Achetez en ligne sur Paracherkaoui.ma","potentialAction":[{"@type":"SearchAction","target":{"@type":"EntryPoint","urlTemplate":"https:\/\/paracherkaoui.ma\/?s={search_term_string}"},"query-input":{"@type":"PropertyValueSpecification","valueRequired":true,"valueName":"search_term_string"}}],"inLanguage":"fr-FR"}]}},"_links":{"self":[{"href":"https:\/\/paracherkaoui.ma\/index.php\/wp-json\/wp\/v2\/product\/48282","targetHints":{"allow":["GET"]}}],"collection":[{"href":"https:\/\/paracherkaoui.ma\/index.php\/wp-json\/wp\/v2\/product"}],"about":[{"href":"https:\/\/paracherkaoui.ma\/index.php\/wp-json\/wp\/v2\/types\/product"}],"replies":[{"embeddable":true,"href":"https:\/\/paracherkaoui.ma\/index.php\/wp-json\/wp\/v2\/comments?post=48282"}],"version-history":[{"count":1,"href":"https:\/\/paracherkaoui.ma\/index.php\/wp-json\/wp\/v2\/product\/48282\/revisions"}],"predecessor-version":[{"id":48320,"href":"https:\/\/paracherkaoui.ma\/index.php\/wp-json\/wp\/v2\/product\/48282\/revisions\/48320"}],"wp:featuredmedia":[{"embeddable":true,"href":"https:\/\/paracherkaoui.ma\/index.php\/wp-json\/wp\/v2\/media\/11903"}],"wp:attachment":[{"href":"https:\/\/paracherkaoui.ma\/index.php\/wp-json\/wp\/v2\/media?parent=48282"}],"wp:term":[{"taxonomy":"product_brand","embeddable":true,"href":"https:\/\/paracherkaoui.ma\/index.php\/wp-json\/wp\/v2\/product_brand?post=48282"},{"taxonomy":"product_cat","embeddable":true,"href":"https:\/\/paracherkaoui.ma\/index.php\/wp-json\/wp\/v2\/product_cat?post=48282"},{"taxonomy":"product_tag","embeddable":true,"href":"https:\/\/paracherkaoui.ma\/index.php\/wp-json\/wp\/v2\/product_tag?post=48282"}],"curies":[{"name":"wp","href":"https:\/\/api.w.org\/{rel}","templated":true}]}}