{"id":47866,"date":"2025-12-12T19:26:02","date_gmt":"2025-12-12T18:26:02","guid":{"rendered":"https:\/\/test.ecbeaute.com\/?post_type=product&#038;p=47866"},"modified":"2025-12-12T19:26:07","modified_gmt":"2025-12-12T18:26:07","slug":"cantabria-offre-web-heliocare-ultra-gel-90-spf-50-ml-360-gel-oil-free-minerale-tolerance-fluide-format-voyage-offerts-2","status":"publish","type":"product","link":"https:\/\/paracherkaoui.ma\/index.php\/produit\/cantabria-offre-web-heliocare-ultra-gel-90-spf-50-ml-360-gel-oil-free-minerale-tolerance-fluide-format-voyage-offerts-2\/","title":{"rendered":"CANTABRIA OFFRE WEB HELIOCARE ULTRA GEL 90 SPF+ 50 ML + 360 GEL OIL FREE+ MINERALE TOLERANCE FLUIDE FORMAT VOYAGE OFFERTS"},"content":{"rendered":"<p>Heliocare Gel Ultra SPF90+ est un \u00e9cran solaire \u00e0 l&rsquo;indice de protection tr\u00e8s \u00e9lev\u00e9 sp\u00e9cialement con\u00e7u pour les peaux les plus sensibles.<br \/>\nPropri\u00e9t\u00e9s :<br \/>\nProt\u00e8ge des rayons du soleil.<br \/>\nTexture ultra-l\u00e9g\u00e8re.<br \/>\nFormul\u00e9 \u00e0 base d&rsquo;ingr\u00e9dients antioxydants et r\u00e9parateurs.<br \/>\nNe laisse pas de traces blanches.<br \/>\nN&rsquo;ass\u00e8che pas la peau.<br \/>\n*Indiqu\u00e9 pour les peaux normales \u00e0 mixtes.<br \/>\nProt\u00e8ge efficacement les peaux sensibles !<br \/>\nMode d&#8217;emploi<br \/>\nComment appliquer Heliocare Gel Ultra SPF90+ ?<br \/>\nAgiter avant utilisation. Appliquer g\u00e9n\u00e9reusement 30 minutes avant l&rsquo;exposition au soleil. Renouveler fr\u00e9quemment l&rsquo;application, surtout apr\u00e8s vous \u00eatre baign\u00e9 ou avoir transpir\u00e9.<\/p>\n","protected":false},"excerpt":{"rendered":"<p>Heliocare Gel Ultra SPF90+ est un \u00e9cran solaire \u00e0 l&rsquo;indice de protection tr\u00e8s \u00e9lev\u00e9 sp\u00e9cialement con\u00e7u pour les peaux les<\/p>\n","protected":false},"featured_media":38787,"comment_status":"open","ping_status":"closed","template":"","meta":[],"product_brand":[147],"product_cat":[858],"product_tag":[],"class_list":{"0":"post-47866","1":"product","2":"type-product","3":"status-publish","4":"has-post-thumbnail","6":"product_brand-cantabria","7":"product_cat-les-bons-deals","9":"first","10":"instock","11":"sale","12":"shipping-taxable","13":"purchasable","14":"product-type-simple"},"yoast_head":"<!-- This site is optimized with the Yoast SEO plugin v26.6 - https:\/\/yoast.com\/wordpress\/plugins\/seo\/ -->\r\n<title>CANTABRIA OFFRE WEB HELIOCARE ULTRA GEL 90 SPF+ 50 ML + 360 GEL OIL FREE+ MINERALE TOLERANCE FLUIDE FORMAT VOYAGE OFFERTS - Paracherkaoui.ma<\/title>\r\n<meta name=\"robots\" content=\"index, follow, max-snippet:-1, max-image-preview:large, max-video-preview:-1\" \/>\r\n<link rel=\"canonical\" href=\"https:\/\/paracherkaoui.ma\/index.php\/produit\/cantabria-offre-web-heliocare-ultra-gel-90-spf-50-ml-360-gel-oil-free-minerale-tolerance-fluide-format-voyage-offerts-2\/\" \/>\r\n<meta property=\"og:locale\" content=\"fr_FR\" \/>\r\n<meta property=\"og:type\" content=\"article\" \/>\r\n<meta property=\"og:title\" content=\"CANTABRIA OFFRE WEB HELIOCARE ULTRA GEL 90 SPF+ 50 ML + 360 GEL OIL FREE+ MINERALE TOLERANCE FLUIDE FORMAT VOYAGE OFFERTS - Paracherkaoui.ma\" \/>\r\n<meta property=\"og:description\" content=\"Heliocare Gel Ultra SPF90+ est un \u00e9cran solaire \u00e0 l&rsquo;indice de protection tr\u00e8s \u00e9lev\u00e9 sp\u00e9cialement con\u00e7u pour les peaux les\" \/>\r\n<meta property=\"og:url\" content=\"https:\/\/paracherkaoui.ma\/index.php\/produit\/cantabria-offre-web-heliocare-ultra-gel-90-spf-50-ml-360-gel-oil-free-minerale-tolerance-fluide-format-voyage-offerts-2\/\" \/>\r\n<meta property=\"og:site_name\" content=\"Paracherkaoui.ma\" \/>\r\n<meta property=\"article:modified_time\" content=\"2025-12-12T18:26:07+00:00\" \/>\r\n<meta property=\"og:image\" content=\"https:\/\/paracherkaoui.ma\/wp-content\/uploads\/2025\/12\/cantabria-offre-web-heliocare-ultra-gel-90-spf-50-ml-360-gel-oil-free-minerale-tolerance-fluide-format-voyage-offerts.jpg\" \/>\r\n\t<meta property=\"og:image:width\" content=\"700\" \/>\r\n\t<meta property=\"og:image:height\" content=\"700\" \/>\r\n\t<meta property=\"og:image:type\" content=\"image\/jpeg\" \/>\r\n<meta name=\"twitter:card\" content=\"summary_large_image\" \/>\r\n<meta name=\"twitter:label1\" content=\"Dur\u00e9e de lecture estim\u00e9e\" \/>\n\t<meta name=\"twitter:data1\" content=\"1 minute\" \/>\r\n<script type=\"application\/ld+json\" class=\"yoast-schema-graph\">{\"@context\":\"https:\/\/schema.org\",\"@graph\":[{\"@type\":\"WebPage\",\"@id\":\"https:\/\/paracherkaoui.ma\/index.php\/produit\/cantabria-offre-web-heliocare-ultra-gel-90-spf-50-ml-360-gel-oil-free-minerale-tolerance-fluide-format-voyage-offerts-2\/\",\"url\":\"https:\/\/paracherkaoui.ma\/index.php\/produit\/cantabria-offre-web-heliocare-ultra-gel-90-spf-50-ml-360-gel-oil-free-minerale-tolerance-fluide-format-voyage-offerts-2\/\",\"name\":\"CANTABRIA OFFRE WEB HELIOCARE ULTRA GEL 90 SPF+ 50 ML + 360 GEL OIL FREE+ MINERALE TOLERANCE FLUIDE FORMAT VOYAGE OFFERTS - Paracherkaoui.ma\",\"isPartOf\":{\"@id\":\"https:\/\/paracherkaoui.ma\/#website\"},\"primaryImageOfPage\":{\"@id\":\"https:\/\/paracherkaoui.ma\/index.php\/produit\/cantabria-offre-web-heliocare-ultra-gel-90-spf-50-ml-360-gel-oil-free-minerale-tolerance-fluide-format-voyage-offerts-2\/#primaryimage\"},\"image\":{\"@id\":\"https:\/\/paracherkaoui.ma\/index.php\/produit\/cantabria-offre-web-heliocare-ultra-gel-90-spf-50-ml-360-gel-oil-free-minerale-tolerance-fluide-format-voyage-offerts-2\/#primaryimage\"},\"thumbnailUrl\":\"https:\/\/paracherkaoui.ma\/wp-content\/uploads\/2025\/12\/cantabria-offre-web-heliocare-ultra-gel-90-spf-50-ml-360-gel-oil-free-minerale-tolerance-fluide-format-voyage-offerts.jpg\",\"datePublished\":\"2025-12-12T18:26:02+00:00\",\"dateModified\":\"2025-12-12T18:26:07+00:00\",\"breadcrumb\":{\"@id\":\"https:\/\/paracherkaoui.ma\/index.php\/produit\/cantabria-offre-web-heliocare-ultra-gel-90-spf-50-ml-360-gel-oil-free-minerale-tolerance-fluide-format-voyage-offerts-2\/#breadcrumb\"},\"inLanguage\":\"fr-FR\",\"potentialAction\":[{\"@type\":\"ReadAction\",\"target\":[\"https:\/\/paracherkaoui.ma\/index.php\/produit\/cantabria-offre-web-heliocare-ultra-gel-90-spf-50-ml-360-gel-oil-free-minerale-tolerance-fluide-format-voyage-offerts-2\/\"]}]},{\"@type\":\"ImageObject\",\"inLanguage\":\"fr-FR\",\"@id\":\"https:\/\/paracherkaoui.ma\/index.php\/produit\/cantabria-offre-web-heliocare-ultra-gel-90-spf-50-ml-360-gel-oil-free-minerale-tolerance-fluide-format-voyage-offerts-2\/#primaryimage\",\"url\":\"https:\/\/paracherkaoui.ma\/wp-content\/uploads\/2025\/12\/cantabria-offre-web-heliocare-ultra-gel-90-spf-50-ml-360-gel-oil-free-minerale-tolerance-fluide-format-voyage-offerts.jpg\",\"contentUrl\":\"https:\/\/paracherkaoui.ma\/wp-content\/uploads\/2025\/12\/cantabria-offre-web-heliocare-ultra-gel-90-spf-50-ml-360-gel-oil-free-minerale-tolerance-fluide-format-voyage-offerts.jpg\",\"width\":700,\"height\":700},{\"@type\":\"BreadcrumbList\",\"@id\":\"https:\/\/paracherkaoui.ma\/index.php\/produit\/cantabria-offre-web-heliocare-ultra-gel-90-spf-50-ml-360-gel-oil-free-minerale-tolerance-fluide-format-voyage-offerts-2\/#breadcrumb\",\"itemListElement\":[{\"@type\":\"ListItem\",\"position\":1,\"name\":\"Accueil\",\"item\":\"https:\/\/paracherkaoui.ma\/\"},{\"@type\":\"ListItem\",\"position\":2,\"name\":\"Boutique\",\"item\":\"https:\/\/paracherkaoui.ma\/index.php\/boutique\/\"},{\"@type\":\"ListItem\",\"position\":3,\"name\":\"CANTABRIA OFFRE WEB HELIOCARE ULTRA GEL 90 SPF+ 50 ML + 360 GEL OIL FREE+ MINERALE TOLERANCE FLUIDE FORMAT VOYAGE OFFERTS\"}]},{\"@type\":\"WebSite\",\"@id\":\"https:\/\/paracherkaoui.ma\/#website\",\"url\":\"https:\/\/paracherkaoui.ma\/\",\"name\":\"Paracherkaoui.ma\",\"description\":\"Achetez en ligne sur Paracherkaoui.ma\",\"potentialAction\":[{\"@type\":\"SearchAction\",\"target\":{\"@type\":\"EntryPoint\",\"urlTemplate\":\"https:\/\/paracherkaoui.ma\/?s={search_term_string}\"},\"query-input\":{\"@type\":\"PropertyValueSpecification\",\"valueRequired\":true,\"valueName\":\"search_term_string\"}}],\"inLanguage\":\"fr-FR\"}]}<\/script>\r\n<!-- \/ Yoast SEO plugin. -->","yoast_head_json":{"title":"CANTABRIA OFFRE WEB HELIOCARE ULTRA GEL 90 SPF+ 50 ML + 360 GEL OIL FREE+ MINERALE TOLERANCE FLUIDE FORMAT VOYAGE OFFERTS - Paracherkaoui.ma","robots":{"index":"index","follow":"follow","max-snippet":"max-snippet:-1","max-image-preview":"max-image-preview:large","max-video-preview":"max-video-preview:-1"},"canonical":"https:\/\/paracherkaoui.ma\/index.php\/produit\/cantabria-offre-web-heliocare-ultra-gel-90-spf-50-ml-360-gel-oil-free-minerale-tolerance-fluide-format-voyage-offerts-2\/","og_locale":"fr_FR","og_type":"article","og_title":"CANTABRIA OFFRE WEB HELIOCARE ULTRA GEL 90 SPF+ 50 ML + 360 GEL OIL FREE+ MINERALE TOLERANCE FLUIDE FORMAT VOYAGE OFFERTS - Paracherkaoui.ma","og_description":"Heliocare Gel Ultra SPF90+ est un \u00e9cran solaire \u00e0 l&rsquo;indice de protection tr\u00e8s \u00e9lev\u00e9 sp\u00e9cialement con\u00e7u pour les peaux les","og_url":"https:\/\/paracherkaoui.ma\/index.php\/produit\/cantabria-offre-web-heliocare-ultra-gel-90-spf-50-ml-360-gel-oil-free-minerale-tolerance-fluide-format-voyage-offerts-2\/","og_site_name":"Paracherkaoui.ma","article_modified_time":"2025-12-12T18:26:07+00:00","og_image":[{"width":700,"height":700,"url":"https:\/\/paracherkaoui.ma\/wp-content\/uploads\/2025\/12\/cantabria-offre-web-heliocare-ultra-gel-90-spf-50-ml-360-gel-oil-free-minerale-tolerance-fluide-format-voyage-offerts.jpg","type":"image\/jpeg"}],"twitter_card":"summary_large_image","twitter_misc":{"Dur\u00e9e de lecture estim\u00e9e":"1 minute"},"schema":{"@context":"https:\/\/schema.org","@graph":[{"@type":"WebPage","@id":"https:\/\/paracherkaoui.ma\/index.php\/produit\/cantabria-offre-web-heliocare-ultra-gel-90-spf-50-ml-360-gel-oil-free-minerale-tolerance-fluide-format-voyage-offerts-2\/","url":"https:\/\/paracherkaoui.ma\/index.php\/produit\/cantabria-offre-web-heliocare-ultra-gel-90-spf-50-ml-360-gel-oil-free-minerale-tolerance-fluide-format-voyage-offerts-2\/","name":"CANTABRIA OFFRE WEB HELIOCARE ULTRA GEL 90 SPF+ 50 ML + 360 GEL OIL FREE+ MINERALE TOLERANCE FLUIDE FORMAT VOYAGE OFFERTS - Paracherkaoui.ma","isPartOf":{"@id":"https:\/\/paracherkaoui.ma\/#website"},"primaryImageOfPage":{"@id":"https:\/\/paracherkaoui.ma\/index.php\/produit\/cantabria-offre-web-heliocare-ultra-gel-90-spf-50-ml-360-gel-oil-free-minerale-tolerance-fluide-format-voyage-offerts-2\/#primaryimage"},"image":{"@id":"https:\/\/paracherkaoui.ma\/index.php\/produit\/cantabria-offre-web-heliocare-ultra-gel-90-spf-50-ml-360-gel-oil-free-minerale-tolerance-fluide-format-voyage-offerts-2\/#primaryimage"},"thumbnailUrl":"https:\/\/paracherkaoui.ma\/wp-content\/uploads\/2025\/12\/cantabria-offre-web-heliocare-ultra-gel-90-spf-50-ml-360-gel-oil-free-minerale-tolerance-fluide-format-voyage-offerts.jpg","datePublished":"2025-12-12T18:26:02+00:00","dateModified":"2025-12-12T18:26:07+00:00","breadcrumb":{"@id":"https:\/\/paracherkaoui.ma\/index.php\/produit\/cantabria-offre-web-heliocare-ultra-gel-90-spf-50-ml-360-gel-oil-free-minerale-tolerance-fluide-format-voyage-offerts-2\/#breadcrumb"},"inLanguage":"fr-FR","potentialAction":[{"@type":"ReadAction","target":["https:\/\/paracherkaoui.ma\/index.php\/produit\/cantabria-offre-web-heliocare-ultra-gel-90-spf-50-ml-360-gel-oil-free-minerale-tolerance-fluide-format-voyage-offerts-2\/"]}]},{"@type":"ImageObject","inLanguage":"fr-FR","@id":"https:\/\/paracherkaoui.ma\/index.php\/produit\/cantabria-offre-web-heliocare-ultra-gel-90-spf-50-ml-360-gel-oil-free-minerale-tolerance-fluide-format-voyage-offerts-2\/#primaryimage","url":"https:\/\/paracherkaoui.ma\/wp-content\/uploads\/2025\/12\/cantabria-offre-web-heliocare-ultra-gel-90-spf-50-ml-360-gel-oil-free-minerale-tolerance-fluide-format-voyage-offerts.jpg","contentUrl":"https:\/\/paracherkaoui.ma\/wp-content\/uploads\/2025\/12\/cantabria-offre-web-heliocare-ultra-gel-90-spf-50-ml-360-gel-oil-free-minerale-tolerance-fluide-format-voyage-offerts.jpg","width":700,"height":700},{"@type":"BreadcrumbList","@id":"https:\/\/paracherkaoui.ma\/index.php\/produit\/cantabria-offre-web-heliocare-ultra-gel-90-spf-50-ml-360-gel-oil-free-minerale-tolerance-fluide-format-voyage-offerts-2\/#breadcrumb","itemListElement":[{"@type":"ListItem","position":1,"name":"Accueil","item":"https:\/\/paracherkaoui.ma\/"},{"@type":"ListItem","position":2,"name":"Boutique","item":"https:\/\/paracherkaoui.ma\/index.php\/boutique\/"},{"@type":"ListItem","position":3,"name":"CANTABRIA OFFRE WEB HELIOCARE ULTRA GEL 90 SPF+ 50 ML + 360 GEL OIL FREE+ MINERALE TOLERANCE FLUIDE FORMAT VOYAGE OFFERTS"}]},{"@type":"WebSite","@id":"https:\/\/paracherkaoui.ma\/#website","url":"https:\/\/paracherkaoui.ma\/","name":"Paracherkaoui.ma","description":"Achetez en ligne sur Paracherkaoui.ma","potentialAction":[{"@type":"SearchAction","target":{"@type":"EntryPoint","urlTemplate":"https:\/\/paracherkaoui.ma\/?s={search_term_string}"},"query-input":{"@type":"PropertyValueSpecification","valueRequired":true,"valueName":"search_term_string"}}],"inLanguage":"fr-FR"}]}},"_links":{"self":[{"href":"https:\/\/paracherkaoui.ma\/index.php\/wp-json\/wp\/v2\/product\/47866","targetHints":{"allow":["GET"]}}],"collection":[{"href":"https:\/\/paracherkaoui.ma\/index.php\/wp-json\/wp\/v2\/product"}],"about":[{"href":"https:\/\/paracherkaoui.ma\/index.php\/wp-json\/wp\/v2\/types\/product"}],"replies":[{"embeddable":true,"href":"https:\/\/paracherkaoui.ma\/index.php\/wp-json\/wp\/v2\/comments?post=47866"}],"version-history":[{"count":1,"href":"https:\/\/paracherkaoui.ma\/index.php\/wp-json\/wp\/v2\/product\/47866\/revisions"}],"predecessor-version":[{"id":47913,"href":"https:\/\/paracherkaoui.ma\/index.php\/wp-json\/wp\/v2\/product\/47866\/revisions\/47913"}],"wp:featuredmedia":[{"embeddable":true,"href":"https:\/\/paracherkaoui.ma\/index.php\/wp-json\/wp\/v2\/media\/38787"}],"wp:attachment":[{"href":"https:\/\/paracherkaoui.ma\/index.php\/wp-json\/wp\/v2\/media?parent=47866"}],"wp:term":[{"taxonomy":"product_brand","embeddable":true,"href":"https:\/\/paracherkaoui.ma\/index.php\/wp-json\/wp\/v2\/product_brand?post=47866"},{"taxonomy":"product_cat","embeddable":true,"href":"https:\/\/paracherkaoui.ma\/index.php\/wp-json\/wp\/v2\/product_cat?post=47866"},{"taxonomy":"product_tag","embeddable":true,"href":"https:\/\/paracherkaoui.ma\/index.php\/wp-json\/wp\/v2\/product_tag?post=47866"}],"curies":[{"name":"wp","href":"https:\/\/api.w.org\/{rel}","templated":true}]}}