{"id":47853,"date":"2025-12-12T19:26:01","date_gmt":"2025-12-12T18:26:01","guid":{"rendered":"https:\/\/test.ecbeaute.com\/?post_type=product&#038;p=47853"},"modified":"2025-12-12T19:26:05","modified_gmt":"2025-12-12T18:26:05","slug":"doppelherz-activ-pack-2-capilvit-1-harmonivit","status":"publish","type":"product","link":"https:\/\/paracherkaoui.ma\/index.php\/produit\/doppelherz-activ-pack-2-capilvit-1-harmonivit\/","title":{"rendered":"DOPPELHERZ ACTIV PACK 2 CAPILVIT + 1 HARMONIVIT"},"content":{"rendered":"<p>Doppelherz Activ Capilvit est un compl\u00e9ment alimentaire cibl\u00e9 qui apporte les nutriments n\u00e9cessaires \u00e0 la croissance, la r\u00e9sistance et la beaut\u00e9 des cheveux. Il associe l\u2019extrait de sorgho, riche en prot\u00e9ines et vitamines B, \u00e0 l\u2019huile de germe de bl\u00e9, source naturelle de vitamine E et d\u2019acides gras essentiels. Ce complexe est renforc\u00e9 par de la biotine, du zinc et du cuivre, indispensables \u00e0 la synth\u00e8se de la k\u00e9ratine, \u00e0 la pigmentation et \u00e0 la vitalit\u00e9 capillaire.<br \/>\nLe cheveu, fragile face au stress, aux agressions chimiques (coloration, brushing), ou encore aux carences alimentaires, n\u00e9cessite un soutien nutritionnel constant. Capilvit aide \u00e0 renforcer la fibre capillaire de l\u2019int\u00e9rieur, stimule la croissance et lutte contre la chute gr\u00e2ce \u00e0 un apport \u00e9quilibr\u00e9 en vitamines B6, acide pantoth\u00e9nique et zinc.<br \/>\nDoppelherz Activ Harmonivit, inclus gratuitement dans ce pack, soutient votre syst\u00e8me nerveux gr\u00e2ce \u00e0 une synergie d\u2019extraits de ginkgo et de m\u00e9lisse, associ\u00e9s \u00e0 9 vitamines du groupe B. Il aide \u00e0 am\u00e9liorer la concentration, la r\u00e9sistance au stress et la qualit\u00e9 du sommeil \u2013 des facteurs essentiels au bien-\u00eatre global et \u00e0 une belle chevelure.<br \/>\nCe pack est donc id\u00e9al en p\u00e9riode de stress, de fatigue, ou lors de changements saisonniers qui fragilisent vos cheveux et votre mental.<br \/>\nConseils d\u2019utilisation<br \/>\nCapilvit : 1 capsule par jour apr\u00e8s un repas, avec un grand verre d\u2019eau. Ne pas croquer.<br \/>\nHarmonivit : 1 comprim\u00e9 par jour apr\u00e8s un repas, avec un grand verre d\u2019eau. Ne pas croquer.<br \/>\nNe pas d\u00e9passer la dose journali\u00e8re recommand\u00e9e. Tenir hors de port\u00e9e des enfants. \u00c0 conserver \u00e0 l\u2019abri de la chaleur.<br \/>\nComposition<br \/>\nCapilvit :<br \/>\nHuile de germe de bl\u00e9 (Triticum vulgare), G\u00e9latine (bovine halal), Extrait de sorgho (Sorghum bicolor), Huile de noix de coco, Glyc\u00e9rine, Mono- et diglyc\u00e9rides d\u2019acides gras, Sorbitol, Sulfate de zinc, L\u00e9cithine de soja, Pantoth\u00e9nate de calcium, Oxydes et hydroxydes de fer, Chlorhydrate de pyridoxine, Sulfate de cuivre, Biotine<br \/>\nHarmonivit\u00a0:<br \/>\nPhosphate dicalcique, Cellulose microcristalline, Extrait de feuilles de ginkgo, Extrait de m\u00e9lisse, Nicotinamide, Dioxyde de silice, D-pantoth\u00e9nate de calcium, Carboxym\u00e9thylcellulose de sodium r\u00e9ticul\u00e9e, Sels de magn\u00e9sium d\u2019acides gras, Hydroxypropyl m\u00e9thyl cellulose, Poudre de cellulose, Dioxyde de titane, Gomme-laque, Chlorhydrate de pyridoxine, Riboflavine, Mononitrate de thiamine, Talc, Huile d\u2019olive, Acide pt\u00e9roylmonoglutamique, Polysorbate 80, Riboflavine, Complexes cuivre-chlorophylles, D-biotine, Cyanocobalamine<\/p>\n","protected":false},"excerpt":{"rendered":"<p>Doppelherz Activ Capilvit est un compl\u00e9ment alimentaire cibl\u00e9 qui apporte les nutriments n\u00e9cessaires \u00e0 la croissance, la r\u00e9sistance et la<\/p>\n","protected":false},"featured_media":47894,"comment_status":"open","ping_status":"closed","template":"","meta":[],"product_brand":[862],"product_cat":[858],"product_tag":[],"class_list":{"0":"post-47853","1":"product","2":"type-product","3":"status-publish","4":"has-post-thumbnail","6":"product_brand-doppelherz","7":"product_cat-les-bons-deals","9":"first","10":"instock","11":"sale","12":"shipping-taxable","13":"purchasable","14":"product-type-simple"},"yoast_head":"<!-- This site is optimized with the Yoast SEO plugin v26.6 - https:\/\/yoast.com\/wordpress\/plugins\/seo\/ -->\r\n<title>DOPPELHERZ ACTIV PACK 2 CAPILVIT + 1 HARMONIVIT - Paracherkaoui.ma<\/title>\r\n<meta name=\"robots\" content=\"index, follow, max-snippet:-1, max-image-preview:large, max-video-preview:-1\" \/>\r\n<link rel=\"canonical\" href=\"https:\/\/paracherkaoui.ma\/index.php\/produit\/doppelherz-activ-pack-2-capilvit-1-harmonivit\/\" \/>\r\n<meta property=\"og:locale\" content=\"fr_FR\" \/>\r\n<meta property=\"og:type\" content=\"article\" \/>\r\n<meta property=\"og:title\" content=\"DOPPELHERZ ACTIV PACK 2 CAPILVIT + 1 HARMONIVIT - Paracherkaoui.ma\" \/>\r\n<meta property=\"og:description\" content=\"Doppelherz Activ Capilvit est un compl\u00e9ment alimentaire cibl\u00e9 qui apporte les nutriments n\u00e9cessaires \u00e0 la croissance, la r\u00e9sistance et la\" \/>\r\n<meta property=\"og:url\" content=\"https:\/\/paracherkaoui.ma\/index.php\/produit\/doppelherz-activ-pack-2-capilvit-1-harmonivit\/\" \/>\r\n<meta property=\"og:site_name\" content=\"Paracherkaoui.ma\" \/>\r\n<meta property=\"article:modified_time\" content=\"2025-12-12T18:26:05+00:00\" \/>\r\n<meta property=\"og:image\" content=\"https:\/\/paracherkaoui.ma\/wp-content\/uploads\/2025\/12\/doppelherz-activ-pack-2-capilvit-1-harmonivit.jpg\" \/>\r\n\t<meta property=\"og:image:width\" content=\"700\" \/>\r\n\t<meta property=\"og:image:height\" content=\"700\" \/>\r\n\t<meta property=\"og:image:type\" content=\"image\/jpeg\" \/>\r\n<meta name=\"twitter:card\" content=\"summary_large_image\" \/>\r\n<meta name=\"twitter:label1\" content=\"Dur\u00e9e de lecture estim\u00e9e\" \/>\n\t<meta name=\"twitter:data1\" content=\"2 minutes\" \/>\r\n<script type=\"application\/ld+json\" class=\"yoast-schema-graph\">{\"@context\":\"https:\/\/schema.org\",\"@graph\":[{\"@type\":\"WebPage\",\"@id\":\"https:\/\/paracherkaoui.ma\/index.php\/produit\/doppelherz-activ-pack-2-capilvit-1-harmonivit\/\",\"url\":\"https:\/\/paracherkaoui.ma\/index.php\/produit\/doppelherz-activ-pack-2-capilvit-1-harmonivit\/\",\"name\":\"DOPPELHERZ ACTIV PACK 2 CAPILVIT + 1 HARMONIVIT - Paracherkaoui.ma\",\"isPartOf\":{\"@id\":\"https:\/\/paracherkaoui.ma\/#website\"},\"primaryImageOfPage\":{\"@id\":\"https:\/\/paracherkaoui.ma\/index.php\/produit\/doppelherz-activ-pack-2-capilvit-1-harmonivit\/#primaryimage\"},\"image\":{\"@id\":\"https:\/\/paracherkaoui.ma\/index.php\/produit\/doppelherz-activ-pack-2-capilvit-1-harmonivit\/#primaryimage\"},\"thumbnailUrl\":\"https:\/\/paracherkaoui.ma\/wp-content\/uploads\/2025\/12\/doppelherz-activ-pack-2-capilvit-1-harmonivit.jpg\",\"datePublished\":\"2025-12-12T18:26:01+00:00\",\"dateModified\":\"2025-12-12T18:26:05+00:00\",\"breadcrumb\":{\"@id\":\"https:\/\/paracherkaoui.ma\/index.php\/produit\/doppelherz-activ-pack-2-capilvit-1-harmonivit\/#breadcrumb\"},\"inLanguage\":\"fr-FR\",\"potentialAction\":[{\"@type\":\"ReadAction\",\"target\":[\"https:\/\/paracherkaoui.ma\/index.php\/produit\/doppelherz-activ-pack-2-capilvit-1-harmonivit\/\"]}]},{\"@type\":\"ImageObject\",\"inLanguage\":\"fr-FR\",\"@id\":\"https:\/\/paracherkaoui.ma\/index.php\/produit\/doppelherz-activ-pack-2-capilvit-1-harmonivit\/#primaryimage\",\"url\":\"https:\/\/paracherkaoui.ma\/wp-content\/uploads\/2025\/12\/doppelherz-activ-pack-2-capilvit-1-harmonivit.jpg\",\"contentUrl\":\"https:\/\/paracherkaoui.ma\/wp-content\/uploads\/2025\/12\/doppelherz-activ-pack-2-capilvit-1-harmonivit.jpg\",\"width\":700,\"height\":700},{\"@type\":\"BreadcrumbList\",\"@id\":\"https:\/\/paracherkaoui.ma\/index.php\/produit\/doppelherz-activ-pack-2-capilvit-1-harmonivit\/#breadcrumb\",\"itemListElement\":[{\"@type\":\"ListItem\",\"position\":1,\"name\":\"Accueil\",\"item\":\"https:\/\/paracherkaoui.ma\/\"},{\"@type\":\"ListItem\",\"position\":2,\"name\":\"Boutique\",\"item\":\"https:\/\/paracherkaoui.ma\/index.php\/boutique\/\"},{\"@type\":\"ListItem\",\"position\":3,\"name\":\"DOPPELHERZ ACTIV PACK 2 CAPILVIT + 1 HARMONIVIT\"}]},{\"@type\":\"WebSite\",\"@id\":\"https:\/\/paracherkaoui.ma\/#website\",\"url\":\"https:\/\/paracherkaoui.ma\/\",\"name\":\"Paracherkaoui.ma\",\"description\":\"Achetez en ligne sur Paracherkaoui.ma\",\"potentialAction\":[{\"@type\":\"SearchAction\",\"target\":{\"@type\":\"EntryPoint\",\"urlTemplate\":\"https:\/\/paracherkaoui.ma\/?s={search_term_string}\"},\"query-input\":{\"@type\":\"PropertyValueSpecification\",\"valueRequired\":true,\"valueName\":\"search_term_string\"}}],\"inLanguage\":\"fr-FR\"}]}<\/script>\r\n<!-- \/ Yoast SEO plugin. -->","yoast_head_json":{"title":"DOPPELHERZ ACTIV PACK 2 CAPILVIT + 1 HARMONIVIT - Paracherkaoui.ma","robots":{"index":"index","follow":"follow","max-snippet":"max-snippet:-1","max-image-preview":"max-image-preview:large","max-video-preview":"max-video-preview:-1"},"canonical":"https:\/\/paracherkaoui.ma\/index.php\/produit\/doppelherz-activ-pack-2-capilvit-1-harmonivit\/","og_locale":"fr_FR","og_type":"article","og_title":"DOPPELHERZ ACTIV PACK 2 CAPILVIT + 1 HARMONIVIT - Paracherkaoui.ma","og_description":"Doppelherz Activ Capilvit est un compl\u00e9ment alimentaire cibl\u00e9 qui apporte les nutriments n\u00e9cessaires \u00e0 la croissance, la r\u00e9sistance et la","og_url":"https:\/\/paracherkaoui.ma\/index.php\/produit\/doppelherz-activ-pack-2-capilvit-1-harmonivit\/","og_site_name":"Paracherkaoui.ma","article_modified_time":"2025-12-12T18:26:05+00:00","og_image":[{"width":700,"height":700,"url":"https:\/\/paracherkaoui.ma\/wp-content\/uploads\/2025\/12\/doppelherz-activ-pack-2-capilvit-1-harmonivit.jpg","type":"image\/jpeg"}],"twitter_card":"summary_large_image","twitter_misc":{"Dur\u00e9e de lecture estim\u00e9e":"2 minutes"},"schema":{"@context":"https:\/\/schema.org","@graph":[{"@type":"WebPage","@id":"https:\/\/paracherkaoui.ma\/index.php\/produit\/doppelherz-activ-pack-2-capilvit-1-harmonivit\/","url":"https:\/\/paracherkaoui.ma\/index.php\/produit\/doppelherz-activ-pack-2-capilvit-1-harmonivit\/","name":"DOPPELHERZ ACTIV PACK 2 CAPILVIT + 1 HARMONIVIT - Paracherkaoui.ma","isPartOf":{"@id":"https:\/\/paracherkaoui.ma\/#website"},"primaryImageOfPage":{"@id":"https:\/\/paracherkaoui.ma\/index.php\/produit\/doppelherz-activ-pack-2-capilvit-1-harmonivit\/#primaryimage"},"image":{"@id":"https:\/\/paracherkaoui.ma\/index.php\/produit\/doppelherz-activ-pack-2-capilvit-1-harmonivit\/#primaryimage"},"thumbnailUrl":"https:\/\/paracherkaoui.ma\/wp-content\/uploads\/2025\/12\/doppelherz-activ-pack-2-capilvit-1-harmonivit.jpg","datePublished":"2025-12-12T18:26:01+00:00","dateModified":"2025-12-12T18:26:05+00:00","breadcrumb":{"@id":"https:\/\/paracherkaoui.ma\/index.php\/produit\/doppelherz-activ-pack-2-capilvit-1-harmonivit\/#breadcrumb"},"inLanguage":"fr-FR","potentialAction":[{"@type":"ReadAction","target":["https:\/\/paracherkaoui.ma\/index.php\/produit\/doppelherz-activ-pack-2-capilvit-1-harmonivit\/"]}]},{"@type":"ImageObject","inLanguage":"fr-FR","@id":"https:\/\/paracherkaoui.ma\/index.php\/produit\/doppelherz-activ-pack-2-capilvit-1-harmonivit\/#primaryimage","url":"https:\/\/paracherkaoui.ma\/wp-content\/uploads\/2025\/12\/doppelherz-activ-pack-2-capilvit-1-harmonivit.jpg","contentUrl":"https:\/\/paracherkaoui.ma\/wp-content\/uploads\/2025\/12\/doppelherz-activ-pack-2-capilvit-1-harmonivit.jpg","width":700,"height":700},{"@type":"BreadcrumbList","@id":"https:\/\/paracherkaoui.ma\/index.php\/produit\/doppelherz-activ-pack-2-capilvit-1-harmonivit\/#breadcrumb","itemListElement":[{"@type":"ListItem","position":1,"name":"Accueil","item":"https:\/\/paracherkaoui.ma\/"},{"@type":"ListItem","position":2,"name":"Boutique","item":"https:\/\/paracherkaoui.ma\/index.php\/boutique\/"},{"@type":"ListItem","position":3,"name":"DOPPELHERZ ACTIV PACK 2 CAPILVIT + 1 HARMONIVIT"}]},{"@type":"WebSite","@id":"https:\/\/paracherkaoui.ma\/#website","url":"https:\/\/paracherkaoui.ma\/","name":"Paracherkaoui.ma","description":"Achetez en ligne sur Paracherkaoui.ma","potentialAction":[{"@type":"SearchAction","target":{"@type":"EntryPoint","urlTemplate":"https:\/\/paracherkaoui.ma\/?s={search_term_string}"},"query-input":{"@type":"PropertyValueSpecification","valueRequired":true,"valueName":"search_term_string"}}],"inLanguage":"fr-FR"}]}},"_links":{"self":[{"href":"https:\/\/paracherkaoui.ma\/index.php\/wp-json\/wp\/v2\/product\/47853","targetHints":{"allow":["GET"]}}],"collection":[{"href":"https:\/\/paracherkaoui.ma\/index.php\/wp-json\/wp\/v2\/product"}],"about":[{"href":"https:\/\/paracherkaoui.ma\/index.php\/wp-json\/wp\/v2\/types\/product"}],"replies":[{"embeddable":true,"href":"https:\/\/paracherkaoui.ma\/index.php\/wp-json\/wp\/v2\/comments?post=47853"}],"version-history":[{"count":1,"href":"https:\/\/paracherkaoui.ma\/index.php\/wp-json\/wp\/v2\/product\/47853\/revisions"}],"predecessor-version":[{"id":47895,"href":"https:\/\/paracherkaoui.ma\/index.php\/wp-json\/wp\/v2\/product\/47853\/revisions\/47895"}],"wp:featuredmedia":[{"embeddable":true,"href":"https:\/\/paracherkaoui.ma\/index.php\/wp-json\/wp\/v2\/media\/47894"}],"wp:attachment":[{"href":"https:\/\/paracherkaoui.ma\/index.php\/wp-json\/wp\/v2\/media?parent=47853"}],"wp:term":[{"taxonomy":"product_brand","embeddable":true,"href":"https:\/\/paracherkaoui.ma\/index.php\/wp-json\/wp\/v2\/product_brand?post=47853"},{"taxonomy":"product_cat","embeddable":true,"href":"https:\/\/paracherkaoui.ma\/index.php\/wp-json\/wp\/v2\/product_cat?post=47853"},{"taxonomy":"product_tag","embeddable":true,"href":"https:\/\/paracherkaoui.ma\/index.php\/wp-json\/wp\/v2\/product_tag?post=47853"}],"curies":[{"name":"wp","href":"https:\/\/api.w.org\/{rel}","templated":true}]}}