{"id":47850,"date":"2025-12-12T19:26:01","date_gmt":"2025-12-12T18:26:01","guid":{"rendered":"https:\/\/test.ecbeaute.com\/?post_type=product&#038;p=47850"},"modified":"2025-12-12T19:26:05","modified_gmt":"2025-12-12T18:26:05","slug":"eucerin-dermopure-gel-nettoyant-200-ml-3","status":"publish","type":"product","link":"https:\/\/paracherkaoui.ma\/index.php\/produit\/eucerin-dermopure-gel-nettoyant-200-ml-3\/","title":{"rendered":"EUCERIN DERMOPURE GEL NETTOYANT 200 ML"},"content":{"rendered":"<p>Gr\u00e2ce \u00e0 une formule contenant 6 % d\u2019Ampho-Tensides, agents nettoyants doux mais puissants, ce gel purifiant \u00e9limine les bact\u00e9ries responsables des imperfections tout en \u00e9vitant le dess\u00e8chement de la peau. Sa texture fra\u00eeche et l\u00e9g\u00e8re laisse la peau propre, nette et apais\u00e9e.<br \/>\nTest\u00e9 cliniquement et dermatologiquement, le Eucerin DermoPure Gel Nettoyant offre une excellente tol\u00e9rance cutan\u00e9e. Il est non com\u00e9dog\u00e8ne, ce qui signifie qu\u2019il ne bouche pas les pores, et sa propri\u00e9t\u00e9 antibact\u00e9rienne permet de r\u00e9duire efficacement la prolif\u00e9ration bact\u00e9rienne. Id\u00e9al pour les adolescents comme pour les adultes souffrant d\u2019imperfections, il convient \u00e9galement aux femmes enceintes.<br \/>\nAdoptez ce gel nettoyant comme base essentielle de votre routine quotidienne pour retrouver une peau visiblement plus saine, purifi\u00e9e et \u00e9quilibr\u00e9e. C\u2019est un alli\u00e9 de choix dans le traitement des quatre causes principales de la peau impure : exc\u00e8s de s\u00e9bum, cellules mortes, bact\u00e9ries et inflammation.<br \/>\nConseils d&rsquo;utilisation<br \/>\nAppliquez matin et soir comme premi\u00e8re \u00e9tape de votre routine.<br \/>\nPr\u00e9levez une noisette de produit (taille d\u2019une cerise).<br \/>\nFaites mousser dans les mains avec de l\u2019eau.<br \/>\nMassez d\u00e9licatement le visage en \u00e9vitant le contour des yeux.<br \/>\nRincez soigneusement \u00e0 l\u2019eau ti\u00e8de.<br \/>\nComposition<br \/>\nAqua, Coco-Glucoside, Sodium Cocoamphoacetate, Propylene Glycol, PEG-200 Hydrogenated Glyceryl Palmate, Sodium Chloride, Citric Acid, Sodium Benzoate, Phenoxyethanol<\/p>\n","protected":false},"excerpt":{"rendered":"<p>Gr\u00e2ce \u00e0 une formule contenant 6 % d\u2019Ampho-Tensides, agents nettoyants doux mais puissants, ce gel purifiant \u00e9limine les bact\u00e9ries responsables<\/p>\n","protected":false},"featured_media":12311,"comment_status":"open","ping_status":"closed","template":"","meta":[],"product_brand":[134],"product_cat":[858],"product_tag":[],"class_list":{"0":"post-47850","1":"product","2":"type-product","3":"status-publish","4":"has-post-thumbnail","6":"product_brand-eucerin","7":"product_cat-les-bons-deals","9":"first","10":"instock","11":"sale","12":"shipping-taxable","13":"purchasable","14":"product-type-simple"},"yoast_head":"<!-- This site is optimized with the Yoast SEO plugin v26.6 - https:\/\/yoast.com\/wordpress\/plugins\/seo\/ -->\r\n<title>EUCERIN DERMOPURE GEL NETTOYANT 200 ML - Paracherkaoui.ma<\/title>\r\n<meta name=\"robots\" content=\"index, follow, max-snippet:-1, max-image-preview:large, max-video-preview:-1\" \/>\r\n<link rel=\"canonical\" href=\"https:\/\/paracherkaoui.ma\/index.php\/produit\/eucerin-dermopure-gel-nettoyant-200-ml-3\/\" \/>\r\n<meta property=\"og:locale\" content=\"fr_FR\" \/>\r\n<meta property=\"og:type\" content=\"article\" \/>\r\n<meta property=\"og:title\" content=\"EUCERIN DERMOPURE GEL NETTOYANT 200 ML - Paracherkaoui.ma\" \/>\r\n<meta property=\"og:description\" content=\"Gr\u00e2ce \u00e0 une formule contenant 6 % d\u2019Ampho-Tensides, agents nettoyants doux mais puissants, ce gel purifiant \u00e9limine les bact\u00e9ries responsables\" \/>\r\n<meta property=\"og:url\" content=\"https:\/\/paracherkaoui.ma\/index.php\/produit\/eucerin-dermopure-gel-nettoyant-200-ml-3\/\" \/>\r\n<meta property=\"og:site_name\" content=\"Paracherkaoui.ma\" \/>\r\n<meta property=\"article:modified_time\" content=\"2025-12-12T18:26:05+00:00\" \/>\r\n<meta property=\"og:image\" content=\"https:\/\/paracherkaoui.ma\/wp-content\/uploads\/2025\/12\/eucerin-dermopure-gel-nettoyant-200-ml.jpg\" \/>\r\n\t<meta property=\"og:image:width\" content=\"700\" \/>\r\n\t<meta property=\"og:image:height\" content=\"700\" \/>\r\n\t<meta property=\"og:image:type\" content=\"image\/jpeg\" \/>\r\n<meta name=\"twitter:card\" content=\"summary_large_image\" \/>\r\n<meta name=\"twitter:label1\" content=\"Dur\u00e9e de lecture estim\u00e9e\" \/>\n\t<meta name=\"twitter:data1\" content=\"1 minute\" \/>\r\n<script type=\"application\/ld+json\" class=\"yoast-schema-graph\">{\"@context\":\"https:\/\/schema.org\",\"@graph\":[{\"@type\":\"WebPage\",\"@id\":\"https:\/\/paracherkaoui.ma\/index.php\/produit\/eucerin-dermopure-gel-nettoyant-200-ml-3\/\",\"url\":\"https:\/\/paracherkaoui.ma\/index.php\/produit\/eucerin-dermopure-gel-nettoyant-200-ml-3\/\",\"name\":\"EUCERIN DERMOPURE GEL NETTOYANT 200 ML - Paracherkaoui.ma\",\"isPartOf\":{\"@id\":\"https:\/\/paracherkaoui.ma\/#website\"},\"primaryImageOfPage\":{\"@id\":\"https:\/\/paracherkaoui.ma\/index.php\/produit\/eucerin-dermopure-gel-nettoyant-200-ml-3\/#primaryimage\"},\"image\":{\"@id\":\"https:\/\/paracherkaoui.ma\/index.php\/produit\/eucerin-dermopure-gel-nettoyant-200-ml-3\/#primaryimage\"},\"thumbnailUrl\":\"https:\/\/paracherkaoui.ma\/wp-content\/uploads\/2025\/12\/eucerin-dermopure-gel-nettoyant-200-ml.jpg\",\"datePublished\":\"2025-12-12T18:26:01+00:00\",\"dateModified\":\"2025-12-12T18:26:05+00:00\",\"breadcrumb\":{\"@id\":\"https:\/\/paracherkaoui.ma\/index.php\/produit\/eucerin-dermopure-gel-nettoyant-200-ml-3\/#breadcrumb\"},\"inLanguage\":\"fr-FR\",\"potentialAction\":[{\"@type\":\"ReadAction\",\"target\":[\"https:\/\/paracherkaoui.ma\/index.php\/produit\/eucerin-dermopure-gel-nettoyant-200-ml-3\/\"]}]},{\"@type\":\"ImageObject\",\"inLanguage\":\"fr-FR\",\"@id\":\"https:\/\/paracherkaoui.ma\/index.php\/produit\/eucerin-dermopure-gel-nettoyant-200-ml-3\/#primaryimage\",\"url\":\"https:\/\/paracherkaoui.ma\/wp-content\/uploads\/2025\/12\/eucerin-dermopure-gel-nettoyant-200-ml.jpg\",\"contentUrl\":\"https:\/\/paracherkaoui.ma\/wp-content\/uploads\/2025\/12\/eucerin-dermopure-gel-nettoyant-200-ml.jpg\",\"width\":700,\"height\":700},{\"@type\":\"BreadcrumbList\",\"@id\":\"https:\/\/paracherkaoui.ma\/index.php\/produit\/eucerin-dermopure-gel-nettoyant-200-ml-3\/#breadcrumb\",\"itemListElement\":[{\"@type\":\"ListItem\",\"position\":1,\"name\":\"Accueil\",\"item\":\"https:\/\/paracherkaoui.ma\/\"},{\"@type\":\"ListItem\",\"position\":2,\"name\":\"Boutique\",\"item\":\"https:\/\/paracherkaoui.ma\/index.php\/boutique\/\"},{\"@type\":\"ListItem\",\"position\":3,\"name\":\"EUCERIN DERMOPURE GEL NETTOYANT 200 ML\"}]},{\"@type\":\"WebSite\",\"@id\":\"https:\/\/paracherkaoui.ma\/#website\",\"url\":\"https:\/\/paracherkaoui.ma\/\",\"name\":\"Paracherkaoui.ma\",\"description\":\"Achetez en ligne sur Paracherkaoui.ma\",\"potentialAction\":[{\"@type\":\"SearchAction\",\"target\":{\"@type\":\"EntryPoint\",\"urlTemplate\":\"https:\/\/paracherkaoui.ma\/?s={search_term_string}\"},\"query-input\":{\"@type\":\"PropertyValueSpecification\",\"valueRequired\":true,\"valueName\":\"search_term_string\"}}],\"inLanguage\":\"fr-FR\"}]}<\/script>\r\n<!-- \/ Yoast SEO plugin. -->","yoast_head_json":{"title":"EUCERIN DERMOPURE GEL NETTOYANT 200 ML - Paracherkaoui.ma","robots":{"index":"index","follow":"follow","max-snippet":"max-snippet:-1","max-image-preview":"max-image-preview:large","max-video-preview":"max-video-preview:-1"},"canonical":"https:\/\/paracherkaoui.ma\/index.php\/produit\/eucerin-dermopure-gel-nettoyant-200-ml-3\/","og_locale":"fr_FR","og_type":"article","og_title":"EUCERIN DERMOPURE GEL NETTOYANT 200 ML - Paracherkaoui.ma","og_description":"Gr\u00e2ce \u00e0 une formule contenant 6 % d\u2019Ampho-Tensides, agents nettoyants doux mais puissants, ce gel purifiant \u00e9limine les bact\u00e9ries responsables","og_url":"https:\/\/paracherkaoui.ma\/index.php\/produit\/eucerin-dermopure-gel-nettoyant-200-ml-3\/","og_site_name":"Paracherkaoui.ma","article_modified_time":"2025-12-12T18:26:05+00:00","og_image":[{"width":700,"height":700,"url":"https:\/\/paracherkaoui.ma\/wp-content\/uploads\/2025\/12\/eucerin-dermopure-gel-nettoyant-200-ml.jpg","type":"image\/jpeg"}],"twitter_card":"summary_large_image","twitter_misc":{"Dur\u00e9e de lecture estim\u00e9e":"1 minute"},"schema":{"@context":"https:\/\/schema.org","@graph":[{"@type":"WebPage","@id":"https:\/\/paracherkaoui.ma\/index.php\/produit\/eucerin-dermopure-gel-nettoyant-200-ml-3\/","url":"https:\/\/paracherkaoui.ma\/index.php\/produit\/eucerin-dermopure-gel-nettoyant-200-ml-3\/","name":"EUCERIN DERMOPURE GEL NETTOYANT 200 ML - Paracherkaoui.ma","isPartOf":{"@id":"https:\/\/paracherkaoui.ma\/#website"},"primaryImageOfPage":{"@id":"https:\/\/paracherkaoui.ma\/index.php\/produit\/eucerin-dermopure-gel-nettoyant-200-ml-3\/#primaryimage"},"image":{"@id":"https:\/\/paracherkaoui.ma\/index.php\/produit\/eucerin-dermopure-gel-nettoyant-200-ml-3\/#primaryimage"},"thumbnailUrl":"https:\/\/paracherkaoui.ma\/wp-content\/uploads\/2025\/12\/eucerin-dermopure-gel-nettoyant-200-ml.jpg","datePublished":"2025-12-12T18:26:01+00:00","dateModified":"2025-12-12T18:26:05+00:00","breadcrumb":{"@id":"https:\/\/paracherkaoui.ma\/index.php\/produit\/eucerin-dermopure-gel-nettoyant-200-ml-3\/#breadcrumb"},"inLanguage":"fr-FR","potentialAction":[{"@type":"ReadAction","target":["https:\/\/paracherkaoui.ma\/index.php\/produit\/eucerin-dermopure-gel-nettoyant-200-ml-3\/"]}]},{"@type":"ImageObject","inLanguage":"fr-FR","@id":"https:\/\/paracherkaoui.ma\/index.php\/produit\/eucerin-dermopure-gel-nettoyant-200-ml-3\/#primaryimage","url":"https:\/\/paracherkaoui.ma\/wp-content\/uploads\/2025\/12\/eucerin-dermopure-gel-nettoyant-200-ml.jpg","contentUrl":"https:\/\/paracherkaoui.ma\/wp-content\/uploads\/2025\/12\/eucerin-dermopure-gel-nettoyant-200-ml.jpg","width":700,"height":700},{"@type":"BreadcrumbList","@id":"https:\/\/paracherkaoui.ma\/index.php\/produit\/eucerin-dermopure-gel-nettoyant-200-ml-3\/#breadcrumb","itemListElement":[{"@type":"ListItem","position":1,"name":"Accueil","item":"https:\/\/paracherkaoui.ma\/"},{"@type":"ListItem","position":2,"name":"Boutique","item":"https:\/\/paracherkaoui.ma\/index.php\/boutique\/"},{"@type":"ListItem","position":3,"name":"EUCERIN DERMOPURE GEL NETTOYANT 200 ML"}]},{"@type":"WebSite","@id":"https:\/\/paracherkaoui.ma\/#website","url":"https:\/\/paracherkaoui.ma\/","name":"Paracherkaoui.ma","description":"Achetez en ligne sur Paracherkaoui.ma","potentialAction":[{"@type":"SearchAction","target":{"@type":"EntryPoint","urlTemplate":"https:\/\/paracherkaoui.ma\/?s={search_term_string}"},"query-input":{"@type":"PropertyValueSpecification","valueRequired":true,"valueName":"search_term_string"}}],"inLanguage":"fr-FR"}]}},"_links":{"self":[{"href":"https:\/\/paracherkaoui.ma\/index.php\/wp-json\/wp\/v2\/product\/47850","targetHints":{"allow":["GET"]}}],"collection":[{"href":"https:\/\/paracherkaoui.ma\/index.php\/wp-json\/wp\/v2\/product"}],"about":[{"href":"https:\/\/paracherkaoui.ma\/index.php\/wp-json\/wp\/v2\/types\/product"}],"replies":[{"embeddable":true,"href":"https:\/\/paracherkaoui.ma\/index.php\/wp-json\/wp\/v2\/comments?post=47850"}],"version-history":[{"count":1,"href":"https:\/\/paracherkaoui.ma\/index.php\/wp-json\/wp\/v2\/product\/47850\/revisions"}],"predecessor-version":[{"id":47889,"href":"https:\/\/paracherkaoui.ma\/index.php\/wp-json\/wp\/v2\/product\/47850\/revisions\/47889"}],"wp:featuredmedia":[{"embeddable":true,"href":"https:\/\/paracherkaoui.ma\/index.php\/wp-json\/wp\/v2\/media\/12311"}],"wp:attachment":[{"href":"https:\/\/paracherkaoui.ma\/index.php\/wp-json\/wp\/v2\/media?parent=47850"}],"wp:term":[{"taxonomy":"product_brand","embeddable":true,"href":"https:\/\/paracherkaoui.ma\/index.php\/wp-json\/wp\/v2\/product_brand?post=47850"},{"taxonomy":"product_cat","embeddable":true,"href":"https:\/\/paracherkaoui.ma\/index.php\/wp-json\/wp\/v2\/product_cat?post=47850"},{"taxonomy":"product_tag","embeddable":true,"href":"https:\/\/paracherkaoui.ma\/index.php\/wp-json\/wp\/v2\/product_tag?post=47850"}],"curies":[{"name":"wp","href":"https:\/\/api.w.org\/{rel}","templated":true}]}}