{"id":47702,"date":"2025-12-12T19:25:42","date_gmt":"2025-12-12T18:25:42","guid":{"rendered":"https:\/\/test.ecbeaute.com\/?post_type=product&#038;p=47702"},"modified":"2025-12-12T19:25:50","modified_gmt":"2025-12-12T18:25:50","slug":"gum-trousse-blancheur-original-white","status":"publish","type":"product","link":"https:\/\/paracherkaoui.ma\/index.php\/produit\/gum-trousse-blancheur-original-white\/","title":{"rendered":"GUM TROUSSE BLANCHEUR ORIGINAL WHITE"},"content":{"rendered":"<p>La trousse original white contient :<br \/>\nDentifrice original white 75 ml:<br \/>\nElimination des colorations : Elimine en douceur les colorations en surface sans ab\u00eemer l\u2019\u00e9mail gr\u00e2ce \u00e0 l\u2019action de la silice hautement nettoyante et faiblement abrasive.<br \/>\nDissolution des impuret\u00e9s : Dissout les impuret\u00e9s m\u00eame au niveau des asp\u00e9rit\u00e9s de l\u2019\u00e9mail gr\u00e2ce \u00e0 l\u2019actif unique StainClear.<br \/>\nPr\u00e9vention des colorations : D\u00e9pose une couche protectrice pour pr\u00e9venir la r\u00e9apparition et l\u2019accumulation des colorations.<br \/>\nBrosse a dents technique + medium :<br \/>\nLa Brosse \u00e0 Dents Medium de la gamme ORIGINAL WHITE de G.U.M permet une \u00e9limination des colorations dentaires sup\u00e9rieures, gr\u00e2ce \u00e0 des brins qui sont recouverts d\u2019un \u00e9lastom\u00e8re sp\u00e9cial pour aider les dents \u00e0 retrouver leur blancheur naturelle des dents.<br \/>\nFil dentaire gum originale white :<br \/>\nLe fil dentaire GUM Original White aide \u00e0 \u00e9liminer la plaque dentaire et les taches situ\u00e9es entre les dents gr\u00e2ce \u00e0 la silice recouvrant sa surface, pour une action dans les zones qu\u2019une brosse \u00e0 dents peut difficilement atteindre.<\/p>\n","protected":false},"excerpt":{"rendered":"<p>La trousse original white contient : Dentifrice original white 75 ml: Elimination des colorations : Elimine en douceur les colorations<\/p>\n","protected":false},"featured_media":47755,"comment_status":"open","ping_status":"closed","template":"","meta":[],"product_brand":[800],"product_cat":[858],"product_tag":[],"class_list":{"0":"post-47702","1":"product","2":"type-product","3":"status-publish","4":"has-post-thumbnail","6":"product_brand-gum","7":"product_cat-les-bons-deals","9":"first","10":"instock","11":"sale","12":"shipping-taxable","13":"purchasable","14":"product-type-simple"},"yoast_head":"<!-- This site is optimized with the Yoast SEO plugin v26.6 - https:\/\/yoast.com\/wordpress\/plugins\/seo\/ -->\r\n<title>GUM TROUSSE BLANCHEUR ORIGINAL WHITE - Paracherkaoui.ma<\/title>\r\n<meta name=\"robots\" content=\"index, follow, max-snippet:-1, max-image-preview:large, max-video-preview:-1\" \/>\r\n<link rel=\"canonical\" href=\"https:\/\/paracherkaoui.ma\/index.php\/produit\/gum-trousse-blancheur-original-white\/\" \/>\r\n<meta property=\"og:locale\" content=\"fr_FR\" \/>\r\n<meta property=\"og:type\" content=\"article\" \/>\r\n<meta property=\"og:title\" content=\"GUM TROUSSE BLANCHEUR ORIGINAL WHITE - Paracherkaoui.ma\" \/>\r\n<meta property=\"og:description\" content=\"La trousse original white contient : Dentifrice original white 75 ml: Elimination des colorations : Elimine en douceur les colorations\" \/>\r\n<meta property=\"og:url\" content=\"https:\/\/paracherkaoui.ma\/index.php\/produit\/gum-trousse-blancheur-original-white\/\" \/>\r\n<meta property=\"og:site_name\" content=\"Paracherkaoui.ma\" \/>\r\n<meta property=\"article:modified_time\" content=\"2025-12-12T18:25:50+00:00\" \/>\r\n<meta property=\"og:image\" content=\"https:\/\/paracherkaoui.ma\/wp-content\/uploads\/2025\/12\/gum-gum-trousse-blancheur-original-white-promotions-diverses.jpg\" \/>\r\n\t<meta property=\"og:image:width\" content=\"700\" \/>\r\n\t<meta property=\"og:image:height\" content=\"700\" \/>\r\n\t<meta property=\"og:image:type\" content=\"image\/jpeg\" \/>\r\n<meta name=\"twitter:card\" content=\"summary_large_image\" \/>\r\n<meta name=\"twitter:label1\" content=\"Dur\u00e9e de lecture estim\u00e9e\" \/>\n\t<meta name=\"twitter:data1\" content=\"1 minute\" \/>\r\n<script type=\"application\/ld+json\" class=\"yoast-schema-graph\">{\"@context\":\"https:\/\/schema.org\",\"@graph\":[{\"@type\":\"WebPage\",\"@id\":\"https:\/\/paracherkaoui.ma\/index.php\/produit\/gum-trousse-blancheur-original-white\/\",\"url\":\"https:\/\/paracherkaoui.ma\/index.php\/produit\/gum-trousse-blancheur-original-white\/\",\"name\":\"GUM TROUSSE BLANCHEUR ORIGINAL WHITE - Paracherkaoui.ma\",\"isPartOf\":{\"@id\":\"https:\/\/paracherkaoui.ma\/#website\"},\"primaryImageOfPage\":{\"@id\":\"https:\/\/paracherkaoui.ma\/index.php\/produit\/gum-trousse-blancheur-original-white\/#primaryimage\"},\"image\":{\"@id\":\"https:\/\/paracherkaoui.ma\/index.php\/produit\/gum-trousse-blancheur-original-white\/#primaryimage\"},\"thumbnailUrl\":\"https:\/\/paracherkaoui.ma\/wp-content\/uploads\/2025\/12\/gum-gum-trousse-blancheur-original-white-promotions-diverses.jpg\",\"datePublished\":\"2025-12-12T18:25:42+00:00\",\"dateModified\":\"2025-12-12T18:25:50+00:00\",\"breadcrumb\":{\"@id\":\"https:\/\/paracherkaoui.ma\/index.php\/produit\/gum-trousse-blancheur-original-white\/#breadcrumb\"},\"inLanguage\":\"fr-FR\",\"potentialAction\":[{\"@type\":\"ReadAction\",\"target\":[\"https:\/\/paracherkaoui.ma\/index.php\/produit\/gum-trousse-blancheur-original-white\/\"]}]},{\"@type\":\"ImageObject\",\"inLanguage\":\"fr-FR\",\"@id\":\"https:\/\/paracherkaoui.ma\/index.php\/produit\/gum-trousse-blancheur-original-white\/#primaryimage\",\"url\":\"https:\/\/paracherkaoui.ma\/wp-content\/uploads\/2025\/12\/gum-gum-trousse-blancheur-original-white-promotions-diverses.jpg\",\"contentUrl\":\"https:\/\/paracherkaoui.ma\/wp-content\/uploads\/2025\/12\/gum-gum-trousse-blancheur-original-white-promotions-diverses.jpg\",\"width\":700,\"height\":700},{\"@type\":\"BreadcrumbList\",\"@id\":\"https:\/\/paracherkaoui.ma\/index.php\/produit\/gum-trousse-blancheur-original-white\/#breadcrumb\",\"itemListElement\":[{\"@type\":\"ListItem\",\"position\":1,\"name\":\"Accueil\",\"item\":\"https:\/\/paracherkaoui.ma\/\"},{\"@type\":\"ListItem\",\"position\":2,\"name\":\"Boutique\",\"item\":\"https:\/\/paracherkaoui.ma\/index.php\/boutique\/\"},{\"@type\":\"ListItem\",\"position\":3,\"name\":\"GUM TROUSSE BLANCHEUR ORIGINAL WHITE\"}]},{\"@type\":\"WebSite\",\"@id\":\"https:\/\/paracherkaoui.ma\/#website\",\"url\":\"https:\/\/paracherkaoui.ma\/\",\"name\":\"Paracherkaoui.ma\",\"description\":\"Achetez en ligne sur Paracherkaoui.ma\",\"potentialAction\":[{\"@type\":\"SearchAction\",\"target\":{\"@type\":\"EntryPoint\",\"urlTemplate\":\"https:\/\/paracherkaoui.ma\/?s={search_term_string}\"},\"query-input\":{\"@type\":\"PropertyValueSpecification\",\"valueRequired\":true,\"valueName\":\"search_term_string\"}}],\"inLanguage\":\"fr-FR\"}]}<\/script>\r\n<!-- \/ Yoast SEO plugin. -->","yoast_head_json":{"title":"GUM TROUSSE BLANCHEUR ORIGINAL WHITE - Paracherkaoui.ma","robots":{"index":"index","follow":"follow","max-snippet":"max-snippet:-1","max-image-preview":"max-image-preview:large","max-video-preview":"max-video-preview:-1"},"canonical":"https:\/\/paracherkaoui.ma\/index.php\/produit\/gum-trousse-blancheur-original-white\/","og_locale":"fr_FR","og_type":"article","og_title":"GUM TROUSSE BLANCHEUR ORIGINAL WHITE - Paracherkaoui.ma","og_description":"La trousse original white contient : Dentifrice original white 75 ml: Elimination des colorations : Elimine en douceur les colorations","og_url":"https:\/\/paracherkaoui.ma\/index.php\/produit\/gum-trousse-blancheur-original-white\/","og_site_name":"Paracherkaoui.ma","article_modified_time":"2025-12-12T18:25:50+00:00","og_image":[{"width":700,"height":700,"url":"https:\/\/paracherkaoui.ma\/wp-content\/uploads\/2025\/12\/gum-gum-trousse-blancheur-original-white-promotions-diverses.jpg","type":"image\/jpeg"}],"twitter_card":"summary_large_image","twitter_misc":{"Dur\u00e9e de lecture estim\u00e9e":"1 minute"},"schema":{"@context":"https:\/\/schema.org","@graph":[{"@type":"WebPage","@id":"https:\/\/paracherkaoui.ma\/index.php\/produit\/gum-trousse-blancheur-original-white\/","url":"https:\/\/paracherkaoui.ma\/index.php\/produit\/gum-trousse-blancheur-original-white\/","name":"GUM TROUSSE BLANCHEUR ORIGINAL WHITE - Paracherkaoui.ma","isPartOf":{"@id":"https:\/\/paracherkaoui.ma\/#website"},"primaryImageOfPage":{"@id":"https:\/\/paracherkaoui.ma\/index.php\/produit\/gum-trousse-blancheur-original-white\/#primaryimage"},"image":{"@id":"https:\/\/paracherkaoui.ma\/index.php\/produit\/gum-trousse-blancheur-original-white\/#primaryimage"},"thumbnailUrl":"https:\/\/paracherkaoui.ma\/wp-content\/uploads\/2025\/12\/gum-gum-trousse-blancheur-original-white-promotions-diverses.jpg","datePublished":"2025-12-12T18:25:42+00:00","dateModified":"2025-12-12T18:25:50+00:00","breadcrumb":{"@id":"https:\/\/paracherkaoui.ma\/index.php\/produit\/gum-trousse-blancheur-original-white\/#breadcrumb"},"inLanguage":"fr-FR","potentialAction":[{"@type":"ReadAction","target":["https:\/\/paracherkaoui.ma\/index.php\/produit\/gum-trousse-blancheur-original-white\/"]}]},{"@type":"ImageObject","inLanguage":"fr-FR","@id":"https:\/\/paracherkaoui.ma\/index.php\/produit\/gum-trousse-blancheur-original-white\/#primaryimage","url":"https:\/\/paracherkaoui.ma\/wp-content\/uploads\/2025\/12\/gum-gum-trousse-blancheur-original-white-promotions-diverses.jpg","contentUrl":"https:\/\/paracherkaoui.ma\/wp-content\/uploads\/2025\/12\/gum-gum-trousse-blancheur-original-white-promotions-diverses.jpg","width":700,"height":700},{"@type":"BreadcrumbList","@id":"https:\/\/paracherkaoui.ma\/index.php\/produit\/gum-trousse-blancheur-original-white\/#breadcrumb","itemListElement":[{"@type":"ListItem","position":1,"name":"Accueil","item":"https:\/\/paracherkaoui.ma\/"},{"@type":"ListItem","position":2,"name":"Boutique","item":"https:\/\/paracherkaoui.ma\/index.php\/boutique\/"},{"@type":"ListItem","position":3,"name":"GUM TROUSSE BLANCHEUR ORIGINAL WHITE"}]},{"@type":"WebSite","@id":"https:\/\/paracherkaoui.ma\/#website","url":"https:\/\/paracherkaoui.ma\/","name":"Paracherkaoui.ma","description":"Achetez en ligne sur Paracherkaoui.ma","potentialAction":[{"@type":"SearchAction","target":{"@type":"EntryPoint","urlTemplate":"https:\/\/paracherkaoui.ma\/?s={search_term_string}"},"query-input":{"@type":"PropertyValueSpecification","valueRequired":true,"valueName":"search_term_string"}}],"inLanguage":"fr-FR"}]}},"_links":{"self":[{"href":"https:\/\/paracherkaoui.ma\/index.php\/wp-json\/wp\/v2\/product\/47702","targetHints":{"allow":["GET"]}}],"collection":[{"href":"https:\/\/paracherkaoui.ma\/index.php\/wp-json\/wp\/v2\/product"}],"about":[{"href":"https:\/\/paracherkaoui.ma\/index.php\/wp-json\/wp\/v2\/types\/product"}],"replies":[{"embeddable":true,"href":"https:\/\/paracherkaoui.ma\/index.php\/wp-json\/wp\/v2\/comments?post=47702"}],"version-history":[{"count":1,"href":"https:\/\/paracherkaoui.ma\/index.php\/wp-json\/wp\/v2\/product\/47702\/revisions"}],"predecessor-version":[{"id":47756,"href":"https:\/\/paracherkaoui.ma\/index.php\/wp-json\/wp\/v2\/product\/47702\/revisions\/47756"}],"wp:featuredmedia":[{"embeddable":true,"href":"https:\/\/paracherkaoui.ma\/index.php\/wp-json\/wp\/v2\/media\/47755"}],"wp:attachment":[{"href":"https:\/\/paracherkaoui.ma\/index.php\/wp-json\/wp\/v2\/media?parent=47702"}],"wp:term":[{"taxonomy":"product_brand","embeddable":true,"href":"https:\/\/paracherkaoui.ma\/index.php\/wp-json\/wp\/v2\/product_brand?post=47702"},{"taxonomy":"product_cat","embeddable":true,"href":"https:\/\/paracherkaoui.ma\/index.php\/wp-json\/wp\/v2\/product_cat?post=47702"},{"taxonomy":"product_tag","embeddable":true,"href":"https:\/\/paracherkaoui.ma\/index.php\/wp-json\/wp\/v2\/product_tag?post=47702"}],"curies":[{"name":"wp","href":"https:\/\/api.w.org\/{rel}","templated":true}]}}