{"id":47375,"date":"2025-12-12T19:24:49","date_gmt":"2025-12-12T18:24:49","guid":{"rendered":"https:\/\/test.ecbeaute.com\/?post_type=product&#038;p=47375"},"modified":"2025-12-12T19:24:54","modified_gmt":"2025-12-12T18:24:54","slug":"crest-level-8-whiter-28-strips","status":"publish","type":"product","link":"https:\/\/paracherkaoui.ma\/index.php\/produit\/crest-level-8-whiter-28-strips\/","title":{"rendered":"CREST LEVEL 8 WHITER 28 STRIPS"},"content":{"rendered":"<p>Vous pensez que votre dentifrice blanchissant vous donne le sourire le plus blanc possible ? D\u00e9trompez-vous. Crest 3D White Whitestrips Glamorous White peut composer votre sourire \u00e9clatant 25 fois mieux qu&rsquo;un dentifrice blanchissant de premier plan.* Leur prise antid\u00e9rapante signifie que les bandes restent en place jusqu&rsquo;\u00e0 ce que vous les retiriez, vous permettant de parler et m\u00eame de boire de l&rsquo;eau pendant que vous blanchissez. Utilisez-les une fois par jour pendant 30 minutes pour \u00e9lever votre sourire blanc au niveau sup\u00e9rieur. Sans danger pour vos dents et votre \u00e9mail, Crest Whitestrips Glamorous White sont les seules bandes blanches accept\u00e9es par l&rsquo;ADA disponibles.<br \/>\nConseils d&rsquo;utilisation:<br \/>\n\u00c9tape 1 &#8211; D\u00e9coller<br \/>\nPour de meilleurs r\u00e9sultats, ne vous brossez pas les dents imm\u00e9diatement avant d&rsquo;appliquer les bandes. Ouvrir le sachet en aluminium et retirer le bordereau. D\u00e9collez la bande de son support.<br \/>\n\u00c9tape 2 &#8211; Postuler<br \/>\nAppliquez le c\u00f4t\u00e9 gel de la bande sur les dents et alignez les bandes avec la ligne des gencives, en appuyant doucement pour un bon contact. Pliez le reste de la bande derri\u00e8re les dents pour la maintenir en place.<br \/>\n\u00c9tape 3 &#8211; R\u00e9v\u00e9ler<br \/>\nPortez les bandes pendant la dur\u00e9e recommand\u00e9e, retirez-les et jetez-les. Si vous remarquez du gel sur vos dents, brossez, rincez ou essuyez-le.<\/p>\n","protected":false},"excerpt":{"rendered":"<p>Vous pensez que votre dentifrice blanchissant vous donne le sourire le plus blanc possible ? D\u00e9trompez-vous. Crest 3D White Whitestrips<\/p>\n","protected":false},"featured_media":47420,"comment_status":"open","ping_status":"closed","template":"","meta":[],"product_brand":[819],"product_cat":[856],"product_tag":[],"class_list":{"0":"post-47375","1":"product","2":"type-product","3":"status-publish","4":"has-post-thumbnail","6":"product_brand-crest","7":"product_cat-produits-de-blanchiment","9":"first","10":"instock","11":"shipping-taxable","12":"purchasable","13":"product-type-simple"},"yoast_head":"<!-- This site is optimized with the Yoast SEO plugin v26.6 - https:\/\/yoast.com\/wordpress\/plugins\/seo\/ -->\r\n<title>CREST LEVEL 8 WHITER 28 STRIPS - Paracherkaoui.ma<\/title>\r\n<meta name=\"robots\" content=\"index, follow, max-snippet:-1, max-image-preview:large, max-video-preview:-1\" \/>\r\n<link rel=\"canonical\" href=\"https:\/\/paracherkaoui.ma\/index.php\/produit\/crest-level-8-whiter-28-strips\/\" \/>\r\n<meta property=\"og:locale\" content=\"fr_FR\" \/>\r\n<meta property=\"og:type\" content=\"article\" \/>\r\n<meta property=\"og:title\" content=\"CREST LEVEL 8 WHITER 28 STRIPS - Paracherkaoui.ma\" \/>\r\n<meta property=\"og:description\" content=\"Vous pensez que votre dentifrice blanchissant vous donne le sourire le plus blanc possible ? D\u00e9trompez-vous. Crest 3D White Whitestrips\" \/>\r\n<meta property=\"og:url\" content=\"https:\/\/paracherkaoui.ma\/index.php\/produit\/crest-level-8-whiter-28-strips\/\" \/>\r\n<meta property=\"og:site_name\" content=\"Paracherkaoui.ma\" \/>\r\n<meta property=\"article:modified_time\" content=\"2025-12-12T18:24:54+00:00\" \/>\r\n<meta property=\"og:image\" content=\"https:\/\/paracherkaoui.ma\/wp-content\/uploads\/2025\/12\/crest-crest-level-8-whiter-28-strips-dentaire.jpg\" \/>\r\n\t<meta property=\"og:image:width\" content=\"700\" \/>\r\n\t<meta property=\"og:image:height\" content=\"700\" \/>\r\n\t<meta property=\"og:image:type\" content=\"image\/jpeg\" \/>\r\n<meta name=\"twitter:card\" content=\"summary_large_image\" \/>\r\n<meta name=\"twitter:label1\" content=\"Dur\u00e9e de lecture estim\u00e9e\" \/>\n\t<meta name=\"twitter:data1\" content=\"1 minute\" \/>\r\n<script type=\"application\/ld+json\" class=\"yoast-schema-graph\">{\"@context\":\"https:\/\/schema.org\",\"@graph\":[{\"@type\":\"WebPage\",\"@id\":\"https:\/\/paracherkaoui.ma\/index.php\/produit\/crest-level-8-whiter-28-strips\/\",\"url\":\"https:\/\/paracherkaoui.ma\/index.php\/produit\/crest-level-8-whiter-28-strips\/\",\"name\":\"CREST LEVEL 8 WHITER 28 STRIPS - Paracherkaoui.ma\",\"isPartOf\":{\"@id\":\"https:\/\/paracherkaoui.ma\/#website\"},\"primaryImageOfPage\":{\"@id\":\"https:\/\/paracherkaoui.ma\/index.php\/produit\/crest-level-8-whiter-28-strips\/#primaryimage\"},\"image\":{\"@id\":\"https:\/\/paracherkaoui.ma\/index.php\/produit\/crest-level-8-whiter-28-strips\/#primaryimage\"},\"thumbnailUrl\":\"https:\/\/paracherkaoui.ma\/wp-content\/uploads\/2025\/12\/crest-crest-level-8-whiter-28-strips-dentaire.jpg\",\"datePublished\":\"2025-12-12T18:24:49+00:00\",\"dateModified\":\"2025-12-12T18:24:54+00:00\",\"breadcrumb\":{\"@id\":\"https:\/\/paracherkaoui.ma\/index.php\/produit\/crest-level-8-whiter-28-strips\/#breadcrumb\"},\"inLanguage\":\"fr-FR\",\"potentialAction\":[{\"@type\":\"ReadAction\",\"target\":[\"https:\/\/paracherkaoui.ma\/index.php\/produit\/crest-level-8-whiter-28-strips\/\"]}]},{\"@type\":\"ImageObject\",\"inLanguage\":\"fr-FR\",\"@id\":\"https:\/\/paracherkaoui.ma\/index.php\/produit\/crest-level-8-whiter-28-strips\/#primaryimage\",\"url\":\"https:\/\/paracherkaoui.ma\/wp-content\/uploads\/2025\/12\/crest-crest-level-8-whiter-28-strips-dentaire.jpg\",\"contentUrl\":\"https:\/\/paracherkaoui.ma\/wp-content\/uploads\/2025\/12\/crest-crest-level-8-whiter-28-strips-dentaire.jpg\",\"width\":700,\"height\":700},{\"@type\":\"BreadcrumbList\",\"@id\":\"https:\/\/paracherkaoui.ma\/index.php\/produit\/crest-level-8-whiter-28-strips\/#breadcrumb\",\"itemListElement\":[{\"@type\":\"ListItem\",\"position\":1,\"name\":\"Accueil\",\"item\":\"https:\/\/paracherkaoui.ma\/\"},{\"@type\":\"ListItem\",\"position\":2,\"name\":\"Boutique\",\"item\":\"https:\/\/paracherkaoui.ma\/index.php\/boutique\/\"},{\"@type\":\"ListItem\",\"position\":3,\"name\":\"CREST LEVEL 8 WHITER 28 STRIPS\"}]},{\"@type\":\"WebSite\",\"@id\":\"https:\/\/paracherkaoui.ma\/#website\",\"url\":\"https:\/\/paracherkaoui.ma\/\",\"name\":\"Paracherkaoui.ma\",\"description\":\"Achetez en ligne sur Paracherkaoui.ma\",\"potentialAction\":[{\"@type\":\"SearchAction\",\"target\":{\"@type\":\"EntryPoint\",\"urlTemplate\":\"https:\/\/paracherkaoui.ma\/?s={search_term_string}\"},\"query-input\":{\"@type\":\"PropertyValueSpecification\",\"valueRequired\":true,\"valueName\":\"search_term_string\"}}],\"inLanguage\":\"fr-FR\"}]}<\/script>\r\n<!-- \/ Yoast SEO plugin. -->","yoast_head_json":{"title":"CREST LEVEL 8 WHITER 28 STRIPS - Paracherkaoui.ma","robots":{"index":"index","follow":"follow","max-snippet":"max-snippet:-1","max-image-preview":"max-image-preview:large","max-video-preview":"max-video-preview:-1"},"canonical":"https:\/\/paracherkaoui.ma\/index.php\/produit\/crest-level-8-whiter-28-strips\/","og_locale":"fr_FR","og_type":"article","og_title":"CREST LEVEL 8 WHITER 28 STRIPS - Paracherkaoui.ma","og_description":"Vous pensez que votre dentifrice blanchissant vous donne le sourire le plus blanc possible ? D\u00e9trompez-vous. Crest 3D White Whitestrips","og_url":"https:\/\/paracherkaoui.ma\/index.php\/produit\/crest-level-8-whiter-28-strips\/","og_site_name":"Paracherkaoui.ma","article_modified_time":"2025-12-12T18:24:54+00:00","og_image":[{"width":700,"height":700,"url":"https:\/\/paracherkaoui.ma\/wp-content\/uploads\/2025\/12\/crest-crest-level-8-whiter-28-strips-dentaire.jpg","type":"image\/jpeg"}],"twitter_card":"summary_large_image","twitter_misc":{"Dur\u00e9e de lecture estim\u00e9e":"1 minute"},"schema":{"@context":"https:\/\/schema.org","@graph":[{"@type":"WebPage","@id":"https:\/\/paracherkaoui.ma\/index.php\/produit\/crest-level-8-whiter-28-strips\/","url":"https:\/\/paracherkaoui.ma\/index.php\/produit\/crest-level-8-whiter-28-strips\/","name":"CREST LEVEL 8 WHITER 28 STRIPS - Paracherkaoui.ma","isPartOf":{"@id":"https:\/\/paracherkaoui.ma\/#website"},"primaryImageOfPage":{"@id":"https:\/\/paracherkaoui.ma\/index.php\/produit\/crest-level-8-whiter-28-strips\/#primaryimage"},"image":{"@id":"https:\/\/paracherkaoui.ma\/index.php\/produit\/crest-level-8-whiter-28-strips\/#primaryimage"},"thumbnailUrl":"https:\/\/paracherkaoui.ma\/wp-content\/uploads\/2025\/12\/crest-crest-level-8-whiter-28-strips-dentaire.jpg","datePublished":"2025-12-12T18:24:49+00:00","dateModified":"2025-12-12T18:24:54+00:00","breadcrumb":{"@id":"https:\/\/paracherkaoui.ma\/index.php\/produit\/crest-level-8-whiter-28-strips\/#breadcrumb"},"inLanguage":"fr-FR","potentialAction":[{"@type":"ReadAction","target":["https:\/\/paracherkaoui.ma\/index.php\/produit\/crest-level-8-whiter-28-strips\/"]}]},{"@type":"ImageObject","inLanguage":"fr-FR","@id":"https:\/\/paracherkaoui.ma\/index.php\/produit\/crest-level-8-whiter-28-strips\/#primaryimage","url":"https:\/\/paracherkaoui.ma\/wp-content\/uploads\/2025\/12\/crest-crest-level-8-whiter-28-strips-dentaire.jpg","contentUrl":"https:\/\/paracherkaoui.ma\/wp-content\/uploads\/2025\/12\/crest-crest-level-8-whiter-28-strips-dentaire.jpg","width":700,"height":700},{"@type":"BreadcrumbList","@id":"https:\/\/paracherkaoui.ma\/index.php\/produit\/crest-level-8-whiter-28-strips\/#breadcrumb","itemListElement":[{"@type":"ListItem","position":1,"name":"Accueil","item":"https:\/\/paracherkaoui.ma\/"},{"@type":"ListItem","position":2,"name":"Boutique","item":"https:\/\/paracherkaoui.ma\/index.php\/boutique\/"},{"@type":"ListItem","position":3,"name":"CREST LEVEL 8 WHITER 28 STRIPS"}]},{"@type":"WebSite","@id":"https:\/\/paracherkaoui.ma\/#website","url":"https:\/\/paracherkaoui.ma\/","name":"Paracherkaoui.ma","description":"Achetez en ligne sur Paracherkaoui.ma","potentialAction":[{"@type":"SearchAction","target":{"@type":"EntryPoint","urlTemplate":"https:\/\/paracherkaoui.ma\/?s={search_term_string}"},"query-input":{"@type":"PropertyValueSpecification","valueRequired":true,"valueName":"search_term_string"}}],"inLanguage":"fr-FR"}]}},"_links":{"self":[{"href":"https:\/\/paracherkaoui.ma\/index.php\/wp-json\/wp\/v2\/product\/47375","targetHints":{"allow":["GET"]}}],"collection":[{"href":"https:\/\/paracherkaoui.ma\/index.php\/wp-json\/wp\/v2\/product"}],"about":[{"href":"https:\/\/paracherkaoui.ma\/index.php\/wp-json\/wp\/v2\/types\/product"}],"replies":[{"embeddable":true,"href":"https:\/\/paracherkaoui.ma\/index.php\/wp-json\/wp\/v2\/comments?post=47375"}],"version-history":[{"count":1,"href":"https:\/\/paracherkaoui.ma\/index.php\/wp-json\/wp\/v2\/product\/47375\/revisions"}],"predecessor-version":[{"id":47421,"href":"https:\/\/paracherkaoui.ma\/index.php\/wp-json\/wp\/v2\/product\/47375\/revisions\/47421"}],"wp:featuredmedia":[{"embeddable":true,"href":"https:\/\/paracherkaoui.ma\/index.php\/wp-json\/wp\/v2\/media\/47420"}],"wp:attachment":[{"href":"https:\/\/paracherkaoui.ma\/index.php\/wp-json\/wp\/v2\/media?parent=47375"}],"wp:term":[{"taxonomy":"product_brand","embeddable":true,"href":"https:\/\/paracherkaoui.ma\/index.php\/wp-json\/wp\/v2\/product_brand?post=47375"},{"taxonomy":"product_cat","embeddable":true,"href":"https:\/\/paracherkaoui.ma\/index.php\/wp-json\/wp\/v2\/product_cat?post=47375"},{"taxonomy":"product_tag","embeddable":true,"href":"https:\/\/paracherkaoui.ma\/index.php\/wp-json\/wp\/v2\/product_tag?post=47375"}],"curies":[{"name":"wp","href":"https:\/\/api.w.org\/{rel}","templated":true}]}}