{"id":47363,"date":"2025-12-12T19:24:49","date_gmt":"2025-12-12T18:24:49","guid":{"rendered":"https:\/\/test.ecbeaute.com\/?post_type=product&#038;p=47363"},"modified":"2025-12-12T19:24:51","modified_gmt":"2025-12-12T18:24:51","slug":"beaming-white-daily-white-mousse-nettoyante-et-blanchissante-50-ml","status":"publish","type":"product","link":"https:\/\/paracherkaoui.ma\/index.php\/produit\/beaming-white-daily-white-mousse-nettoyante-et-blanchissante-50-ml\/","title":{"rendered":"BEAMING WHITE DAILY WHITE MOUSSE NETTOYANTE ET BLANCHISSANTE 50 ML"},"content":{"rendered":"<p>La mousse dentaire nettoyante et blanchissante Daily White \u2122 est une formule micro-moussante r\u00e9volutionnaire en une \u00e9tape et \u00e0 double action qui nettoie et blanchit les dents mieux que le dentifrice blanchissant ordinaire.<br \/>\nDaily White \u2122 laisse votre haleine belle et fra\u00eeche, favorise des gencives saines et a bon go\u00fbt.<br \/>\nBrossez-vous simplement les dents avec cette \u00abmousse\u00bb dentaire au lieu du \u00abdentifrice\u00bb pour votre sourire le plus frais, le plus blanc et le plus confiant qui soit!<\/p>\n","protected":false},"excerpt":{"rendered":"<p>La mousse dentaire nettoyante et blanchissante Daily White \u2122 est une formule micro-moussante r\u00e9volutionnaire en une \u00e9tape et \u00e0 double<\/p>\n","protected":false},"featured_media":47396,"comment_status":"open","ping_status":"closed","template":"","meta":[],"product_brand":[810],"product_cat":[856],"product_tag":[],"class_list":{"0":"post-47363","1":"product","2":"type-product","3":"status-publish","4":"has-post-thumbnail","6":"product_brand-beaming-white","7":"product_cat-produits-de-blanchiment","9":"first","10":"instock","11":"shipping-taxable","12":"purchasable","13":"product-type-simple"},"yoast_head":"<!-- This site is optimized with the Yoast SEO plugin v26.6 - https:\/\/yoast.com\/wordpress\/plugins\/seo\/ -->\r\n<title>BEAMING WHITE DAILY WHITE MOUSSE NETTOYANTE ET BLANCHISSANTE 50 ML - Paracherkaoui.ma<\/title>\r\n<meta name=\"robots\" content=\"index, follow, max-snippet:-1, max-image-preview:large, max-video-preview:-1\" \/>\r\n<link rel=\"canonical\" href=\"https:\/\/paracherkaoui.ma\/index.php\/produit\/beaming-white-daily-white-mousse-nettoyante-et-blanchissante-50-ml\/\" \/>\r\n<meta property=\"og:locale\" content=\"fr_FR\" \/>\r\n<meta property=\"og:type\" content=\"article\" \/>\r\n<meta property=\"og:title\" content=\"BEAMING WHITE DAILY WHITE MOUSSE NETTOYANTE ET BLANCHISSANTE 50 ML - Paracherkaoui.ma\" \/>\r\n<meta property=\"og:description\" content=\"La mousse dentaire nettoyante et blanchissante Daily White \u2122 est une formule micro-moussante r\u00e9volutionnaire en une \u00e9tape et \u00e0 double\" \/>\r\n<meta property=\"og:url\" content=\"https:\/\/paracherkaoui.ma\/index.php\/produit\/beaming-white-daily-white-mousse-nettoyante-et-blanchissante-50-ml\/\" \/>\r\n<meta property=\"og:site_name\" content=\"Paracherkaoui.ma\" \/>\r\n<meta property=\"article:modified_time\" content=\"2025-12-12T18:24:51+00:00\" \/>\r\n<meta property=\"og:image\" content=\"https:\/\/paracherkaoui.ma\/wp-content\/uploads\/2025\/12\/beaming-white-daily-white-mousse-nettoyante-et-blanchissante-50-ml.jpg\" \/>\r\n\t<meta property=\"og:image:width\" content=\"700\" \/>\r\n\t<meta property=\"og:image:height\" content=\"700\" \/>\r\n\t<meta property=\"og:image:type\" content=\"image\/jpeg\" \/>\r\n<meta name=\"twitter:card\" content=\"summary_large_image\" \/>\r\n<script type=\"application\/ld+json\" class=\"yoast-schema-graph\">{\"@context\":\"https:\/\/schema.org\",\"@graph\":[{\"@type\":\"WebPage\",\"@id\":\"https:\/\/paracherkaoui.ma\/index.php\/produit\/beaming-white-daily-white-mousse-nettoyante-et-blanchissante-50-ml\/\",\"url\":\"https:\/\/paracherkaoui.ma\/index.php\/produit\/beaming-white-daily-white-mousse-nettoyante-et-blanchissante-50-ml\/\",\"name\":\"BEAMING WHITE DAILY WHITE MOUSSE NETTOYANTE ET BLANCHISSANTE 50 ML - Paracherkaoui.ma\",\"isPartOf\":{\"@id\":\"https:\/\/paracherkaoui.ma\/#website\"},\"primaryImageOfPage\":{\"@id\":\"https:\/\/paracherkaoui.ma\/index.php\/produit\/beaming-white-daily-white-mousse-nettoyante-et-blanchissante-50-ml\/#primaryimage\"},\"image\":{\"@id\":\"https:\/\/paracherkaoui.ma\/index.php\/produit\/beaming-white-daily-white-mousse-nettoyante-et-blanchissante-50-ml\/#primaryimage\"},\"thumbnailUrl\":\"https:\/\/paracherkaoui.ma\/wp-content\/uploads\/2025\/12\/beaming-white-daily-white-mousse-nettoyante-et-blanchissante-50-ml.jpg\",\"datePublished\":\"2025-12-12T18:24:49+00:00\",\"dateModified\":\"2025-12-12T18:24:51+00:00\",\"breadcrumb\":{\"@id\":\"https:\/\/paracherkaoui.ma\/index.php\/produit\/beaming-white-daily-white-mousse-nettoyante-et-blanchissante-50-ml\/#breadcrumb\"},\"inLanguage\":\"fr-FR\",\"potentialAction\":[{\"@type\":\"ReadAction\",\"target\":[\"https:\/\/paracherkaoui.ma\/index.php\/produit\/beaming-white-daily-white-mousse-nettoyante-et-blanchissante-50-ml\/\"]}]},{\"@type\":\"ImageObject\",\"inLanguage\":\"fr-FR\",\"@id\":\"https:\/\/paracherkaoui.ma\/index.php\/produit\/beaming-white-daily-white-mousse-nettoyante-et-blanchissante-50-ml\/#primaryimage\",\"url\":\"https:\/\/paracherkaoui.ma\/wp-content\/uploads\/2025\/12\/beaming-white-daily-white-mousse-nettoyante-et-blanchissante-50-ml.jpg\",\"contentUrl\":\"https:\/\/paracherkaoui.ma\/wp-content\/uploads\/2025\/12\/beaming-white-daily-white-mousse-nettoyante-et-blanchissante-50-ml.jpg\",\"width\":700,\"height\":700},{\"@type\":\"BreadcrumbList\",\"@id\":\"https:\/\/paracherkaoui.ma\/index.php\/produit\/beaming-white-daily-white-mousse-nettoyante-et-blanchissante-50-ml\/#breadcrumb\",\"itemListElement\":[{\"@type\":\"ListItem\",\"position\":1,\"name\":\"Accueil\",\"item\":\"https:\/\/paracherkaoui.ma\/\"},{\"@type\":\"ListItem\",\"position\":2,\"name\":\"Boutique\",\"item\":\"https:\/\/paracherkaoui.ma\/index.php\/boutique\/\"},{\"@type\":\"ListItem\",\"position\":3,\"name\":\"BEAMING WHITE DAILY WHITE MOUSSE NETTOYANTE ET BLANCHISSANTE 50 ML\"}]},{\"@type\":\"WebSite\",\"@id\":\"https:\/\/paracherkaoui.ma\/#website\",\"url\":\"https:\/\/paracherkaoui.ma\/\",\"name\":\"Paracherkaoui.ma\",\"description\":\"Achetez en ligne sur Paracherkaoui.ma\",\"potentialAction\":[{\"@type\":\"SearchAction\",\"target\":{\"@type\":\"EntryPoint\",\"urlTemplate\":\"https:\/\/paracherkaoui.ma\/?s={search_term_string}\"},\"query-input\":{\"@type\":\"PropertyValueSpecification\",\"valueRequired\":true,\"valueName\":\"search_term_string\"}}],\"inLanguage\":\"fr-FR\"}]}<\/script>\r\n<!-- \/ Yoast SEO plugin. -->","yoast_head_json":{"title":"BEAMING WHITE DAILY WHITE MOUSSE NETTOYANTE ET BLANCHISSANTE 50 ML - Paracherkaoui.ma","robots":{"index":"index","follow":"follow","max-snippet":"max-snippet:-1","max-image-preview":"max-image-preview:large","max-video-preview":"max-video-preview:-1"},"canonical":"https:\/\/paracherkaoui.ma\/index.php\/produit\/beaming-white-daily-white-mousse-nettoyante-et-blanchissante-50-ml\/","og_locale":"fr_FR","og_type":"article","og_title":"BEAMING WHITE DAILY WHITE MOUSSE NETTOYANTE ET BLANCHISSANTE 50 ML - Paracherkaoui.ma","og_description":"La mousse dentaire nettoyante et blanchissante Daily White \u2122 est une formule micro-moussante r\u00e9volutionnaire en une \u00e9tape et \u00e0 double","og_url":"https:\/\/paracherkaoui.ma\/index.php\/produit\/beaming-white-daily-white-mousse-nettoyante-et-blanchissante-50-ml\/","og_site_name":"Paracherkaoui.ma","article_modified_time":"2025-12-12T18:24:51+00:00","og_image":[{"width":700,"height":700,"url":"https:\/\/paracherkaoui.ma\/wp-content\/uploads\/2025\/12\/beaming-white-daily-white-mousse-nettoyante-et-blanchissante-50-ml.jpg","type":"image\/jpeg"}],"twitter_card":"summary_large_image","schema":{"@context":"https:\/\/schema.org","@graph":[{"@type":"WebPage","@id":"https:\/\/paracherkaoui.ma\/index.php\/produit\/beaming-white-daily-white-mousse-nettoyante-et-blanchissante-50-ml\/","url":"https:\/\/paracherkaoui.ma\/index.php\/produit\/beaming-white-daily-white-mousse-nettoyante-et-blanchissante-50-ml\/","name":"BEAMING WHITE DAILY WHITE MOUSSE NETTOYANTE ET BLANCHISSANTE 50 ML - Paracherkaoui.ma","isPartOf":{"@id":"https:\/\/paracherkaoui.ma\/#website"},"primaryImageOfPage":{"@id":"https:\/\/paracherkaoui.ma\/index.php\/produit\/beaming-white-daily-white-mousse-nettoyante-et-blanchissante-50-ml\/#primaryimage"},"image":{"@id":"https:\/\/paracherkaoui.ma\/index.php\/produit\/beaming-white-daily-white-mousse-nettoyante-et-blanchissante-50-ml\/#primaryimage"},"thumbnailUrl":"https:\/\/paracherkaoui.ma\/wp-content\/uploads\/2025\/12\/beaming-white-daily-white-mousse-nettoyante-et-blanchissante-50-ml.jpg","datePublished":"2025-12-12T18:24:49+00:00","dateModified":"2025-12-12T18:24:51+00:00","breadcrumb":{"@id":"https:\/\/paracherkaoui.ma\/index.php\/produit\/beaming-white-daily-white-mousse-nettoyante-et-blanchissante-50-ml\/#breadcrumb"},"inLanguage":"fr-FR","potentialAction":[{"@type":"ReadAction","target":["https:\/\/paracherkaoui.ma\/index.php\/produit\/beaming-white-daily-white-mousse-nettoyante-et-blanchissante-50-ml\/"]}]},{"@type":"ImageObject","inLanguage":"fr-FR","@id":"https:\/\/paracherkaoui.ma\/index.php\/produit\/beaming-white-daily-white-mousse-nettoyante-et-blanchissante-50-ml\/#primaryimage","url":"https:\/\/paracherkaoui.ma\/wp-content\/uploads\/2025\/12\/beaming-white-daily-white-mousse-nettoyante-et-blanchissante-50-ml.jpg","contentUrl":"https:\/\/paracherkaoui.ma\/wp-content\/uploads\/2025\/12\/beaming-white-daily-white-mousse-nettoyante-et-blanchissante-50-ml.jpg","width":700,"height":700},{"@type":"BreadcrumbList","@id":"https:\/\/paracherkaoui.ma\/index.php\/produit\/beaming-white-daily-white-mousse-nettoyante-et-blanchissante-50-ml\/#breadcrumb","itemListElement":[{"@type":"ListItem","position":1,"name":"Accueil","item":"https:\/\/paracherkaoui.ma\/"},{"@type":"ListItem","position":2,"name":"Boutique","item":"https:\/\/paracherkaoui.ma\/index.php\/boutique\/"},{"@type":"ListItem","position":3,"name":"BEAMING WHITE DAILY WHITE MOUSSE NETTOYANTE ET BLANCHISSANTE 50 ML"}]},{"@type":"WebSite","@id":"https:\/\/paracherkaoui.ma\/#website","url":"https:\/\/paracherkaoui.ma\/","name":"Paracherkaoui.ma","description":"Achetez en ligne sur Paracherkaoui.ma","potentialAction":[{"@type":"SearchAction","target":{"@type":"EntryPoint","urlTemplate":"https:\/\/paracherkaoui.ma\/?s={search_term_string}"},"query-input":{"@type":"PropertyValueSpecification","valueRequired":true,"valueName":"search_term_string"}}],"inLanguage":"fr-FR"}]}},"_links":{"self":[{"href":"https:\/\/paracherkaoui.ma\/index.php\/wp-json\/wp\/v2\/product\/47363","targetHints":{"allow":["GET"]}}],"collection":[{"href":"https:\/\/paracherkaoui.ma\/index.php\/wp-json\/wp\/v2\/product"}],"about":[{"href":"https:\/\/paracherkaoui.ma\/index.php\/wp-json\/wp\/v2\/types\/product"}],"replies":[{"embeddable":true,"href":"https:\/\/paracherkaoui.ma\/index.php\/wp-json\/wp\/v2\/comments?post=47363"}],"version-history":[{"count":1,"href":"https:\/\/paracherkaoui.ma\/index.php\/wp-json\/wp\/v2\/product\/47363\/revisions"}],"predecessor-version":[{"id":47397,"href":"https:\/\/paracherkaoui.ma\/index.php\/wp-json\/wp\/v2\/product\/47363\/revisions\/47397"}],"wp:featuredmedia":[{"embeddable":true,"href":"https:\/\/paracherkaoui.ma\/index.php\/wp-json\/wp\/v2\/media\/47396"}],"wp:attachment":[{"href":"https:\/\/paracherkaoui.ma\/index.php\/wp-json\/wp\/v2\/media?parent=47363"}],"wp:term":[{"taxonomy":"product_brand","embeddable":true,"href":"https:\/\/paracherkaoui.ma\/index.php\/wp-json\/wp\/v2\/product_brand?post=47363"},{"taxonomy":"product_cat","embeddable":true,"href":"https:\/\/paracherkaoui.ma\/index.php\/wp-json\/wp\/v2\/product_cat?post=47363"},{"taxonomy":"product_tag","embeddable":true,"href":"https:\/\/paracherkaoui.ma\/index.php\/wp-json\/wp\/v2\/product_tag?post=47363"}],"curies":[{"name":"wp","href":"https:\/\/api.w.org\/{rel}","templated":true}]}}