{"id":47273,"date":"2025-12-12T19:24:39","date_gmt":"2025-12-12T18:24:39","guid":{"rendered":"https:\/\/test.ecbeaute.com\/?post_type=product&#038;p=47273"},"modified":"2025-12-12T19:24:42","modified_gmt":"2025-12-12T18:24:42","slug":"vitis-orthodontic-bain-de-bouche-500-ml","status":"publish","type":"product","link":"https:\/\/paracherkaoui.ma\/index.php\/produit\/vitis-orthodontic-bain-de-bouche-500-ml\/","title":{"rendered":"VITIS ORTHODONTIC BAIN DE BOUCHE 500 ML"},"content":{"rendered":"<p>Dites adieu aux caries, aux probl\u00e8mes gingivaux et aux irritations li\u00e9es au port d&rsquo;un appareil dentaire avec le bain de bouche VITIS ORTHODONTIC. Ce soin innovant a \u00e9t\u00e9 sp\u00e9cialement con\u00e7u pour r\u00e9pondre aux besoins sp\u00e9cifiques des personnes portant un appareil orthodontique. Sa formule unique, au d\u00e9licieux go\u00fbt de pomme, prot\u00e8ge efficacement la bouche et les dents contre les caries et la plaque dentaire, renforce l&rsquo;\u00e9mail et prend soin des tissus mous de la bouche. Il apaise les irritations des joues, des gencives et de la langue, tout en contribuant \u00e0 la propret\u00e9 de l&rsquo;appareil. Profitez d&rsquo;une haleine fra\u00eeche et d&rsquo;un sourire \u00e9clatant gr\u00e2ce \u00e0 l&rsquo;action antibact\u00e9rienne de ce bain de bouche, qui \u00e9limine la mauvaise haleine due \u00e0 la plaque dentaire. Retrouvez une bouche saine et prot\u00e9g\u00e9e avec le bain de bouche VITIS ORTHODONTIC.<br \/>\nUne formule compl\u00e8te pour une hygi\u00e8ne bucco-dentaire optimale<br \/>\nLe bain de bouche VITIS ORTHODONTIC est un v\u00e9ritable concentr\u00e9 de bienfaits pour votre bouche :<br \/>\nEfficace contre les caries et la plaque dentaire : Prot\u00e8ge les dents et les gencives des attaques bact\u00e9riennes.<br \/>\nRenforce l&rsquo;\u00e9mail dentaire : Contribue \u00e0 la remin\u00e9ralisation des dents.<br \/>\nPrend soin des tissus mous de la bouche : Apaise les irritations et favorise la cicatrisation.<br \/>\nContribue \u00e0 la propret\u00e9 de l&rsquo;appareil : \u00c9limine les r\u00e9sidus alimentaires et la plaque dentaire.<br \/>\nGo\u00fbt agr\u00e9able de pomme : Pour une utilisation quotidienne agr\u00e9able.<br \/>\n\u00c9limine la mauvaise haleine : Due \u00e0 la plaque dentaire.<br \/>\nConseils d&rsquo;utilisation :<br \/>\nApr\u00e8s le brossage des dents, rincez-vous la bouche avec 15 ml de bain de bouche VITIS ORTHODONTIC pendant 30 secondes.<br \/>\nCrachez le bain de bouche, ne l&rsquo;avalez pas.<br \/>\nUtilisez 2 \u00e0 3 fois par jour, de pr\u00e9f\u00e9rence apr\u00e8s chaque brossage.<br \/>\nPour une efficacit\u00e9 optimale, \u00e9vitez de rincer votre bouche \u00e0 l&rsquo;eau ou de manger pendant 30 minutes apr\u00e8s l&rsquo;utilisation du bain de bouche.<\/p>\n","protected":false},"excerpt":{"rendered":"<p>Dites adieu aux caries, aux probl\u00e8mes gingivaux et aux irritations li\u00e9es au port d&rsquo;un appareil dentaire avec le bain de<\/p>\n","protected":false},"featured_media":47307,"comment_status":"open","ping_status":"closed","template":"","meta":[],"product_brand":[797],"product_cat":[846],"product_tag":[],"class_list":{"0":"post-47273","1":"product","2":"type-product","3":"status-publish","4":"has-post-thumbnail","6":"product_brand-vitis","7":"product_cat-bains-de-bouche-et-haleine-fraiche","9":"first","10":"instock","11":"sale","12":"shipping-taxable","13":"purchasable","14":"product-type-simple"},"yoast_head":"<!-- This site is optimized with the Yoast SEO plugin v26.6 - https:\/\/yoast.com\/wordpress\/plugins\/seo\/ -->\r\n<title>VITIS ORTHODONTIC BAIN DE BOUCHE 500 ML - Paracherkaoui.ma<\/title>\r\n<meta name=\"robots\" content=\"index, follow, max-snippet:-1, max-image-preview:large, max-video-preview:-1\" \/>\r\n<link rel=\"canonical\" href=\"https:\/\/paracherkaoui.ma\/index.php\/produit\/vitis-orthodontic-bain-de-bouche-500-ml\/\" \/>\r\n<meta property=\"og:locale\" content=\"fr_FR\" \/>\r\n<meta property=\"og:type\" content=\"article\" \/>\r\n<meta property=\"og:title\" content=\"VITIS ORTHODONTIC BAIN DE BOUCHE 500 ML - Paracherkaoui.ma\" \/>\r\n<meta property=\"og:description\" content=\"Dites adieu aux caries, aux probl\u00e8mes gingivaux et aux irritations li\u00e9es au port d&rsquo;un appareil dentaire avec le bain de\" \/>\r\n<meta property=\"og:url\" content=\"https:\/\/paracherkaoui.ma\/index.php\/produit\/vitis-orthodontic-bain-de-bouche-500-ml\/\" \/>\r\n<meta property=\"og:site_name\" content=\"Paracherkaoui.ma\" \/>\r\n<meta property=\"article:modified_time\" content=\"2025-12-12T18:24:42+00:00\" \/>\r\n<meta property=\"og:image\" content=\"https:\/\/paracherkaoui.ma\/wp-content\/uploads\/2025\/12\/vitis-orthodontic-bain-de-bouche-500-ml.jpg\" \/>\r\n\t<meta property=\"og:image:width\" content=\"700\" \/>\r\n\t<meta property=\"og:image:height\" content=\"700\" \/>\r\n\t<meta property=\"og:image:type\" content=\"image\/jpeg\" \/>\r\n<meta name=\"twitter:card\" content=\"summary_large_image\" \/>\r\n<meta name=\"twitter:label1\" content=\"Dur\u00e9e de lecture estim\u00e9e\" \/>\n\t<meta name=\"twitter:data1\" content=\"2 minutes\" \/>\r\n<script type=\"application\/ld+json\" class=\"yoast-schema-graph\">{\"@context\":\"https:\/\/schema.org\",\"@graph\":[{\"@type\":\"WebPage\",\"@id\":\"https:\/\/paracherkaoui.ma\/index.php\/produit\/vitis-orthodontic-bain-de-bouche-500-ml\/\",\"url\":\"https:\/\/paracherkaoui.ma\/index.php\/produit\/vitis-orthodontic-bain-de-bouche-500-ml\/\",\"name\":\"VITIS ORTHODONTIC BAIN DE BOUCHE 500 ML - Paracherkaoui.ma\",\"isPartOf\":{\"@id\":\"https:\/\/paracherkaoui.ma\/#website\"},\"primaryImageOfPage\":{\"@id\":\"https:\/\/paracherkaoui.ma\/index.php\/produit\/vitis-orthodontic-bain-de-bouche-500-ml\/#primaryimage\"},\"image\":{\"@id\":\"https:\/\/paracherkaoui.ma\/index.php\/produit\/vitis-orthodontic-bain-de-bouche-500-ml\/#primaryimage\"},\"thumbnailUrl\":\"https:\/\/paracherkaoui.ma\/wp-content\/uploads\/2025\/12\/vitis-orthodontic-bain-de-bouche-500-ml.jpg\",\"datePublished\":\"2025-12-12T18:24:39+00:00\",\"dateModified\":\"2025-12-12T18:24:42+00:00\",\"breadcrumb\":{\"@id\":\"https:\/\/paracherkaoui.ma\/index.php\/produit\/vitis-orthodontic-bain-de-bouche-500-ml\/#breadcrumb\"},\"inLanguage\":\"fr-FR\",\"potentialAction\":[{\"@type\":\"ReadAction\",\"target\":[\"https:\/\/paracherkaoui.ma\/index.php\/produit\/vitis-orthodontic-bain-de-bouche-500-ml\/\"]}]},{\"@type\":\"ImageObject\",\"inLanguage\":\"fr-FR\",\"@id\":\"https:\/\/paracherkaoui.ma\/index.php\/produit\/vitis-orthodontic-bain-de-bouche-500-ml\/#primaryimage\",\"url\":\"https:\/\/paracherkaoui.ma\/wp-content\/uploads\/2025\/12\/vitis-orthodontic-bain-de-bouche-500-ml.jpg\",\"contentUrl\":\"https:\/\/paracherkaoui.ma\/wp-content\/uploads\/2025\/12\/vitis-orthodontic-bain-de-bouche-500-ml.jpg\",\"width\":700,\"height\":700},{\"@type\":\"BreadcrumbList\",\"@id\":\"https:\/\/paracherkaoui.ma\/index.php\/produit\/vitis-orthodontic-bain-de-bouche-500-ml\/#breadcrumb\",\"itemListElement\":[{\"@type\":\"ListItem\",\"position\":1,\"name\":\"Accueil\",\"item\":\"https:\/\/paracherkaoui.ma\/\"},{\"@type\":\"ListItem\",\"position\":2,\"name\":\"Boutique\",\"item\":\"https:\/\/paracherkaoui.ma\/index.php\/boutique\/\"},{\"@type\":\"ListItem\",\"position\":3,\"name\":\"VITIS ORTHODONTIC BAIN DE BOUCHE 500 ML\"}]},{\"@type\":\"WebSite\",\"@id\":\"https:\/\/paracherkaoui.ma\/#website\",\"url\":\"https:\/\/paracherkaoui.ma\/\",\"name\":\"Paracherkaoui.ma\",\"description\":\"Achetez en ligne sur Paracherkaoui.ma\",\"potentialAction\":[{\"@type\":\"SearchAction\",\"target\":{\"@type\":\"EntryPoint\",\"urlTemplate\":\"https:\/\/paracherkaoui.ma\/?s={search_term_string}\"},\"query-input\":{\"@type\":\"PropertyValueSpecification\",\"valueRequired\":true,\"valueName\":\"search_term_string\"}}],\"inLanguage\":\"fr-FR\"}]}<\/script>\r\n<!-- \/ Yoast SEO plugin. -->","yoast_head_json":{"title":"VITIS ORTHODONTIC BAIN DE BOUCHE 500 ML - Paracherkaoui.ma","robots":{"index":"index","follow":"follow","max-snippet":"max-snippet:-1","max-image-preview":"max-image-preview:large","max-video-preview":"max-video-preview:-1"},"canonical":"https:\/\/paracherkaoui.ma\/index.php\/produit\/vitis-orthodontic-bain-de-bouche-500-ml\/","og_locale":"fr_FR","og_type":"article","og_title":"VITIS ORTHODONTIC BAIN DE BOUCHE 500 ML - Paracherkaoui.ma","og_description":"Dites adieu aux caries, aux probl\u00e8mes gingivaux et aux irritations li\u00e9es au port d&rsquo;un appareil dentaire avec le bain de","og_url":"https:\/\/paracherkaoui.ma\/index.php\/produit\/vitis-orthodontic-bain-de-bouche-500-ml\/","og_site_name":"Paracherkaoui.ma","article_modified_time":"2025-12-12T18:24:42+00:00","og_image":[{"width":700,"height":700,"url":"https:\/\/paracherkaoui.ma\/wp-content\/uploads\/2025\/12\/vitis-orthodontic-bain-de-bouche-500-ml.jpg","type":"image\/jpeg"}],"twitter_card":"summary_large_image","twitter_misc":{"Dur\u00e9e de lecture estim\u00e9e":"2 minutes"},"schema":{"@context":"https:\/\/schema.org","@graph":[{"@type":"WebPage","@id":"https:\/\/paracherkaoui.ma\/index.php\/produit\/vitis-orthodontic-bain-de-bouche-500-ml\/","url":"https:\/\/paracherkaoui.ma\/index.php\/produit\/vitis-orthodontic-bain-de-bouche-500-ml\/","name":"VITIS ORTHODONTIC BAIN DE BOUCHE 500 ML - Paracherkaoui.ma","isPartOf":{"@id":"https:\/\/paracherkaoui.ma\/#website"},"primaryImageOfPage":{"@id":"https:\/\/paracherkaoui.ma\/index.php\/produit\/vitis-orthodontic-bain-de-bouche-500-ml\/#primaryimage"},"image":{"@id":"https:\/\/paracherkaoui.ma\/index.php\/produit\/vitis-orthodontic-bain-de-bouche-500-ml\/#primaryimage"},"thumbnailUrl":"https:\/\/paracherkaoui.ma\/wp-content\/uploads\/2025\/12\/vitis-orthodontic-bain-de-bouche-500-ml.jpg","datePublished":"2025-12-12T18:24:39+00:00","dateModified":"2025-12-12T18:24:42+00:00","breadcrumb":{"@id":"https:\/\/paracherkaoui.ma\/index.php\/produit\/vitis-orthodontic-bain-de-bouche-500-ml\/#breadcrumb"},"inLanguage":"fr-FR","potentialAction":[{"@type":"ReadAction","target":["https:\/\/paracherkaoui.ma\/index.php\/produit\/vitis-orthodontic-bain-de-bouche-500-ml\/"]}]},{"@type":"ImageObject","inLanguage":"fr-FR","@id":"https:\/\/paracherkaoui.ma\/index.php\/produit\/vitis-orthodontic-bain-de-bouche-500-ml\/#primaryimage","url":"https:\/\/paracherkaoui.ma\/wp-content\/uploads\/2025\/12\/vitis-orthodontic-bain-de-bouche-500-ml.jpg","contentUrl":"https:\/\/paracherkaoui.ma\/wp-content\/uploads\/2025\/12\/vitis-orthodontic-bain-de-bouche-500-ml.jpg","width":700,"height":700},{"@type":"BreadcrumbList","@id":"https:\/\/paracherkaoui.ma\/index.php\/produit\/vitis-orthodontic-bain-de-bouche-500-ml\/#breadcrumb","itemListElement":[{"@type":"ListItem","position":1,"name":"Accueil","item":"https:\/\/paracherkaoui.ma\/"},{"@type":"ListItem","position":2,"name":"Boutique","item":"https:\/\/paracherkaoui.ma\/index.php\/boutique\/"},{"@type":"ListItem","position":3,"name":"VITIS ORTHODONTIC BAIN DE BOUCHE 500 ML"}]},{"@type":"WebSite","@id":"https:\/\/paracherkaoui.ma\/#website","url":"https:\/\/paracherkaoui.ma\/","name":"Paracherkaoui.ma","description":"Achetez en ligne sur Paracherkaoui.ma","potentialAction":[{"@type":"SearchAction","target":{"@type":"EntryPoint","urlTemplate":"https:\/\/paracherkaoui.ma\/?s={search_term_string}"},"query-input":{"@type":"PropertyValueSpecification","valueRequired":true,"valueName":"search_term_string"}}],"inLanguage":"fr-FR"}]}},"_links":{"self":[{"href":"https:\/\/paracherkaoui.ma\/index.php\/wp-json\/wp\/v2\/product\/47273","targetHints":{"allow":["GET"]}}],"collection":[{"href":"https:\/\/paracherkaoui.ma\/index.php\/wp-json\/wp\/v2\/product"}],"about":[{"href":"https:\/\/paracherkaoui.ma\/index.php\/wp-json\/wp\/v2\/types\/product"}],"replies":[{"embeddable":true,"href":"https:\/\/paracherkaoui.ma\/index.php\/wp-json\/wp\/v2\/comments?post=47273"}],"version-history":[{"count":1,"href":"https:\/\/paracherkaoui.ma\/index.php\/wp-json\/wp\/v2\/product\/47273\/revisions"}],"predecessor-version":[{"id":47308,"href":"https:\/\/paracherkaoui.ma\/index.php\/wp-json\/wp\/v2\/product\/47273\/revisions\/47308"}],"wp:featuredmedia":[{"embeddable":true,"href":"https:\/\/paracherkaoui.ma\/index.php\/wp-json\/wp\/v2\/media\/47307"}],"wp:attachment":[{"href":"https:\/\/paracherkaoui.ma\/index.php\/wp-json\/wp\/v2\/media?parent=47273"}],"wp:term":[{"taxonomy":"product_brand","embeddable":true,"href":"https:\/\/paracherkaoui.ma\/index.php\/wp-json\/wp\/v2\/product_brand?post=47273"},{"taxonomy":"product_cat","embeddable":true,"href":"https:\/\/paracherkaoui.ma\/index.php\/wp-json\/wp\/v2\/product_cat?post=47273"},{"taxonomy":"product_tag","embeddable":true,"href":"https:\/\/paracherkaoui.ma\/index.php\/wp-json\/wp\/v2\/product_tag?post=47273"}],"curies":[{"name":"wp","href":"https:\/\/api.w.org\/{rel}","templated":true}]}}