{"id":47111,"date":"2025-12-12T19:24:20","date_gmt":"2025-12-12T18:24:20","guid":{"rendered":"https:\/\/test.ecbeaute.com\/?post_type=product&#038;p=47111"},"modified":"2025-12-12T19:24:26","modified_gmt":"2025-12-12T18:24:26","slug":"vitis-sensitive-bain-de-bouche-pour-dents-sensibles-500-ml","status":"publish","type":"product","link":"https:\/\/paracherkaoui.ma\/index.php\/produit\/vitis-sensitive-bain-de-bouche-pour-dents-sensibles-500-ml\/","title":{"rendered":"VITIS SENSITIVE BAIN DE BOUCHE POUR DENTS SENSIBLES 500 ML"},"content":{"rendered":"<p>Description de ce produit\u00a0Vitis Sensitive<br \/>\nLe bain de bouche Vitis Sensitive ne vous aide pas uniquement \u00e0 rafraichir votre haleine, il agit \u00e9galement contre la plaque dentaire et aide \u00e0 maintenir une bonne hygi\u00e8ne de la gencive et des dents.<br \/>\nLe produit :<br \/>\nmaintient des gencives saines<br \/>\nassure une haleine fra\u00eeche<br \/>\ndiminue la sensibilit\u00e9 des dents<br \/>\nMode d\u2019emploi :<br \/>\nApr\u00e8s le brossage des dents, rincez la bouche avec le bain de bouche pendant la dur\u00e9e indiqu\u00e9e sur l\u2019emballage, rincez ensuite.<\/p>\n","protected":false},"excerpt":{"rendered":"<p>Description de ce produit\u00a0Vitis Sensitive Le bain de bouche Vitis Sensitive ne vous aide pas uniquement \u00e0 rafraichir votre haleine,<\/p>\n","protected":false},"featured_media":47162,"comment_status":"open","ping_status":"closed","template":"","meta":[],"product_brand":[797],"product_cat":[846],"product_tag":[],"class_list":{"0":"post-47111","1":"product","2":"type-product","3":"status-publish","4":"has-post-thumbnail","6":"product_brand-vitis","7":"product_cat-bains-de-bouche-et-haleine-fraiche","9":"first","10":"instock","11":"sale","12":"shipping-taxable","13":"purchasable","14":"product-type-simple"},"yoast_head":"<!-- This site is optimized with the Yoast SEO plugin v26.6 - https:\/\/yoast.com\/wordpress\/plugins\/seo\/ -->\r\n<title>VITIS SENSITIVE BAIN DE BOUCHE POUR DENTS SENSIBLES 500 ML - Paracherkaoui.ma<\/title>\r\n<meta name=\"robots\" content=\"index, follow, max-snippet:-1, max-image-preview:large, max-video-preview:-1\" \/>\r\n<link rel=\"canonical\" href=\"https:\/\/paracherkaoui.ma\/index.php\/produit\/vitis-sensitive-bain-de-bouche-pour-dents-sensibles-500-ml\/\" \/>\r\n<meta property=\"og:locale\" content=\"fr_FR\" \/>\r\n<meta property=\"og:type\" content=\"article\" \/>\r\n<meta property=\"og:title\" content=\"VITIS SENSITIVE BAIN DE BOUCHE POUR DENTS SENSIBLES 500 ML - Paracherkaoui.ma\" \/>\r\n<meta property=\"og:description\" content=\"Description de ce produit\u00a0Vitis Sensitive Le bain de bouche Vitis Sensitive ne vous aide pas uniquement \u00e0 rafraichir votre haleine,\" \/>\r\n<meta property=\"og:url\" content=\"https:\/\/paracherkaoui.ma\/index.php\/produit\/vitis-sensitive-bain-de-bouche-pour-dents-sensibles-500-ml\/\" \/>\r\n<meta property=\"og:site_name\" content=\"Paracherkaoui.ma\" \/>\r\n<meta property=\"article:modified_time\" content=\"2025-12-12T18:24:26+00:00\" \/>\r\n<meta property=\"og:image\" content=\"https:\/\/paracherkaoui.ma\/wp-content\/uploads\/2025\/12\/vitis-vitis-sensitive-bain-de-bouche-pour-dents-sensibles-500-ml-bains-de-bouche.jpg\" \/>\r\n\t<meta property=\"og:image:width\" content=\"700\" \/>\r\n\t<meta property=\"og:image:height\" content=\"700\" \/>\r\n\t<meta property=\"og:image:type\" content=\"image\/jpeg\" \/>\r\n<meta name=\"twitter:card\" content=\"summary_large_image\" \/>\r\n<script type=\"application\/ld+json\" class=\"yoast-schema-graph\">{\"@context\":\"https:\/\/schema.org\",\"@graph\":[{\"@type\":\"WebPage\",\"@id\":\"https:\/\/paracherkaoui.ma\/index.php\/produit\/vitis-sensitive-bain-de-bouche-pour-dents-sensibles-500-ml\/\",\"url\":\"https:\/\/paracherkaoui.ma\/index.php\/produit\/vitis-sensitive-bain-de-bouche-pour-dents-sensibles-500-ml\/\",\"name\":\"VITIS SENSITIVE BAIN DE BOUCHE POUR DENTS SENSIBLES 500 ML - Paracherkaoui.ma\",\"isPartOf\":{\"@id\":\"https:\/\/paracherkaoui.ma\/#website\"},\"primaryImageOfPage\":{\"@id\":\"https:\/\/paracherkaoui.ma\/index.php\/produit\/vitis-sensitive-bain-de-bouche-pour-dents-sensibles-500-ml\/#primaryimage\"},\"image\":{\"@id\":\"https:\/\/paracherkaoui.ma\/index.php\/produit\/vitis-sensitive-bain-de-bouche-pour-dents-sensibles-500-ml\/#primaryimage\"},\"thumbnailUrl\":\"https:\/\/paracherkaoui.ma\/wp-content\/uploads\/2025\/12\/vitis-vitis-sensitive-bain-de-bouche-pour-dents-sensibles-500-ml-bains-de-bouche.jpg\",\"datePublished\":\"2025-12-12T18:24:20+00:00\",\"dateModified\":\"2025-12-12T18:24:26+00:00\",\"breadcrumb\":{\"@id\":\"https:\/\/paracherkaoui.ma\/index.php\/produit\/vitis-sensitive-bain-de-bouche-pour-dents-sensibles-500-ml\/#breadcrumb\"},\"inLanguage\":\"fr-FR\",\"potentialAction\":[{\"@type\":\"ReadAction\",\"target\":[\"https:\/\/paracherkaoui.ma\/index.php\/produit\/vitis-sensitive-bain-de-bouche-pour-dents-sensibles-500-ml\/\"]}]},{\"@type\":\"ImageObject\",\"inLanguage\":\"fr-FR\",\"@id\":\"https:\/\/paracherkaoui.ma\/index.php\/produit\/vitis-sensitive-bain-de-bouche-pour-dents-sensibles-500-ml\/#primaryimage\",\"url\":\"https:\/\/paracherkaoui.ma\/wp-content\/uploads\/2025\/12\/vitis-vitis-sensitive-bain-de-bouche-pour-dents-sensibles-500-ml-bains-de-bouche.jpg\",\"contentUrl\":\"https:\/\/paracherkaoui.ma\/wp-content\/uploads\/2025\/12\/vitis-vitis-sensitive-bain-de-bouche-pour-dents-sensibles-500-ml-bains-de-bouche.jpg\",\"width\":700,\"height\":700},{\"@type\":\"BreadcrumbList\",\"@id\":\"https:\/\/paracherkaoui.ma\/index.php\/produit\/vitis-sensitive-bain-de-bouche-pour-dents-sensibles-500-ml\/#breadcrumb\",\"itemListElement\":[{\"@type\":\"ListItem\",\"position\":1,\"name\":\"Accueil\",\"item\":\"https:\/\/paracherkaoui.ma\/\"},{\"@type\":\"ListItem\",\"position\":2,\"name\":\"Boutique\",\"item\":\"https:\/\/paracherkaoui.ma\/index.php\/boutique\/\"},{\"@type\":\"ListItem\",\"position\":3,\"name\":\"VITIS SENSITIVE BAIN DE BOUCHE POUR DENTS SENSIBLES 500 ML\"}]},{\"@type\":\"WebSite\",\"@id\":\"https:\/\/paracherkaoui.ma\/#website\",\"url\":\"https:\/\/paracherkaoui.ma\/\",\"name\":\"Paracherkaoui.ma\",\"description\":\"Achetez en ligne sur Paracherkaoui.ma\",\"potentialAction\":[{\"@type\":\"SearchAction\",\"target\":{\"@type\":\"EntryPoint\",\"urlTemplate\":\"https:\/\/paracherkaoui.ma\/?s={search_term_string}\"},\"query-input\":{\"@type\":\"PropertyValueSpecification\",\"valueRequired\":true,\"valueName\":\"search_term_string\"}}],\"inLanguage\":\"fr-FR\"}]}<\/script>\r\n<!-- \/ Yoast SEO plugin. -->","yoast_head_json":{"title":"VITIS SENSITIVE BAIN DE BOUCHE POUR DENTS SENSIBLES 500 ML - Paracherkaoui.ma","robots":{"index":"index","follow":"follow","max-snippet":"max-snippet:-1","max-image-preview":"max-image-preview:large","max-video-preview":"max-video-preview:-1"},"canonical":"https:\/\/paracherkaoui.ma\/index.php\/produit\/vitis-sensitive-bain-de-bouche-pour-dents-sensibles-500-ml\/","og_locale":"fr_FR","og_type":"article","og_title":"VITIS SENSITIVE BAIN DE BOUCHE POUR DENTS SENSIBLES 500 ML - Paracherkaoui.ma","og_description":"Description de ce produit\u00a0Vitis Sensitive Le bain de bouche Vitis Sensitive ne vous aide pas uniquement \u00e0 rafraichir votre haleine,","og_url":"https:\/\/paracherkaoui.ma\/index.php\/produit\/vitis-sensitive-bain-de-bouche-pour-dents-sensibles-500-ml\/","og_site_name":"Paracherkaoui.ma","article_modified_time":"2025-12-12T18:24:26+00:00","og_image":[{"width":700,"height":700,"url":"https:\/\/paracherkaoui.ma\/wp-content\/uploads\/2025\/12\/vitis-vitis-sensitive-bain-de-bouche-pour-dents-sensibles-500-ml-bains-de-bouche.jpg","type":"image\/jpeg"}],"twitter_card":"summary_large_image","schema":{"@context":"https:\/\/schema.org","@graph":[{"@type":"WebPage","@id":"https:\/\/paracherkaoui.ma\/index.php\/produit\/vitis-sensitive-bain-de-bouche-pour-dents-sensibles-500-ml\/","url":"https:\/\/paracherkaoui.ma\/index.php\/produit\/vitis-sensitive-bain-de-bouche-pour-dents-sensibles-500-ml\/","name":"VITIS SENSITIVE BAIN DE BOUCHE POUR DENTS SENSIBLES 500 ML - Paracherkaoui.ma","isPartOf":{"@id":"https:\/\/paracherkaoui.ma\/#website"},"primaryImageOfPage":{"@id":"https:\/\/paracherkaoui.ma\/index.php\/produit\/vitis-sensitive-bain-de-bouche-pour-dents-sensibles-500-ml\/#primaryimage"},"image":{"@id":"https:\/\/paracherkaoui.ma\/index.php\/produit\/vitis-sensitive-bain-de-bouche-pour-dents-sensibles-500-ml\/#primaryimage"},"thumbnailUrl":"https:\/\/paracherkaoui.ma\/wp-content\/uploads\/2025\/12\/vitis-vitis-sensitive-bain-de-bouche-pour-dents-sensibles-500-ml-bains-de-bouche.jpg","datePublished":"2025-12-12T18:24:20+00:00","dateModified":"2025-12-12T18:24:26+00:00","breadcrumb":{"@id":"https:\/\/paracherkaoui.ma\/index.php\/produit\/vitis-sensitive-bain-de-bouche-pour-dents-sensibles-500-ml\/#breadcrumb"},"inLanguage":"fr-FR","potentialAction":[{"@type":"ReadAction","target":["https:\/\/paracherkaoui.ma\/index.php\/produit\/vitis-sensitive-bain-de-bouche-pour-dents-sensibles-500-ml\/"]}]},{"@type":"ImageObject","inLanguage":"fr-FR","@id":"https:\/\/paracherkaoui.ma\/index.php\/produit\/vitis-sensitive-bain-de-bouche-pour-dents-sensibles-500-ml\/#primaryimage","url":"https:\/\/paracherkaoui.ma\/wp-content\/uploads\/2025\/12\/vitis-vitis-sensitive-bain-de-bouche-pour-dents-sensibles-500-ml-bains-de-bouche.jpg","contentUrl":"https:\/\/paracherkaoui.ma\/wp-content\/uploads\/2025\/12\/vitis-vitis-sensitive-bain-de-bouche-pour-dents-sensibles-500-ml-bains-de-bouche.jpg","width":700,"height":700},{"@type":"BreadcrumbList","@id":"https:\/\/paracherkaoui.ma\/index.php\/produit\/vitis-sensitive-bain-de-bouche-pour-dents-sensibles-500-ml\/#breadcrumb","itemListElement":[{"@type":"ListItem","position":1,"name":"Accueil","item":"https:\/\/paracherkaoui.ma\/"},{"@type":"ListItem","position":2,"name":"Boutique","item":"https:\/\/paracherkaoui.ma\/index.php\/boutique\/"},{"@type":"ListItem","position":3,"name":"VITIS SENSITIVE BAIN DE BOUCHE POUR DENTS SENSIBLES 500 ML"}]},{"@type":"WebSite","@id":"https:\/\/paracherkaoui.ma\/#website","url":"https:\/\/paracherkaoui.ma\/","name":"Paracherkaoui.ma","description":"Achetez en ligne sur Paracherkaoui.ma","potentialAction":[{"@type":"SearchAction","target":{"@type":"EntryPoint","urlTemplate":"https:\/\/paracherkaoui.ma\/?s={search_term_string}"},"query-input":{"@type":"PropertyValueSpecification","valueRequired":true,"valueName":"search_term_string"}}],"inLanguage":"fr-FR"}]}},"_links":{"self":[{"href":"https:\/\/paracherkaoui.ma\/index.php\/wp-json\/wp\/v2\/product\/47111","targetHints":{"allow":["GET"]}}],"collection":[{"href":"https:\/\/paracherkaoui.ma\/index.php\/wp-json\/wp\/v2\/product"}],"about":[{"href":"https:\/\/paracherkaoui.ma\/index.php\/wp-json\/wp\/v2\/types\/product"}],"replies":[{"embeddable":true,"href":"https:\/\/paracherkaoui.ma\/index.php\/wp-json\/wp\/v2\/comments?post=47111"}],"version-history":[{"count":1,"href":"https:\/\/paracherkaoui.ma\/index.php\/wp-json\/wp\/v2\/product\/47111\/revisions"}],"predecessor-version":[{"id":47163,"href":"https:\/\/paracherkaoui.ma\/index.php\/wp-json\/wp\/v2\/product\/47111\/revisions\/47163"}],"wp:featuredmedia":[{"embeddable":true,"href":"https:\/\/paracherkaoui.ma\/index.php\/wp-json\/wp\/v2\/media\/47162"}],"wp:attachment":[{"href":"https:\/\/paracherkaoui.ma\/index.php\/wp-json\/wp\/v2\/media?parent=47111"}],"wp:term":[{"taxonomy":"product_brand","embeddable":true,"href":"https:\/\/paracherkaoui.ma\/index.php\/wp-json\/wp\/v2\/product_brand?post=47111"},{"taxonomy":"product_cat","embeddable":true,"href":"https:\/\/paracherkaoui.ma\/index.php\/wp-json\/wp\/v2\/product_cat?post=47111"},{"taxonomy":"product_tag","embeddable":true,"href":"https:\/\/paracherkaoui.ma\/index.php\/wp-json\/wp\/v2\/product_tag?post=47111"}],"curies":[{"name":"wp","href":"https:\/\/api.w.org\/{rel}","templated":true}]}}