{"id":46869,"date":"2025-12-12T19:23:41","date_gmt":"2025-12-12T18:23:41","guid":{"rendered":"https:\/\/test.ecbeaute.com\/?post_type=product&#038;p=46869"},"modified":"2025-12-12T19:23:50","modified_gmt":"2025-12-12T18:23:50","slug":"vitis-cire-orthodontic","status":"publish","type":"product","link":"https:\/\/paracherkaoui.ma\/index.php\/produit\/vitis-cire-orthodontic\/","title":{"rendered":"VITIS CIRE ORTHODONTIC"},"content":{"rendered":"<p>Lorsqu&rsquo;on porte un appareil, les frottements constants entre le m\u00e9tal et les tissus mous de la bouche peuvent rapidement devenir douloureux. C\u2019est l\u00e0 que la cire orthodontique VITIS entre en jeu : elle cr\u00e9e une barri\u00e8re protectrice douce entre votre muqueuse buccale et les zones irritantes de l\u2019appareil, \u00e9vitant ainsi les blessures, aphtes, coupures et inconforts.<br \/>\nGr\u00e2ce \u00e0 sa texture mall\u00e9able et douce, elle s\u2019adapte parfaitement aux zones \u00e0 prot\u00e9ger sans alt\u00e9rer l\u2019efficacit\u00e9 de l\u2019appareil. Discr\u00e8te et facile \u00e0 utiliser, elle devient un alli\u00e9 indispensable au quotidien pour tous les porteurs d\u2019appareils orthodontiques, notamment les adolescents et jeunes adultes.<br \/>\nCe produit est id\u00e9al \u00e0 emporter partout avec soi, que ce soit \u00e0 l\u2019\u00e9cole, au bureau ou en voyage. Il suffit d\u2019un petit morceau appliqu\u00e9 sur la zone irritante pour retrouver un confort imm\u00e9diat, tout en poursuivant sereinement votre traitement.<br \/>\nConseils d\u2019utilisation :<br \/>\nSe laver les mains et brosser les dents avant l\u2019application.<br \/>\nPr\u00e9lever une petite quantit\u00e9 de cire et la rouler entre les doigts.<br \/>\nAppliquer directement sur les parties de l\u2019appareil qui causent l\u2019irritation.<br \/>\nChanger la cire apr\u00e8s les repas ou si elle se d\u00e9tache.<br \/>\nNe pas avaler.<\/p>\n","protected":false},"excerpt":{"rendered":"<p>Lorsqu&rsquo;on porte un appareil, les frottements constants entre le m\u00e9tal et les tissus mous de la bouche peuvent rapidement devenir<\/p>\n","protected":false},"featured_media":46917,"comment_status":"open","ping_status":"closed","template":"","meta":[],"product_brand":[797],"product_cat":[841],"product_tag":[],"class_list":{"0":"post-46869","1":"product","2":"type-product","3":"status-publish","4":"has-post-thumbnail","6":"product_brand-vitis","7":"product_cat-brossettes-interdentaires-et-fils-dentaires","9":"first","10":"instock","11":"shipping-taxable","12":"purchasable","13":"product-type-simple"},"yoast_head":"<!-- This site is optimized with the Yoast SEO plugin v26.6 - https:\/\/yoast.com\/wordpress\/plugins\/seo\/ -->\r\n<title>VITIS CIRE ORTHODONTIC - Paracherkaoui.ma<\/title>\r\n<meta name=\"robots\" content=\"index, follow, max-snippet:-1, max-image-preview:large, max-video-preview:-1\" \/>\r\n<link rel=\"canonical\" href=\"https:\/\/paracherkaoui.ma\/index.php\/produit\/vitis-cire-orthodontic\/\" \/>\r\n<meta property=\"og:locale\" content=\"fr_FR\" \/>\r\n<meta property=\"og:type\" content=\"article\" \/>\r\n<meta property=\"og:title\" content=\"VITIS CIRE ORTHODONTIC - Paracherkaoui.ma\" \/>\r\n<meta property=\"og:description\" content=\"Lorsqu&rsquo;on porte un appareil, les frottements constants entre le m\u00e9tal et les tissus mous de la bouche peuvent rapidement devenir\" \/>\r\n<meta property=\"og:url\" content=\"https:\/\/paracherkaoui.ma\/index.php\/produit\/vitis-cire-orthodontic\/\" \/>\r\n<meta property=\"og:site_name\" content=\"Paracherkaoui.ma\" \/>\r\n<meta property=\"article:modified_time\" content=\"2025-12-12T18:23:50+00:00\" \/>\r\n<meta property=\"og:image\" content=\"https:\/\/paracherkaoui.ma\/wp-content\/uploads\/2025\/12\/vitis-vitis-cire-orthodontic-brossettes-interdentaires-et-fils-dentaires.jpg\" \/>\r\n\t<meta property=\"og:image:width\" content=\"700\" \/>\r\n\t<meta property=\"og:image:height\" content=\"700\" \/>\r\n\t<meta property=\"og:image:type\" content=\"image\/jpeg\" \/>\r\n<meta name=\"twitter:card\" content=\"summary_large_image\" \/>\r\n<meta name=\"twitter:label1\" content=\"Dur\u00e9e de lecture estim\u00e9e\" \/>\n\t<meta name=\"twitter:data1\" content=\"1 minute\" \/>\r\n<script type=\"application\/ld+json\" class=\"yoast-schema-graph\">{\"@context\":\"https:\/\/schema.org\",\"@graph\":[{\"@type\":\"WebPage\",\"@id\":\"https:\/\/paracherkaoui.ma\/index.php\/produit\/vitis-cire-orthodontic\/\",\"url\":\"https:\/\/paracherkaoui.ma\/index.php\/produit\/vitis-cire-orthodontic\/\",\"name\":\"VITIS CIRE ORTHODONTIC - Paracherkaoui.ma\",\"isPartOf\":{\"@id\":\"https:\/\/paracherkaoui.ma\/#website\"},\"primaryImageOfPage\":{\"@id\":\"https:\/\/paracherkaoui.ma\/index.php\/produit\/vitis-cire-orthodontic\/#primaryimage\"},\"image\":{\"@id\":\"https:\/\/paracherkaoui.ma\/index.php\/produit\/vitis-cire-orthodontic\/#primaryimage\"},\"thumbnailUrl\":\"https:\/\/paracherkaoui.ma\/wp-content\/uploads\/2025\/12\/vitis-vitis-cire-orthodontic-brossettes-interdentaires-et-fils-dentaires.jpg\",\"datePublished\":\"2025-12-12T18:23:41+00:00\",\"dateModified\":\"2025-12-12T18:23:50+00:00\",\"breadcrumb\":{\"@id\":\"https:\/\/paracherkaoui.ma\/index.php\/produit\/vitis-cire-orthodontic\/#breadcrumb\"},\"inLanguage\":\"fr-FR\",\"potentialAction\":[{\"@type\":\"ReadAction\",\"target\":[\"https:\/\/paracherkaoui.ma\/index.php\/produit\/vitis-cire-orthodontic\/\"]}]},{\"@type\":\"ImageObject\",\"inLanguage\":\"fr-FR\",\"@id\":\"https:\/\/paracherkaoui.ma\/index.php\/produit\/vitis-cire-orthodontic\/#primaryimage\",\"url\":\"https:\/\/paracherkaoui.ma\/wp-content\/uploads\/2025\/12\/vitis-vitis-cire-orthodontic-brossettes-interdentaires-et-fils-dentaires.jpg\",\"contentUrl\":\"https:\/\/paracherkaoui.ma\/wp-content\/uploads\/2025\/12\/vitis-vitis-cire-orthodontic-brossettes-interdentaires-et-fils-dentaires.jpg\",\"width\":700,\"height\":700},{\"@type\":\"BreadcrumbList\",\"@id\":\"https:\/\/paracherkaoui.ma\/index.php\/produit\/vitis-cire-orthodontic\/#breadcrumb\",\"itemListElement\":[{\"@type\":\"ListItem\",\"position\":1,\"name\":\"Accueil\",\"item\":\"https:\/\/paracherkaoui.ma\/\"},{\"@type\":\"ListItem\",\"position\":2,\"name\":\"Boutique\",\"item\":\"https:\/\/paracherkaoui.ma\/index.php\/boutique\/\"},{\"@type\":\"ListItem\",\"position\":3,\"name\":\"VITIS CIRE ORTHODONTIC\"}]},{\"@type\":\"WebSite\",\"@id\":\"https:\/\/paracherkaoui.ma\/#website\",\"url\":\"https:\/\/paracherkaoui.ma\/\",\"name\":\"Paracherkaoui.ma\",\"description\":\"Achetez en ligne sur Paracherkaoui.ma\",\"potentialAction\":[{\"@type\":\"SearchAction\",\"target\":{\"@type\":\"EntryPoint\",\"urlTemplate\":\"https:\/\/paracherkaoui.ma\/?s={search_term_string}\"},\"query-input\":{\"@type\":\"PropertyValueSpecification\",\"valueRequired\":true,\"valueName\":\"search_term_string\"}}],\"inLanguage\":\"fr-FR\"}]}<\/script>\r\n<!-- \/ Yoast SEO plugin. -->","yoast_head_json":{"title":"VITIS CIRE ORTHODONTIC - Paracherkaoui.ma","robots":{"index":"index","follow":"follow","max-snippet":"max-snippet:-1","max-image-preview":"max-image-preview:large","max-video-preview":"max-video-preview:-1"},"canonical":"https:\/\/paracherkaoui.ma\/index.php\/produit\/vitis-cire-orthodontic\/","og_locale":"fr_FR","og_type":"article","og_title":"VITIS CIRE ORTHODONTIC - Paracherkaoui.ma","og_description":"Lorsqu&rsquo;on porte un appareil, les frottements constants entre le m\u00e9tal et les tissus mous de la bouche peuvent rapidement devenir","og_url":"https:\/\/paracherkaoui.ma\/index.php\/produit\/vitis-cire-orthodontic\/","og_site_name":"Paracherkaoui.ma","article_modified_time":"2025-12-12T18:23:50+00:00","og_image":[{"width":700,"height":700,"url":"https:\/\/paracherkaoui.ma\/wp-content\/uploads\/2025\/12\/vitis-vitis-cire-orthodontic-brossettes-interdentaires-et-fils-dentaires.jpg","type":"image\/jpeg"}],"twitter_card":"summary_large_image","twitter_misc":{"Dur\u00e9e de lecture estim\u00e9e":"1 minute"},"schema":{"@context":"https:\/\/schema.org","@graph":[{"@type":"WebPage","@id":"https:\/\/paracherkaoui.ma\/index.php\/produit\/vitis-cire-orthodontic\/","url":"https:\/\/paracherkaoui.ma\/index.php\/produit\/vitis-cire-orthodontic\/","name":"VITIS CIRE ORTHODONTIC - Paracherkaoui.ma","isPartOf":{"@id":"https:\/\/paracherkaoui.ma\/#website"},"primaryImageOfPage":{"@id":"https:\/\/paracherkaoui.ma\/index.php\/produit\/vitis-cire-orthodontic\/#primaryimage"},"image":{"@id":"https:\/\/paracherkaoui.ma\/index.php\/produit\/vitis-cire-orthodontic\/#primaryimage"},"thumbnailUrl":"https:\/\/paracherkaoui.ma\/wp-content\/uploads\/2025\/12\/vitis-vitis-cire-orthodontic-brossettes-interdentaires-et-fils-dentaires.jpg","datePublished":"2025-12-12T18:23:41+00:00","dateModified":"2025-12-12T18:23:50+00:00","breadcrumb":{"@id":"https:\/\/paracherkaoui.ma\/index.php\/produit\/vitis-cire-orthodontic\/#breadcrumb"},"inLanguage":"fr-FR","potentialAction":[{"@type":"ReadAction","target":["https:\/\/paracherkaoui.ma\/index.php\/produit\/vitis-cire-orthodontic\/"]}]},{"@type":"ImageObject","inLanguage":"fr-FR","@id":"https:\/\/paracherkaoui.ma\/index.php\/produit\/vitis-cire-orthodontic\/#primaryimage","url":"https:\/\/paracherkaoui.ma\/wp-content\/uploads\/2025\/12\/vitis-vitis-cire-orthodontic-brossettes-interdentaires-et-fils-dentaires.jpg","contentUrl":"https:\/\/paracherkaoui.ma\/wp-content\/uploads\/2025\/12\/vitis-vitis-cire-orthodontic-brossettes-interdentaires-et-fils-dentaires.jpg","width":700,"height":700},{"@type":"BreadcrumbList","@id":"https:\/\/paracherkaoui.ma\/index.php\/produit\/vitis-cire-orthodontic\/#breadcrumb","itemListElement":[{"@type":"ListItem","position":1,"name":"Accueil","item":"https:\/\/paracherkaoui.ma\/"},{"@type":"ListItem","position":2,"name":"Boutique","item":"https:\/\/paracherkaoui.ma\/index.php\/boutique\/"},{"@type":"ListItem","position":3,"name":"VITIS CIRE ORTHODONTIC"}]},{"@type":"WebSite","@id":"https:\/\/paracherkaoui.ma\/#website","url":"https:\/\/paracherkaoui.ma\/","name":"Paracherkaoui.ma","description":"Achetez en ligne sur Paracherkaoui.ma","potentialAction":[{"@type":"SearchAction","target":{"@type":"EntryPoint","urlTemplate":"https:\/\/paracherkaoui.ma\/?s={search_term_string}"},"query-input":{"@type":"PropertyValueSpecification","valueRequired":true,"valueName":"search_term_string"}}],"inLanguage":"fr-FR"}]}},"_links":{"self":[{"href":"https:\/\/paracherkaoui.ma\/index.php\/wp-json\/wp\/v2\/product\/46869","targetHints":{"allow":["GET"]}}],"collection":[{"href":"https:\/\/paracherkaoui.ma\/index.php\/wp-json\/wp\/v2\/product"}],"about":[{"href":"https:\/\/paracherkaoui.ma\/index.php\/wp-json\/wp\/v2\/types\/product"}],"replies":[{"embeddable":true,"href":"https:\/\/paracherkaoui.ma\/index.php\/wp-json\/wp\/v2\/comments?post=46869"}],"version-history":[{"count":1,"href":"https:\/\/paracherkaoui.ma\/index.php\/wp-json\/wp\/v2\/product\/46869\/revisions"}],"predecessor-version":[{"id":46918,"href":"https:\/\/paracherkaoui.ma\/index.php\/wp-json\/wp\/v2\/product\/46869\/revisions\/46918"}],"wp:featuredmedia":[{"embeddable":true,"href":"https:\/\/paracherkaoui.ma\/index.php\/wp-json\/wp\/v2\/media\/46917"}],"wp:attachment":[{"href":"https:\/\/paracherkaoui.ma\/index.php\/wp-json\/wp\/v2\/media?parent=46869"}],"wp:term":[{"taxonomy":"product_brand","embeddable":true,"href":"https:\/\/paracherkaoui.ma\/index.php\/wp-json\/wp\/v2\/product_brand?post=46869"},{"taxonomy":"product_cat","embeddable":true,"href":"https:\/\/paracherkaoui.ma\/index.php\/wp-json\/wp\/v2\/product_cat?post=46869"},{"taxonomy":"product_tag","embeddable":true,"href":"https:\/\/paracherkaoui.ma\/index.php\/wp-json\/wp\/v2\/product_tag?post=46869"}],"curies":[{"name":"wp","href":"https:\/\/api.w.org\/{rel}","templated":true}]}}