{"id":46761,"date":"2025-12-12T19:23:31","date_gmt":"2025-12-12T18:23:31","guid":{"rendered":"https:\/\/test.ecbeaute.com\/?post_type=product&#038;p=46761"},"modified":"2025-12-12T19:23:33","modified_gmt":"2025-12-12T18:23:33","slug":"elgydium-clinic-recharge-refill-rouge-brossettes-interdentaires-3-4mm","status":"publish","type":"product","link":"https:\/\/paracherkaoui.ma\/index.php\/produit\/elgydium-clinic-recharge-refill-rouge-brossettes-interdentaires-3-4mm\/","title":{"rendered":"ELGYDIUM CLINIC RECHARGE REFILL ROUGE BROSSETTES INTERDENTAIRES 3\/4MM"},"content":{"rendered":"<p>Les recharges de brossettes interdentaires Elgydium Clinic Refill, un incontournable pour une hygi\u00e8ne bucco-dentaire impeccable. Con\u00e7ues pour faciliter le nettoyage des espaces interdentaires, ces brossettes sont \u00e0 la fois simples \u00e0 utiliser et efficaces. Leur design ing\u00e9nieux comprend des brins bicolores, noir et blanc, pour une insertion ais\u00e9e et une d\u00e9tection rapide des d\u00e9p\u00f4ts et des saignements \u00e9ventuels. Elles offrent un confort optimal, notamment pour les porteurs d&rsquo;implants ou d&rsquo;appareils orthodontiques. Int\u00e9grez-les \u00e0 votre routine quotidienne pour des gencives saines et un sourire \u00e9clatant. Optez pour la praticit\u00e9 et l&rsquo;efficacit\u00e9 avec les brossettes interdentaires Elgydium Clinic Refill et offrez-vous un sourire \u00e9blouissant en toute simplicit\u00e9.<br \/>\nCONSEIL D\u2019UTILISATION<br \/>\nPour un r\u00e9sultat optimal<br \/>\nPr\u00e9paration Parfaite : Connectez la brossette au manche charg\u00e9 et inclinez l\u00e0 l\u00e9g\u00e8rement vers l&rsquo;avant.<br \/>\nEntr\u00e9e en Douceur : Ins\u00e9rez d\u00e9licatement la brossette entre les dents, en choisissant la taille id\u00e9ale pour chaque espace.<br \/>\nMouvement Enveloppant : Effectuez de doux mouvements circulaires pour une insertion sans effort.<br \/>\nAllers-Retours Doux : Proc\u00e9dez \u00e0 des mouvements de va-et-vient d\u00e9licats pour une propret\u00e9 maximale entre les dents.<br \/>\nRin\u00e7age Complet :Apr\u00e8s usage, assurez vous de bien rincer la brossette pour \u00e9liminer tout r\u00e9sidu.<br \/>\nR\u00e9p\u00e9tez cette routine 1 \u00e0 2 fois par jour pour pr\u00e9server la sant\u00e9 de vos dents et de vos gencives. Une m\u00e9thode simple et pr\u00e9cise pour un nettoyage interdentaire optimal, synonyme de bien-\u00eatre bucco-dentaire.<\/p>\n","protected":false},"excerpt":{"rendered":"<p>Les recharges de brossettes interdentaires Elgydium Clinic Refill, un incontournable pour une hygi\u00e8ne bucco-dentaire impeccable. Con\u00e7ues pour faciliter le nettoyage<\/p>\n","protected":false},"featured_media":46791,"comment_status":"open","ping_status":"closed","template":"","meta":[],"product_brand":[798],"product_cat":[841],"product_tag":[],"class_list":{"0":"post-46761","1":"product","2":"type-product","3":"status-publish","4":"has-post-thumbnail","6":"product_brand-elgydium","7":"product_cat-brossettes-interdentaires-et-fils-dentaires","9":"first","10":"instock","11":"sale","12":"shipping-taxable","13":"purchasable","14":"product-type-simple"},"yoast_head":"<!-- This site is optimized with the Yoast SEO plugin v26.6 - https:\/\/yoast.com\/wordpress\/plugins\/seo\/ -->\r\n<title>ELGYDIUM CLINIC RECHARGE REFILL ROUGE BROSSETTES INTERDENTAIRES 3\/4MM - Paracherkaoui.ma<\/title>\r\n<meta name=\"robots\" content=\"index, follow, max-snippet:-1, max-image-preview:large, max-video-preview:-1\" \/>\r\n<link rel=\"canonical\" href=\"https:\/\/paracherkaoui.ma\/index.php\/produit\/elgydium-clinic-recharge-refill-rouge-brossettes-interdentaires-3-4mm\/\" \/>\r\n<meta property=\"og:locale\" content=\"fr_FR\" \/>\r\n<meta property=\"og:type\" content=\"article\" \/>\r\n<meta property=\"og:title\" content=\"ELGYDIUM CLINIC RECHARGE REFILL ROUGE BROSSETTES INTERDENTAIRES 3\/4MM - Paracherkaoui.ma\" \/>\r\n<meta property=\"og:description\" content=\"Les recharges de brossettes interdentaires Elgydium Clinic Refill, un incontournable pour une hygi\u00e8ne bucco-dentaire impeccable. Con\u00e7ues pour faciliter le nettoyage\" \/>\r\n<meta property=\"og:url\" content=\"https:\/\/paracherkaoui.ma\/index.php\/produit\/elgydium-clinic-recharge-refill-rouge-brossettes-interdentaires-3-4mm\/\" \/>\r\n<meta property=\"og:site_name\" content=\"Paracherkaoui.ma\" \/>\r\n<meta property=\"article:modified_time\" content=\"2025-12-12T18:23:33+00:00\" \/>\r\n<meta property=\"og:image\" content=\"https:\/\/paracherkaoui.ma\/wp-content\/uploads\/2025\/12\/elgydium-elgydium-clinic-recharge-refill-rouge-brossettes-interdentaires-3-4mm-brossettes-interdentaires-et-accessoires.jpg\" \/>\r\n\t<meta property=\"og:image:width\" content=\"700\" \/>\r\n\t<meta property=\"og:image:height\" content=\"700\" \/>\r\n\t<meta property=\"og:image:type\" content=\"image\/jpeg\" \/>\r\n<meta name=\"twitter:card\" content=\"summary_large_image\" \/>\r\n<meta name=\"twitter:label1\" content=\"Dur\u00e9e de lecture estim\u00e9e\" \/>\n\t<meta name=\"twitter:data1\" content=\"1 minute\" \/>\r\n<script type=\"application\/ld+json\" class=\"yoast-schema-graph\">{\"@context\":\"https:\/\/schema.org\",\"@graph\":[{\"@type\":\"WebPage\",\"@id\":\"https:\/\/paracherkaoui.ma\/index.php\/produit\/elgydium-clinic-recharge-refill-rouge-brossettes-interdentaires-3-4mm\/\",\"url\":\"https:\/\/paracherkaoui.ma\/index.php\/produit\/elgydium-clinic-recharge-refill-rouge-brossettes-interdentaires-3-4mm\/\",\"name\":\"ELGYDIUM CLINIC RECHARGE REFILL ROUGE BROSSETTES INTERDENTAIRES 3\/4MM - Paracherkaoui.ma\",\"isPartOf\":{\"@id\":\"https:\/\/paracherkaoui.ma\/#website\"},\"primaryImageOfPage\":{\"@id\":\"https:\/\/paracherkaoui.ma\/index.php\/produit\/elgydium-clinic-recharge-refill-rouge-brossettes-interdentaires-3-4mm\/#primaryimage\"},\"image\":{\"@id\":\"https:\/\/paracherkaoui.ma\/index.php\/produit\/elgydium-clinic-recharge-refill-rouge-brossettes-interdentaires-3-4mm\/#primaryimage\"},\"thumbnailUrl\":\"https:\/\/paracherkaoui.ma\/wp-content\/uploads\/2025\/12\/elgydium-elgydium-clinic-recharge-refill-rouge-brossettes-interdentaires-3-4mm-brossettes-interdentaires-et-accessoires.jpg\",\"datePublished\":\"2025-12-12T18:23:31+00:00\",\"dateModified\":\"2025-12-12T18:23:33+00:00\",\"breadcrumb\":{\"@id\":\"https:\/\/paracherkaoui.ma\/index.php\/produit\/elgydium-clinic-recharge-refill-rouge-brossettes-interdentaires-3-4mm\/#breadcrumb\"},\"inLanguage\":\"fr-FR\",\"potentialAction\":[{\"@type\":\"ReadAction\",\"target\":[\"https:\/\/paracherkaoui.ma\/index.php\/produit\/elgydium-clinic-recharge-refill-rouge-brossettes-interdentaires-3-4mm\/\"]}]},{\"@type\":\"ImageObject\",\"inLanguage\":\"fr-FR\",\"@id\":\"https:\/\/paracherkaoui.ma\/index.php\/produit\/elgydium-clinic-recharge-refill-rouge-brossettes-interdentaires-3-4mm\/#primaryimage\",\"url\":\"https:\/\/paracherkaoui.ma\/wp-content\/uploads\/2025\/12\/elgydium-elgydium-clinic-recharge-refill-rouge-brossettes-interdentaires-3-4mm-brossettes-interdentaires-et-accessoires.jpg\",\"contentUrl\":\"https:\/\/paracherkaoui.ma\/wp-content\/uploads\/2025\/12\/elgydium-elgydium-clinic-recharge-refill-rouge-brossettes-interdentaires-3-4mm-brossettes-interdentaires-et-accessoires.jpg\",\"width\":700,\"height\":700},{\"@type\":\"BreadcrumbList\",\"@id\":\"https:\/\/paracherkaoui.ma\/index.php\/produit\/elgydium-clinic-recharge-refill-rouge-brossettes-interdentaires-3-4mm\/#breadcrumb\",\"itemListElement\":[{\"@type\":\"ListItem\",\"position\":1,\"name\":\"Accueil\",\"item\":\"https:\/\/paracherkaoui.ma\/\"},{\"@type\":\"ListItem\",\"position\":2,\"name\":\"Boutique\",\"item\":\"https:\/\/paracherkaoui.ma\/index.php\/boutique\/\"},{\"@type\":\"ListItem\",\"position\":3,\"name\":\"ELGYDIUM CLINIC RECHARGE REFILL ROUGE BROSSETTES INTERDENTAIRES 3\/4MM\"}]},{\"@type\":\"WebSite\",\"@id\":\"https:\/\/paracherkaoui.ma\/#website\",\"url\":\"https:\/\/paracherkaoui.ma\/\",\"name\":\"Paracherkaoui.ma\",\"description\":\"Achetez en ligne sur Paracherkaoui.ma\",\"potentialAction\":[{\"@type\":\"SearchAction\",\"target\":{\"@type\":\"EntryPoint\",\"urlTemplate\":\"https:\/\/paracherkaoui.ma\/?s={search_term_string}\"},\"query-input\":{\"@type\":\"PropertyValueSpecification\",\"valueRequired\":true,\"valueName\":\"search_term_string\"}}],\"inLanguage\":\"fr-FR\"}]}<\/script>\r\n<!-- \/ Yoast SEO plugin. -->","yoast_head_json":{"title":"ELGYDIUM CLINIC RECHARGE REFILL ROUGE BROSSETTES INTERDENTAIRES 3\/4MM - Paracherkaoui.ma","robots":{"index":"index","follow":"follow","max-snippet":"max-snippet:-1","max-image-preview":"max-image-preview:large","max-video-preview":"max-video-preview:-1"},"canonical":"https:\/\/paracherkaoui.ma\/index.php\/produit\/elgydium-clinic-recharge-refill-rouge-brossettes-interdentaires-3-4mm\/","og_locale":"fr_FR","og_type":"article","og_title":"ELGYDIUM CLINIC RECHARGE REFILL ROUGE BROSSETTES INTERDENTAIRES 3\/4MM - Paracherkaoui.ma","og_description":"Les recharges de brossettes interdentaires Elgydium Clinic Refill, un incontournable pour une hygi\u00e8ne bucco-dentaire impeccable. Con\u00e7ues pour faciliter le nettoyage","og_url":"https:\/\/paracherkaoui.ma\/index.php\/produit\/elgydium-clinic-recharge-refill-rouge-brossettes-interdentaires-3-4mm\/","og_site_name":"Paracherkaoui.ma","article_modified_time":"2025-12-12T18:23:33+00:00","og_image":[{"width":700,"height":700,"url":"https:\/\/paracherkaoui.ma\/wp-content\/uploads\/2025\/12\/elgydium-elgydium-clinic-recharge-refill-rouge-brossettes-interdentaires-3-4mm-brossettes-interdentaires-et-accessoires.jpg","type":"image\/jpeg"}],"twitter_card":"summary_large_image","twitter_misc":{"Dur\u00e9e de lecture estim\u00e9e":"1 minute"},"schema":{"@context":"https:\/\/schema.org","@graph":[{"@type":"WebPage","@id":"https:\/\/paracherkaoui.ma\/index.php\/produit\/elgydium-clinic-recharge-refill-rouge-brossettes-interdentaires-3-4mm\/","url":"https:\/\/paracherkaoui.ma\/index.php\/produit\/elgydium-clinic-recharge-refill-rouge-brossettes-interdentaires-3-4mm\/","name":"ELGYDIUM CLINIC RECHARGE REFILL ROUGE BROSSETTES INTERDENTAIRES 3\/4MM - Paracherkaoui.ma","isPartOf":{"@id":"https:\/\/paracherkaoui.ma\/#website"},"primaryImageOfPage":{"@id":"https:\/\/paracherkaoui.ma\/index.php\/produit\/elgydium-clinic-recharge-refill-rouge-brossettes-interdentaires-3-4mm\/#primaryimage"},"image":{"@id":"https:\/\/paracherkaoui.ma\/index.php\/produit\/elgydium-clinic-recharge-refill-rouge-brossettes-interdentaires-3-4mm\/#primaryimage"},"thumbnailUrl":"https:\/\/paracherkaoui.ma\/wp-content\/uploads\/2025\/12\/elgydium-elgydium-clinic-recharge-refill-rouge-brossettes-interdentaires-3-4mm-brossettes-interdentaires-et-accessoires.jpg","datePublished":"2025-12-12T18:23:31+00:00","dateModified":"2025-12-12T18:23:33+00:00","breadcrumb":{"@id":"https:\/\/paracherkaoui.ma\/index.php\/produit\/elgydium-clinic-recharge-refill-rouge-brossettes-interdentaires-3-4mm\/#breadcrumb"},"inLanguage":"fr-FR","potentialAction":[{"@type":"ReadAction","target":["https:\/\/paracherkaoui.ma\/index.php\/produit\/elgydium-clinic-recharge-refill-rouge-brossettes-interdentaires-3-4mm\/"]}]},{"@type":"ImageObject","inLanguage":"fr-FR","@id":"https:\/\/paracherkaoui.ma\/index.php\/produit\/elgydium-clinic-recharge-refill-rouge-brossettes-interdentaires-3-4mm\/#primaryimage","url":"https:\/\/paracherkaoui.ma\/wp-content\/uploads\/2025\/12\/elgydium-elgydium-clinic-recharge-refill-rouge-brossettes-interdentaires-3-4mm-brossettes-interdentaires-et-accessoires.jpg","contentUrl":"https:\/\/paracherkaoui.ma\/wp-content\/uploads\/2025\/12\/elgydium-elgydium-clinic-recharge-refill-rouge-brossettes-interdentaires-3-4mm-brossettes-interdentaires-et-accessoires.jpg","width":700,"height":700},{"@type":"BreadcrumbList","@id":"https:\/\/paracherkaoui.ma\/index.php\/produit\/elgydium-clinic-recharge-refill-rouge-brossettes-interdentaires-3-4mm\/#breadcrumb","itemListElement":[{"@type":"ListItem","position":1,"name":"Accueil","item":"https:\/\/paracherkaoui.ma\/"},{"@type":"ListItem","position":2,"name":"Boutique","item":"https:\/\/paracherkaoui.ma\/index.php\/boutique\/"},{"@type":"ListItem","position":3,"name":"ELGYDIUM CLINIC RECHARGE REFILL ROUGE BROSSETTES INTERDENTAIRES 3\/4MM"}]},{"@type":"WebSite","@id":"https:\/\/paracherkaoui.ma\/#website","url":"https:\/\/paracherkaoui.ma\/","name":"Paracherkaoui.ma","description":"Achetez en ligne sur Paracherkaoui.ma","potentialAction":[{"@type":"SearchAction","target":{"@type":"EntryPoint","urlTemplate":"https:\/\/paracherkaoui.ma\/?s={search_term_string}"},"query-input":{"@type":"PropertyValueSpecification","valueRequired":true,"valueName":"search_term_string"}}],"inLanguage":"fr-FR"}]}},"_links":{"self":[{"href":"https:\/\/paracherkaoui.ma\/index.php\/wp-json\/wp\/v2\/product\/46761","targetHints":{"allow":["GET"]}}],"collection":[{"href":"https:\/\/paracherkaoui.ma\/index.php\/wp-json\/wp\/v2\/product"}],"about":[{"href":"https:\/\/paracherkaoui.ma\/index.php\/wp-json\/wp\/v2\/types\/product"}],"replies":[{"embeddable":true,"href":"https:\/\/paracherkaoui.ma\/index.php\/wp-json\/wp\/v2\/comments?post=46761"}],"version-history":[{"count":1,"href":"https:\/\/paracherkaoui.ma\/index.php\/wp-json\/wp\/v2\/product\/46761\/revisions"}],"predecessor-version":[{"id":46792,"href":"https:\/\/paracherkaoui.ma\/index.php\/wp-json\/wp\/v2\/product\/46761\/revisions\/46792"}],"wp:featuredmedia":[{"embeddable":true,"href":"https:\/\/paracherkaoui.ma\/index.php\/wp-json\/wp\/v2\/media\/46791"}],"wp:attachment":[{"href":"https:\/\/paracherkaoui.ma\/index.php\/wp-json\/wp\/v2\/media?parent=46761"}],"wp:term":[{"taxonomy":"product_brand","embeddable":true,"href":"https:\/\/paracherkaoui.ma\/index.php\/wp-json\/wp\/v2\/product_brand?post=46761"},{"taxonomy":"product_cat","embeddable":true,"href":"https:\/\/paracherkaoui.ma\/index.php\/wp-json\/wp\/v2\/product_cat?post=46761"},{"taxonomy":"product_tag","embeddable":true,"href":"https:\/\/paracherkaoui.ma\/index.php\/wp-json\/wp\/v2\/product_tag?post=46761"}],"curies":[{"name":"wp","href":"https:\/\/api.w.org\/{rel}","templated":true}]}}