{"id":46607,"date":"2025-12-12T19:23:07","date_gmt":"2025-12-12T18:23:07","guid":{"rendered":"https:\/\/test.ecbeaute.com\/?post_type=product&#038;p=46607"},"modified":"2025-12-12T19:23:17","modified_gmt":"2025-12-12T18:23:17","slug":"lanaform-hydropulseur-nettoyant-dentaire-triple-action","status":"publish","type":"product","link":"https:\/\/paracherkaoui.ma\/index.php\/produit\/lanaform-hydropulseur-nettoyant-dentaire-triple-action\/","title":{"rendered":"LANAFORM HYDROPULSEUR Nettoyant dentaire Triple action"},"content":{"rendered":"<p>Disposant de 3 modes de nettoyage, l\u2019Hydrojet permet non seulement de nettoyer les espaces interdentaires en d\u00e9logeant en douceur les r\u00e9sidus alimentaires mais \u00e9galement de retirer la plaque dentaire\u00a0et les bact\u00e9ries.<br \/>\nEn outre, l\u2019hydropulseur vous permet de masser en douceur les gencives tout en soulageant les saignements.<br \/>\n3 modes sp\u00e9cifiques pour un soin adapt\u00e9<br \/>\nMou, tendre<br \/>\nAdapt\u00e9 pour un massage doux des gencives, il permet de stimuler doucement les zones \u00e0 probl\u00e8mes en dirigeant la canicule sur la zone concern\u00e9e.<br \/>\nNormal<br \/>\nDestin\u00e9 \u00e0 des soins concentr\u00e9s sur les poches parodontales, il \u00e9limine les bact\u00e9ries et la plaque dentaire.<br \/>\nImpulsion<br \/>\nPermet des soins concentr\u00e9s entre les dents pour \u00e9liminer les r\u00e9sidus et bact\u00e9ries ainsi que le tartre.<br \/>\nTechnologie sans fil et utilisation ais\u00e9e<br \/>\nGr\u00e2ce \u00e0 sa batterie rechargeable, l\u2019hydrojet assure une autonomie de 45 minutes d\u2019utilisation. Son manche ergonomique\u00a0est con\u00e7u pour \u00eatre facile \u00e0 man\u0153uvrer dans les petits espaces.<br \/>\nNettoyage en complet en seulement 1 minute<br \/>\nAvec un r\u00e9servoir de 230ml, l\u2019hydrojet permet de nettoyer votre bouche en seulement 1 minute ! Positionnez la pointe de guidage, d\u00e9placez la canule et r\u00e9p\u00e9tez l\u2019op\u00e9ration pour un nettoyage complet de votre bouche.<br \/>\nLa pointe de guidage assure un bon positionnement<br \/>\nLa pointe de guidage et la canule fine et inclinable \u00e0 360\u00b0 permettent un positionnement facile. Faites simplement glisser la pointe sur les dents pour nettoyer chaque espace interdentaire ou gencive.<\/p>\n","protected":false},"excerpt":{"rendered":"<p>Disposant de 3 modes de nettoyage, l\u2019Hydrojet permet non seulement de nettoyer les espaces interdentaires en d\u00e9logeant en douceur les<\/p>\n","protected":false},"featured_media":46662,"comment_status":"open","ping_status":"closed","template":"","meta":[],"product_brand":[843],"product_cat":[841],"product_tag":[],"class_list":{"0":"post-46607","1":"product","2":"type-product","3":"status-publish","4":"has-post-thumbnail","6":"product_brand-lanaform","7":"product_cat-brossettes-interdentaires-et-fils-dentaires","9":"first","10":"instock","11":"sale","12":"shipping-taxable","13":"purchasable","14":"product-type-simple"},"yoast_head":"<!-- This site is optimized with the Yoast SEO plugin v26.6 - https:\/\/yoast.com\/wordpress\/plugins\/seo\/ -->\r\n<title>LANAFORM HYDROPULSEUR Nettoyant dentaire Triple action - Paracherkaoui.ma<\/title>\r\n<meta name=\"robots\" content=\"index, follow, max-snippet:-1, max-image-preview:large, max-video-preview:-1\" \/>\r\n<link rel=\"canonical\" href=\"https:\/\/paracherkaoui.ma\/index.php\/produit\/lanaform-hydropulseur-nettoyant-dentaire-triple-action\/\" \/>\r\n<meta property=\"og:locale\" content=\"fr_FR\" \/>\r\n<meta property=\"og:type\" content=\"article\" \/>\r\n<meta property=\"og:title\" content=\"LANAFORM HYDROPULSEUR Nettoyant dentaire Triple action - Paracherkaoui.ma\" \/>\r\n<meta property=\"og:description\" content=\"Disposant de 3 modes de nettoyage, l\u2019Hydrojet permet non seulement de nettoyer les espaces interdentaires en d\u00e9logeant en douceur les\" \/>\r\n<meta property=\"og:url\" content=\"https:\/\/paracherkaoui.ma\/index.php\/produit\/lanaform-hydropulseur-nettoyant-dentaire-triple-action\/\" \/>\r\n<meta property=\"og:site_name\" content=\"Paracherkaoui.ma\" \/>\r\n<meta property=\"article:modified_time\" content=\"2025-12-12T18:23:17+00:00\" \/>\r\n<meta property=\"og:image\" content=\"https:\/\/paracherkaoui.ma\/wp-content\/uploads\/2025\/12\/lanaform-lanaform-hydropulseur-nettoyant-dentaire-triple-action-brossettes-interdentaires-et-fils-dentaires.jpg\" \/>\r\n\t<meta property=\"og:image:width\" content=\"700\" \/>\r\n\t<meta property=\"og:image:height\" content=\"700\" \/>\r\n\t<meta property=\"og:image:type\" content=\"image\/jpeg\" \/>\r\n<meta name=\"twitter:card\" content=\"summary_large_image\" \/>\r\n<meta name=\"twitter:label1\" content=\"Dur\u00e9e de lecture estim\u00e9e\" \/>\n\t<meta name=\"twitter:data1\" content=\"1 minute\" \/>\r\n<script type=\"application\/ld+json\" class=\"yoast-schema-graph\">{\"@context\":\"https:\/\/schema.org\",\"@graph\":[{\"@type\":\"WebPage\",\"@id\":\"https:\/\/paracherkaoui.ma\/index.php\/produit\/lanaform-hydropulseur-nettoyant-dentaire-triple-action\/\",\"url\":\"https:\/\/paracherkaoui.ma\/index.php\/produit\/lanaform-hydropulseur-nettoyant-dentaire-triple-action\/\",\"name\":\"LANAFORM HYDROPULSEUR Nettoyant dentaire Triple action - Paracherkaoui.ma\",\"isPartOf\":{\"@id\":\"https:\/\/paracherkaoui.ma\/#website\"},\"primaryImageOfPage\":{\"@id\":\"https:\/\/paracherkaoui.ma\/index.php\/produit\/lanaform-hydropulseur-nettoyant-dentaire-triple-action\/#primaryimage\"},\"image\":{\"@id\":\"https:\/\/paracherkaoui.ma\/index.php\/produit\/lanaform-hydropulseur-nettoyant-dentaire-triple-action\/#primaryimage\"},\"thumbnailUrl\":\"https:\/\/paracherkaoui.ma\/wp-content\/uploads\/2025\/12\/lanaform-lanaform-hydropulseur-nettoyant-dentaire-triple-action-brossettes-interdentaires-et-fils-dentaires.jpg\",\"datePublished\":\"2025-12-12T18:23:07+00:00\",\"dateModified\":\"2025-12-12T18:23:17+00:00\",\"breadcrumb\":{\"@id\":\"https:\/\/paracherkaoui.ma\/index.php\/produit\/lanaform-hydropulseur-nettoyant-dentaire-triple-action\/#breadcrumb\"},\"inLanguage\":\"fr-FR\",\"potentialAction\":[{\"@type\":\"ReadAction\",\"target\":[\"https:\/\/paracherkaoui.ma\/index.php\/produit\/lanaform-hydropulseur-nettoyant-dentaire-triple-action\/\"]}]},{\"@type\":\"ImageObject\",\"inLanguage\":\"fr-FR\",\"@id\":\"https:\/\/paracherkaoui.ma\/index.php\/produit\/lanaform-hydropulseur-nettoyant-dentaire-triple-action\/#primaryimage\",\"url\":\"https:\/\/paracherkaoui.ma\/wp-content\/uploads\/2025\/12\/lanaform-lanaform-hydropulseur-nettoyant-dentaire-triple-action-brossettes-interdentaires-et-fils-dentaires.jpg\",\"contentUrl\":\"https:\/\/paracherkaoui.ma\/wp-content\/uploads\/2025\/12\/lanaform-lanaform-hydropulseur-nettoyant-dentaire-triple-action-brossettes-interdentaires-et-fils-dentaires.jpg\",\"width\":700,\"height\":700},{\"@type\":\"BreadcrumbList\",\"@id\":\"https:\/\/paracherkaoui.ma\/index.php\/produit\/lanaform-hydropulseur-nettoyant-dentaire-triple-action\/#breadcrumb\",\"itemListElement\":[{\"@type\":\"ListItem\",\"position\":1,\"name\":\"Accueil\",\"item\":\"https:\/\/paracherkaoui.ma\/\"},{\"@type\":\"ListItem\",\"position\":2,\"name\":\"Boutique\",\"item\":\"https:\/\/paracherkaoui.ma\/index.php\/boutique\/\"},{\"@type\":\"ListItem\",\"position\":3,\"name\":\"LANAFORM HYDROPULSEUR Nettoyant dentaire Triple action\"}]},{\"@type\":\"WebSite\",\"@id\":\"https:\/\/paracherkaoui.ma\/#website\",\"url\":\"https:\/\/paracherkaoui.ma\/\",\"name\":\"Paracherkaoui.ma\",\"description\":\"Achetez en ligne sur Paracherkaoui.ma\",\"potentialAction\":[{\"@type\":\"SearchAction\",\"target\":{\"@type\":\"EntryPoint\",\"urlTemplate\":\"https:\/\/paracherkaoui.ma\/?s={search_term_string}\"},\"query-input\":{\"@type\":\"PropertyValueSpecification\",\"valueRequired\":true,\"valueName\":\"search_term_string\"}}],\"inLanguage\":\"fr-FR\"}]}<\/script>\r\n<!-- \/ Yoast SEO plugin. -->","yoast_head_json":{"title":"LANAFORM HYDROPULSEUR Nettoyant dentaire Triple action - Paracherkaoui.ma","robots":{"index":"index","follow":"follow","max-snippet":"max-snippet:-1","max-image-preview":"max-image-preview:large","max-video-preview":"max-video-preview:-1"},"canonical":"https:\/\/paracherkaoui.ma\/index.php\/produit\/lanaform-hydropulseur-nettoyant-dentaire-triple-action\/","og_locale":"fr_FR","og_type":"article","og_title":"LANAFORM HYDROPULSEUR Nettoyant dentaire Triple action - Paracherkaoui.ma","og_description":"Disposant de 3 modes de nettoyage, l\u2019Hydrojet permet non seulement de nettoyer les espaces interdentaires en d\u00e9logeant en douceur les","og_url":"https:\/\/paracherkaoui.ma\/index.php\/produit\/lanaform-hydropulseur-nettoyant-dentaire-triple-action\/","og_site_name":"Paracherkaoui.ma","article_modified_time":"2025-12-12T18:23:17+00:00","og_image":[{"width":700,"height":700,"url":"https:\/\/paracherkaoui.ma\/wp-content\/uploads\/2025\/12\/lanaform-lanaform-hydropulseur-nettoyant-dentaire-triple-action-brossettes-interdentaires-et-fils-dentaires.jpg","type":"image\/jpeg"}],"twitter_card":"summary_large_image","twitter_misc":{"Dur\u00e9e de lecture estim\u00e9e":"1 minute"},"schema":{"@context":"https:\/\/schema.org","@graph":[{"@type":"WebPage","@id":"https:\/\/paracherkaoui.ma\/index.php\/produit\/lanaform-hydropulseur-nettoyant-dentaire-triple-action\/","url":"https:\/\/paracherkaoui.ma\/index.php\/produit\/lanaform-hydropulseur-nettoyant-dentaire-triple-action\/","name":"LANAFORM HYDROPULSEUR Nettoyant dentaire Triple action - Paracherkaoui.ma","isPartOf":{"@id":"https:\/\/paracherkaoui.ma\/#website"},"primaryImageOfPage":{"@id":"https:\/\/paracherkaoui.ma\/index.php\/produit\/lanaform-hydropulseur-nettoyant-dentaire-triple-action\/#primaryimage"},"image":{"@id":"https:\/\/paracherkaoui.ma\/index.php\/produit\/lanaform-hydropulseur-nettoyant-dentaire-triple-action\/#primaryimage"},"thumbnailUrl":"https:\/\/paracherkaoui.ma\/wp-content\/uploads\/2025\/12\/lanaform-lanaform-hydropulseur-nettoyant-dentaire-triple-action-brossettes-interdentaires-et-fils-dentaires.jpg","datePublished":"2025-12-12T18:23:07+00:00","dateModified":"2025-12-12T18:23:17+00:00","breadcrumb":{"@id":"https:\/\/paracherkaoui.ma\/index.php\/produit\/lanaform-hydropulseur-nettoyant-dentaire-triple-action\/#breadcrumb"},"inLanguage":"fr-FR","potentialAction":[{"@type":"ReadAction","target":["https:\/\/paracherkaoui.ma\/index.php\/produit\/lanaform-hydropulseur-nettoyant-dentaire-triple-action\/"]}]},{"@type":"ImageObject","inLanguage":"fr-FR","@id":"https:\/\/paracherkaoui.ma\/index.php\/produit\/lanaform-hydropulseur-nettoyant-dentaire-triple-action\/#primaryimage","url":"https:\/\/paracherkaoui.ma\/wp-content\/uploads\/2025\/12\/lanaform-lanaform-hydropulseur-nettoyant-dentaire-triple-action-brossettes-interdentaires-et-fils-dentaires.jpg","contentUrl":"https:\/\/paracherkaoui.ma\/wp-content\/uploads\/2025\/12\/lanaform-lanaform-hydropulseur-nettoyant-dentaire-triple-action-brossettes-interdentaires-et-fils-dentaires.jpg","width":700,"height":700},{"@type":"BreadcrumbList","@id":"https:\/\/paracherkaoui.ma\/index.php\/produit\/lanaform-hydropulseur-nettoyant-dentaire-triple-action\/#breadcrumb","itemListElement":[{"@type":"ListItem","position":1,"name":"Accueil","item":"https:\/\/paracherkaoui.ma\/"},{"@type":"ListItem","position":2,"name":"Boutique","item":"https:\/\/paracherkaoui.ma\/index.php\/boutique\/"},{"@type":"ListItem","position":3,"name":"LANAFORM HYDROPULSEUR Nettoyant dentaire Triple action"}]},{"@type":"WebSite","@id":"https:\/\/paracherkaoui.ma\/#website","url":"https:\/\/paracherkaoui.ma\/","name":"Paracherkaoui.ma","description":"Achetez en ligne sur Paracherkaoui.ma","potentialAction":[{"@type":"SearchAction","target":{"@type":"EntryPoint","urlTemplate":"https:\/\/paracherkaoui.ma\/?s={search_term_string}"},"query-input":{"@type":"PropertyValueSpecification","valueRequired":true,"valueName":"search_term_string"}}],"inLanguage":"fr-FR"}]}},"_links":{"self":[{"href":"https:\/\/paracherkaoui.ma\/index.php\/wp-json\/wp\/v2\/product\/46607","targetHints":{"allow":["GET"]}}],"collection":[{"href":"https:\/\/paracherkaoui.ma\/index.php\/wp-json\/wp\/v2\/product"}],"about":[{"href":"https:\/\/paracherkaoui.ma\/index.php\/wp-json\/wp\/v2\/types\/product"}],"replies":[{"embeddable":true,"href":"https:\/\/paracherkaoui.ma\/index.php\/wp-json\/wp\/v2\/comments?post=46607"}],"version-history":[{"count":1,"href":"https:\/\/paracherkaoui.ma\/index.php\/wp-json\/wp\/v2\/product\/46607\/revisions"}],"predecessor-version":[{"id":46663,"href":"https:\/\/paracherkaoui.ma\/index.php\/wp-json\/wp\/v2\/product\/46607\/revisions\/46663"}],"wp:featuredmedia":[{"embeddable":true,"href":"https:\/\/paracherkaoui.ma\/index.php\/wp-json\/wp\/v2\/media\/46662"}],"wp:attachment":[{"href":"https:\/\/paracherkaoui.ma\/index.php\/wp-json\/wp\/v2\/media?parent=46607"}],"wp:term":[{"taxonomy":"product_brand","embeddable":true,"href":"https:\/\/paracherkaoui.ma\/index.php\/wp-json\/wp\/v2\/product_brand?post=46607"},{"taxonomy":"product_cat","embeddable":true,"href":"https:\/\/paracherkaoui.ma\/index.php\/wp-json\/wp\/v2\/product_cat?post=46607"},{"taxonomy":"product_tag","embeddable":true,"href":"https:\/\/paracherkaoui.ma\/index.php\/wp-json\/wp\/v2\/product_tag?post=46607"}],"curies":[{"name":"wp","href":"https:\/\/api.w.org\/{rel}","templated":true}]}}