{"id":46347,"date":"2025-12-12T19:17:44","date_gmt":"2025-12-12T18:17:44","guid":{"rendered":"https:\/\/test.ecbeaute.com\/?post_type=product&#038;p=46347"},"modified":"2025-12-12T19:17:46","modified_gmt":"2025-12-12T18:17:46","slug":"oral-b-recharges-pour-brosse-electrique-precision-clean-eb-20-2","status":"publish","type":"product","link":"https:\/\/paracherkaoui.ma\/index.php\/produit\/oral-b-recharges-pour-brosse-electrique-precision-clean-eb-20-2\/","title":{"rendered":"ORAL B RECHARGES POUR BROSSE ELECTRIQUE PRECISION CLEAN EB 20-2"},"content":{"rendered":"<p>Pour utiliser une brosse \u00e0 dents \u00e9lectrique rechargeable, il suffit de mettre le dentifrice sur la brossette et de tenir la brosse inclin\u00e9e \u00e0 45\u00b0, comme vous le feriez s\u2019il s\u2019agissait d\u2019une brosse \u00e0 dents manuelle. Ensuite, mettez la brosse \u00e0 dents \u00e9lectrique rechargeable en marche et d\u00e9placez-la d\u2019une dent \u00e0 l\u2019autre. Les petites brossettes des brosses \u00e0 dents \u00e9lectriques rechargeables brossent normalement une dent \u00e0 la fois, selon la taille de vos dents. Guidez la brosse \u00e0 dents \u00e9lectrique le long des surfaces externes, puis internes et enfin sur les surfaces de mastication de vos dents. M\u00eame avec une brosse \u00e0 dents \u00e9lectrique rechargeable, vous devez vous brosser les dents pendant environ deux minutes pour veiller \u00e0 nettoyer chaque dent. Une fois le brossage termin\u00e9, rincez tout simplement la brossette \u00e0 l\u2019eau et laissez-la s\u00e9cher.<\/p>\n","protected":false},"excerpt":{"rendered":"<p>Pour utiliser une brosse \u00e0 dents \u00e9lectrique rechargeable, il suffit de mettre le dentifrice sur la brossette et de tenir<\/p>\n","protected":false},"featured_media":46378,"comment_status":"open","ping_status":"closed","template":"","meta":[],"product_brand":[823],"product_cat":[834],"product_tag":[],"class_list":{"0":"post-46347","1":"product","2":"type-product","3":"status-publish","4":"has-post-thumbnail","6":"product_brand-oral-b","7":"product_cat-brosses-a-dents-adultes","9":"first","10":"instock","11":"sale","12":"shipping-taxable","13":"purchasable","14":"product-type-simple"},"yoast_head":"<!-- This site is optimized with the Yoast SEO plugin v26.6 - https:\/\/yoast.com\/wordpress\/plugins\/seo\/ -->\r\n<title>ORAL B RECHARGES POUR BROSSE ELECTRIQUE PRECISION CLEAN EB 20-2 - Paracherkaoui.ma<\/title>\r\n<meta name=\"robots\" content=\"index, follow, max-snippet:-1, max-image-preview:large, max-video-preview:-1\" \/>\r\n<link rel=\"canonical\" href=\"https:\/\/paracherkaoui.ma\/index.php\/produit\/oral-b-recharges-pour-brosse-electrique-precision-clean-eb-20-2\/\" \/>\r\n<meta property=\"og:locale\" content=\"fr_FR\" \/>\r\n<meta property=\"og:type\" content=\"article\" \/>\r\n<meta property=\"og:title\" content=\"ORAL B RECHARGES POUR BROSSE ELECTRIQUE PRECISION CLEAN EB 20-2 - Paracherkaoui.ma\" \/>\r\n<meta property=\"og:description\" content=\"Pour utiliser une brosse \u00e0 dents \u00e9lectrique rechargeable, il suffit de mettre le dentifrice sur la brossette et de tenir\" \/>\r\n<meta property=\"og:url\" content=\"https:\/\/paracherkaoui.ma\/index.php\/produit\/oral-b-recharges-pour-brosse-electrique-precision-clean-eb-20-2\/\" \/>\r\n<meta property=\"og:site_name\" content=\"Paracherkaoui.ma\" \/>\r\n<meta property=\"article:modified_time\" content=\"2025-12-12T18:17:46+00:00\" \/>\r\n<meta property=\"og:image\" content=\"https:\/\/paracherkaoui.ma\/wp-content\/uploads\/2025\/12\/oral-b-recharges-pour-brosse-electrique-precision-clean-eb-20-2.jpg\" \/>\r\n\t<meta property=\"og:image:width\" content=\"700\" \/>\r\n\t<meta property=\"og:image:height\" content=\"700\" \/>\r\n\t<meta property=\"og:image:type\" content=\"image\/jpeg\" \/>\r\n<meta name=\"twitter:card\" content=\"summary_large_image\" \/>\r\n<meta name=\"twitter:label1\" content=\"Dur\u00e9e de lecture estim\u00e9e\" \/>\n\t<meta name=\"twitter:data1\" content=\"1 minute\" \/>\r\n<script type=\"application\/ld+json\" class=\"yoast-schema-graph\">{\"@context\":\"https:\/\/schema.org\",\"@graph\":[{\"@type\":\"WebPage\",\"@id\":\"https:\/\/paracherkaoui.ma\/index.php\/produit\/oral-b-recharges-pour-brosse-electrique-precision-clean-eb-20-2\/\",\"url\":\"https:\/\/paracherkaoui.ma\/index.php\/produit\/oral-b-recharges-pour-brosse-electrique-precision-clean-eb-20-2\/\",\"name\":\"ORAL B RECHARGES POUR BROSSE ELECTRIQUE PRECISION CLEAN EB 20-2 - Paracherkaoui.ma\",\"isPartOf\":{\"@id\":\"https:\/\/paracherkaoui.ma\/#website\"},\"primaryImageOfPage\":{\"@id\":\"https:\/\/paracherkaoui.ma\/index.php\/produit\/oral-b-recharges-pour-brosse-electrique-precision-clean-eb-20-2\/#primaryimage\"},\"image\":{\"@id\":\"https:\/\/paracherkaoui.ma\/index.php\/produit\/oral-b-recharges-pour-brosse-electrique-precision-clean-eb-20-2\/#primaryimage\"},\"thumbnailUrl\":\"https:\/\/paracherkaoui.ma\/wp-content\/uploads\/2025\/12\/oral-b-recharges-pour-brosse-electrique-precision-clean-eb-20-2.jpg\",\"datePublished\":\"2025-12-12T18:17:44+00:00\",\"dateModified\":\"2025-12-12T18:17:46+00:00\",\"breadcrumb\":{\"@id\":\"https:\/\/paracherkaoui.ma\/index.php\/produit\/oral-b-recharges-pour-brosse-electrique-precision-clean-eb-20-2\/#breadcrumb\"},\"inLanguage\":\"fr-FR\",\"potentialAction\":[{\"@type\":\"ReadAction\",\"target\":[\"https:\/\/paracherkaoui.ma\/index.php\/produit\/oral-b-recharges-pour-brosse-electrique-precision-clean-eb-20-2\/\"]}]},{\"@type\":\"ImageObject\",\"inLanguage\":\"fr-FR\",\"@id\":\"https:\/\/paracherkaoui.ma\/index.php\/produit\/oral-b-recharges-pour-brosse-electrique-precision-clean-eb-20-2\/#primaryimage\",\"url\":\"https:\/\/paracherkaoui.ma\/wp-content\/uploads\/2025\/12\/oral-b-recharges-pour-brosse-electrique-precision-clean-eb-20-2.jpg\",\"contentUrl\":\"https:\/\/paracherkaoui.ma\/wp-content\/uploads\/2025\/12\/oral-b-recharges-pour-brosse-electrique-precision-clean-eb-20-2.jpg\",\"width\":700,\"height\":700},{\"@type\":\"BreadcrumbList\",\"@id\":\"https:\/\/paracherkaoui.ma\/index.php\/produit\/oral-b-recharges-pour-brosse-electrique-precision-clean-eb-20-2\/#breadcrumb\",\"itemListElement\":[{\"@type\":\"ListItem\",\"position\":1,\"name\":\"Accueil\",\"item\":\"https:\/\/paracherkaoui.ma\/\"},{\"@type\":\"ListItem\",\"position\":2,\"name\":\"Boutique\",\"item\":\"https:\/\/paracherkaoui.ma\/index.php\/boutique\/\"},{\"@type\":\"ListItem\",\"position\":3,\"name\":\"ORAL B RECHARGES POUR BROSSE ELECTRIQUE PRECISION CLEAN EB 20-2\"}]},{\"@type\":\"WebSite\",\"@id\":\"https:\/\/paracherkaoui.ma\/#website\",\"url\":\"https:\/\/paracherkaoui.ma\/\",\"name\":\"Paracherkaoui.ma\",\"description\":\"Achetez en ligne sur Paracherkaoui.ma\",\"potentialAction\":[{\"@type\":\"SearchAction\",\"target\":{\"@type\":\"EntryPoint\",\"urlTemplate\":\"https:\/\/paracherkaoui.ma\/?s={search_term_string}\"},\"query-input\":{\"@type\":\"PropertyValueSpecification\",\"valueRequired\":true,\"valueName\":\"search_term_string\"}}],\"inLanguage\":\"fr-FR\"}]}<\/script>\r\n<!-- \/ Yoast SEO plugin. -->","yoast_head_json":{"title":"ORAL B RECHARGES POUR BROSSE ELECTRIQUE PRECISION CLEAN EB 20-2 - Paracherkaoui.ma","robots":{"index":"index","follow":"follow","max-snippet":"max-snippet:-1","max-image-preview":"max-image-preview:large","max-video-preview":"max-video-preview:-1"},"canonical":"https:\/\/paracherkaoui.ma\/index.php\/produit\/oral-b-recharges-pour-brosse-electrique-precision-clean-eb-20-2\/","og_locale":"fr_FR","og_type":"article","og_title":"ORAL B RECHARGES POUR BROSSE ELECTRIQUE PRECISION CLEAN EB 20-2 - Paracherkaoui.ma","og_description":"Pour utiliser une brosse \u00e0 dents \u00e9lectrique rechargeable, il suffit de mettre le dentifrice sur la brossette et de tenir","og_url":"https:\/\/paracherkaoui.ma\/index.php\/produit\/oral-b-recharges-pour-brosse-electrique-precision-clean-eb-20-2\/","og_site_name":"Paracherkaoui.ma","article_modified_time":"2025-12-12T18:17:46+00:00","og_image":[{"width":700,"height":700,"url":"https:\/\/paracherkaoui.ma\/wp-content\/uploads\/2025\/12\/oral-b-recharges-pour-brosse-electrique-precision-clean-eb-20-2.jpg","type":"image\/jpeg"}],"twitter_card":"summary_large_image","twitter_misc":{"Dur\u00e9e de lecture estim\u00e9e":"1 minute"},"schema":{"@context":"https:\/\/schema.org","@graph":[{"@type":"WebPage","@id":"https:\/\/paracherkaoui.ma\/index.php\/produit\/oral-b-recharges-pour-brosse-electrique-precision-clean-eb-20-2\/","url":"https:\/\/paracherkaoui.ma\/index.php\/produit\/oral-b-recharges-pour-brosse-electrique-precision-clean-eb-20-2\/","name":"ORAL B RECHARGES POUR BROSSE ELECTRIQUE PRECISION CLEAN EB 20-2 - Paracherkaoui.ma","isPartOf":{"@id":"https:\/\/paracherkaoui.ma\/#website"},"primaryImageOfPage":{"@id":"https:\/\/paracherkaoui.ma\/index.php\/produit\/oral-b-recharges-pour-brosse-electrique-precision-clean-eb-20-2\/#primaryimage"},"image":{"@id":"https:\/\/paracherkaoui.ma\/index.php\/produit\/oral-b-recharges-pour-brosse-electrique-precision-clean-eb-20-2\/#primaryimage"},"thumbnailUrl":"https:\/\/paracherkaoui.ma\/wp-content\/uploads\/2025\/12\/oral-b-recharges-pour-brosse-electrique-precision-clean-eb-20-2.jpg","datePublished":"2025-12-12T18:17:44+00:00","dateModified":"2025-12-12T18:17:46+00:00","breadcrumb":{"@id":"https:\/\/paracherkaoui.ma\/index.php\/produit\/oral-b-recharges-pour-brosse-electrique-precision-clean-eb-20-2\/#breadcrumb"},"inLanguage":"fr-FR","potentialAction":[{"@type":"ReadAction","target":["https:\/\/paracherkaoui.ma\/index.php\/produit\/oral-b-recharges-pour-brosse-electrique-precision-clean-eb-20-2\/"]}]},{"@type":"ImageObject","inLanguage":"fr-FR","@id":"https:\/\/paracherkaoui.ma\/index.php\/produit\/oral-b-recharges-pour-brosse-electrique-precision-clean-eb-20-2\/#primaryimage","url":"https:\/\/paracherkaoui.ma\/wp-content\/uploads\/2025\/12\/oral-b-recharges-pour-brosse-electrique-precision-clean-eb-20-2.jpg","contentUrl":"https:\/\/paracherkaoui.ma\/wp-content\/uploads\/2025\/12\/oral-b-recharges-pour-brosse-electrique-precision-clean-eb-20-2.jpg","width":700,"height":700},{"@type":"BreadcrumbList","@id":"https:\/\/paracherkaoui.ma\/index.php\/produit\/oral-b-recharges-pour-brosse-electrique-precision-clean-eb-20-2\/#breadcrumb","itemListElement":[{"@type":"ListItem","position":1,"name":"Accueil","item":"https:\/\/paracherkaoui.ma\/"},{"@type":"ListItem","position":2,"name":"Boutique","item":"https:\/\/paracherkaoui.ma\/index.php\/boutique\/"},{"@type":"ListItem","position":3,"name":"ORAL B RECHARGES POUR BROSSE ELECTRIQUE PRECISION CLEAN EB 20-2"}]},{"@type":"WebSite","@id":"https:\/\/paracherkaoui.ma\/#website","url":"https:\/\/paracherkaoui.ma\/","name":"Paracherkaoui.ma","description":"Achetez en ligne sur Paracherkaoui.ma","potentialAction":[{"@type":"SearchAction","target":{"@type":"EntryPoint","urlTemplate":"https:\/\/paracherkaoui.ma\/?s={search_term_string}"},"query-input":{"@type":"PropertyValueSpecification","valueRequired":true,"valueName":"search_term_string"}}],"inLanguage":"fr-FR"}]}},"_links":{"self":[{"href":"https:\/\/paracherkaoui.ma\/index.php\/wp-json\/wp\/v2\/product\/46347","targetHints":{"allow":["GET"]}}],"collection":[{"href":"https:\/\/paracherkaoui.ma\/index.php\/wp-json\/wp\/v2\/product"}],"about":[{"href":"https:\/\/paracherkaoui.ma\/index.php\/wp-json\/wp\/v2\/types\/product"}],"replies":[{"embeddable":true,"href":"https:\/\/paracherkaoui.ma\/index.php\/wp-json\/wp\/v2\/comments?post=46347"}],"version-history":[{"count":1,"href":"https:\/\/paracherkaoui.ma\/index.php\/wp-json\/wp\/v2\/product\/46347\/revisions"}],"predecessor-version":[{"id":46379,"href":"https:\/\/paracherkaoui.ma\/index.php\/wp-json\/wp\/v2\/product\/46347\/revisions\/46379"}],"wp:featuredmedia":[{"embeddable":true,"href":"https:\/\/paracherkaoui.ma\/index.php\/wp-json\/wp\/v2\/media\/46378"}],"wp:attachment":[{"href":"https:\/\/paracherkaoui.ma\/index.php\/wp-json\/wp\/v2\/media?parent=46347"}],"wp:term":[{"taxonomy":"product_brand","embeddable":true,"href":"https:\/\/paracherkaoui.ma\/index.php\/wp-json\/wp\/v2\/product_brand?post=46347"},{"taxonomy":"product_cat","embeddable":true,"href":"https:\/\/paracherkaoui.ma\/index.php\/wp-json\/wp\/v2\/product_cat?post=46347"},{"taxonomy":"product_tag","embeddable":true,"href":"https:\/\/paracherkaoui.ma\/index.php\/wp-json\/wp\/v2\/product_tag?post=46347"}],"curies":[{"name":"wp","href":"https:\/\/api.w.org\/{rel}","templated":true}]}}