{"id":45843,"date":"2025-12-12T19:16:29","date_gmt":"2025-12-12T18:16:29","guid":{"rendered":"https:\/\/test.ecbeaute.com\/?post_type=product&#038;p=45843"},"modified":"2025-12-12T19:16:32","modified_gmt":"2025-12-12T18:16:32","slug":"gum-classic-brosse-a-dents-souple-xs","status":"publish","type":"product","link":"https:\/\/paracherkaoui.ma\/index.php\/produit\/gum-classic-brosse-a-dents-souple-xs\/","title":{"rendered":"GUM CLASSIC BROSSE A DENTS SOUPLE XS"},"content":{"rendered":"<p>Con\u00e7ue pour les gencives sensibles et les personnes recherchant un brossage doux mais efficace, cette brosse \u00e0 dents est un alli\u00e9 pr\u00e9cieux pour une hygi\u00e8ne bucco-dentaire impeccable. Imaginez une sensation de propret\u00e9 et de fra\u00eecheur apr\u00e8s chaque brossage, sans irritation ni inconfort, gr\u00e2ce \u00e0 des brins souples et une conception pens\u00e9e pour le respect des gencives.<br \/>\nLa GUM CLASSIC SOUPLE XS est une version extra-souple de la gamme Classic, id\u00e9ale pour les personnes ayant des gencives d\u00e9licates, sujettes aux saignements ou aux irritations. Ses brins souples permettent un nettoyage en douceur, tout en \u00e9liminant efficacement la plaque dentaire, principale cause des caries et des probl\u00e8mes de gencives. Cette action douce pr\u00e9serve \u00e9galement l&rsquo;\u00e9mail des dents, \u00e9vitant ainsi l&rsquo;usure pr\u00e9matur\u00e9e.<br \/>\nConseils d&rsquo;utilisation :<br \/>\nBrossez-vous les dents au moins deux fois par jour, pendant deux minutes \u00e0 chaque fois, de pr\u00e9f\u00e9rence apr\u00e8s les repas<\/p>\n","protected":false},"excerpt":{"rendered":"<p>Con\u00e7ue pour les gencives sensibles et les personnes recherchant un brossage doux mais efficace, cette brosse \u00e0 dents est un<\/p>\n","protected":false},"featured_media":45869,"comment_status":"open","ping_status":"closed","template":"","meta":[],"product_brand":[800],"product_cat":[834],"product_tag":[],"class_list":{"0":"post-45843","1":"product","2":"type-product","3":"status-publish","4":"has-post-thumbnail","6":"product_brand-gum","7":"product_cat-brosses-a-dents-adultes","9":"first","10":"instock","11":"sale","12":"shipping-taxable","13":"purchasable","14":"product-type-simple"},"yoast_head":"<!-- This site is optimized with the Yoast SEO plugin v26.6 - https:\/\/yoast.com\/wordpress\/plugins\/seo\/ -->\r\n<title>GUM CLASSIC BROSSE A DENTS SOUPLE XS - Paracherkaoui.ma<\/title>\r\n<meta name=\"robots\" content=\"index, follow, max-snippet:-1, max-image-preview:large, max-video-preview:-1\" \/>\r\n<link rel=\"canonical\" href=\"https:\/\/paracherkaoui.ma\/index.php\/produit\/gum-classic-brosse-a-dents-souple-xs\/\" \/>\r\n<meta property=\"og:locale\" content=\"fr_FR\" \/>\r\n<meta property=\"og:type\" content=\"article\" \/>\r\n<meta property=\"og:title\" content=\"GUM CLASSIC BROSSE A DENTS SOUPLE XS - Paracherkaoui.ma\" \/>\r\n<meta property=\"og:description\" content=\"Con\u00e7ue pour les gencives sensibles et les personnes recherchant un brossage doux mais efficace, cette brosse \u00e0 dents est un\" \/>\r\n<meta property=\"og:url\" content=\"https:\/\/paracherkaoui.ma\/index.php\/produit\/gum-classic-brosse-a-dents-souple-xs\/\" \/>\r\n<meta property=\"og:site_name\" content=\"Paracherkaoui.ma\" \/>\r\n<meta property=\"article:modified_time\" content=\"2025-12-12T18:16:32+00:00\" \/>\r\n<meta property=\"og:image\" content=\"https:\/\/paracherkaoui.ma\/wp-content\/uploads\/2025\/12\/gum-classic-brosse-a-dents-souple-xs.jpg\" \/>\r\n\t<meta property=\"og:image:width\" content=\"700\" \/>\r\n\t<meta property=\"og:image:height\" content=\"700\" \/>\r\n\t<meta property=\"og:image:type\" content=\"image\/jpeg\" \/>\r\n<meta name=\"twitter:card\" content=\"summary_large_image\" \/>\r\n<meta name=\"twitter:label1\" content=\"Dur\u00e9e de lecture estim\u00e9e\" \/>\n\t<meta name=\"twitter:data1\" content=\"1 minute\" \/>\r\n<script type=\"application\/ld+json\" class=\"yoast-schema-graph\">{\"@context\":\"https:\/\/schema.org\",\"@graph\":[{\"@type\":\"WebPage\",\"@id\":\"https:\/\/paracherkaoui.ma\/index.php\/produit\/gum-classic-brosse-a-dents-souple-xs\/\",\"url\":\"https:\/\/paracherkaoui.ma\/index.php\/produit\/gum-classic-brosse-a-dents-souple-xs\/\",\"name\":\"GUM CLASSIC BROSSE A DENTS SOUPLE XS - Paracherkaoui.ma\",\"isPartOf\":{\"@id\":\"https:\/\/paracherkaoui.ma\/#website\"},\"primaryImageOfPage\":{\"@id\":\"https:\/\/paracherkaoui.ma\/index.php\/produit\/gum-classic-brosse-a-dents-souple-xs\/#primaryimage\"},\"image\":{\"@id\":\"https:\/\/paracherkaoui.ma\/index.php\/produit\/gum-classic-brosse-a-dents-souple-xs\/#primaryimage\"},\"thumbnailUrl\":\"https:\/\/paracherkaoui.ma\/wp-content\/uploads\/2025\/12\/gum-classic-brosse-a-dents-souple-xs.jpg\",\"datePublished\":\"2025-12-12T18:16:29+00:00\",\"dateModified\":\"2025-12-12T18:16:32+00:00\",\"breadcrumb\":{\"@id\":\"https:\/\/paracherkaoui.ma\/index.php\/produit\/gum-classic-brosse-a-dents-souple-xs\/#breadcrumb\"},\"inLanguage\":\"fr-FR\",\"potentialAction\":[{\"@type\":\"ReadAction\",\"target\":[\"https:\/\/paracherkaoui.ma\/index.php\/produit\/gum-classic-brosse-a-dents-souple-xs\/\"]}]},{\"@type\":\"ImageObject\",\"inLanguage\":\"fr-FR\",\"@id\":\"https:\/\/paracherkaoui.ma\/index.php\/produit\/gum-classic-brosse-a-dents-souple-xs\/#primaryimage\",\"url\":\"https:\/\/paracherkaoui.ma\/wp-content\/uploads\/2025\/12\/gum-classic-brosse-a-dents-souple-xs.jpg\",\"contentUrl\":\"https:\/\/paracherkaoui.ma\/wp-content\/uploads\/2025\/12\/gum-classic-brosse-a-dents-souple-xs.jpg\",\"width\":700,\"height\":700},{\"@type\":\"BreadcrumbList\",\"@id\":\"https:\/\/paracherkaoui.ma\/index.php\/produit\/gum-classic-brosse-a-dents-souple-xs\/#breadcrumb\",\"itemListElement\":[{\"@type\":\"ListItem\",\"position\":1,\"name\":\"Accueil\",\"item\":\"https:\/\/paracherkaoui.ma\/\"},{\"@type\":\"ListItem\",\"position\":2,\"name\":\"Boutique\",\"item\":\"https:\/\/paracherkaoui.ma\/index.php\/boutique\/\"},{\"@type\":\"ListItem\",\"position\":3,\"name\":\"GUM CLASSIC BROSSE A DENTS SOUPLE XS\"}]},{\"@type\":\"WebSite\",\"@id\":\"https:\/\/paracherkaoui.ma\/#website\",\"url\":\"https:\/\/paracherkaoui.ma\/\",\"name\":\"Paracherkaoui.ma\",\"description\":\"Achetez en ligne sur Paracherkaoui.ma\",\"potentialAction\":[{\"@type\":\"SearchAction\",\"target\":{\"@type\":\"EntryPoint\",\"urlTemplate\":\"https:\/\/paracherkaoui.ma\/?s={search_term_string}\"},\"query-input\":{\"@type\":\"PropertyValueSpecification\",\"valueRequired\":true,\"valueName\":\"search_term_string\"}}],\"inLanguage\":\"fr-FR\"}]}<\/script>\r\n<!-- \/ Yoast SEO plugin. -->","yoast_head_json":{"title":"GUM CLASSIC BROSSE A DENTS SOUPLE XS - Paracherkaoui.ma","robots":{"index":"index","follow":"follow","max-snippet":"max-snippet:-1","max-image-preview":"max-image-preview:large","max-video-preview":"max-video-preview:-1"},"canonical":"https:\/\/paracherkaoui.ma\/index.php\/produit\/gum-classic-brosse-a-dents-souple-xs\/","og_locale":"fr_FR","og_type":"article","og_title":"GUM CLASSIC BROSSE A DENTS SOUPLE XS - Paracherkaoui.ma","og_description":"Con\u00e7ue pour les gencives sensibles et les personnes recherchant un brossage doux mais efficace, cette brosse \u00e0 dents est un","og_url":"https:\/\/paracherkaoui.ma\/index.php\/produit\/gum-classic-brosse-a-dents-souple-xs\/","og_site_name":"Paracherkaoui.ma","article_modified_time":"2025-12-12T18:16:32+00:00","og_image":[{"width":700,"height":700,"url":"https:\/\/paracherkaoui.ma\/wp-content\/uploads\/2025\/12\/gum-classic-brosse-a-dents-souple-xs.jpg","type":"image\/jpeg"}],"twitter_card":"summary_large_image","twitter_misc":{"Dur\u00e9e de lecture estim\u00e9e":"1 minute"},"schema":{"@context":"https:\/\/schema.org","@graph":[{"@type":"WebPage","@id":"https:\/\/paracherkaoui.ma\/index.php\/produit\/gum-classic-brosse-a-dents-souple-xs\/","url":"https:\/\/paracherkaoui.ma\/index.php\/produit\/gum-classic-brosse-a-dents-souple-xs\/","name":"GUM CLASSIC BROSSE A DENTS SOUPLE XS - Paracherkaoui.ma","isPartOf":{"@id":"https:\/\/paracherkaoui.ma\/#website"},"primaryImageOfPage":{"@id":"https:\/\/paracherkaoui.ma\/index.php\/produit\/gum-classic-brosse-a-dents-souple-xs\/#primaryimage"},"image":{"@id":"https:\/\/paracherkaoui.ma\/index.php\/produit\/gum-classic-brosse-a-dents-souple-xs\/#primaryimage"},"thumbnailUrl":"https:\/\/paracherkaoui.ma\/wp-content\/uploads\/2025\/12\/gum-classic-brosse-a-dents-souple-xs.jpg","datePublished":"2025-12-12T18:16:29+00:00","dateModified":"2025-12-12T18:16:32+00:00","breadcrumb":{"@id":"https:\/\/paracherkaoui.ma\/index.php\/produit\/gum-classic-brosse-a-dents-souple-xs\/#breadcrumb"},"inLanguage":"fr-FR","potentialAction":[{"@type":"ReadAction","target":["https:\/\/paracherkaoui.ma\/index.php\/produit\/gum-classic-brosse-a-dents-souple-xs\/"]}]},{"@type":"ImageObject","inLanguage":"fr-FR","@id":"https:\/\/paracherkaoui.ma\/index.php\/produit\/gum-classic-brosse-a-dents-souple-xs\/#primaryimage","url":"https:\/\/paracherkaoui.ma\/wp-content\/uploads\/2025\/12\/gum-classic-brosse-a-dents-souple-xs.jpg","contentUrl":"https:\/\/paracherkaoui.ma\/wp-content\/uploads\/2025\/12\/gum-classic-brosse-a-dents-souple-xs.jpg","width":700,"height":700},{"@type":"BreadcrumbList","@id":"https:\/\/paracherkaoui.ma\/index.php\/produit\/gum-classic-brosse-a-dents-souple-xs\/#breadcrumb","itemListElement":[{"@type":"ListItem","position":1,"name":"Accueil","item":"https:\/\/paracherkaoui.ma\/"},{"@type":"ListItem","position":2,"name":"Boutique","item":"https:\/\/paracherkaoui.ma\/index.php\/boutique\/"},{"@type":"ListItem","position":3,"name":"GUM CLASSIC BROSSE A DENTS SOUPLE XS"}]},{"@type":"WebSite","@id":"https:\/\/paracherkaoui.ma\/#website","url":"https:\/\/paracherkaoui.ma\/","name":"Paracherkaoui.ma","description":"Achetez en ligne sur Paracherkaoui.ma","potentialAction":[{"@type":"SearchAction","target":{"@type":"EntryPoint","urlTemplate":"https:\/\/paracherkaoui.ma\/?s={search_term_string}"},"query-input":{"@type":"PropertyValueSpecification","valueRequired":true,"valueName":"search_term_string"}}],"inLanguage":"fr-FR"}]}},"_links":{"self":[{"href":"https:\/\/paracherkaoui.ma\/index.php\/wp-json\/wp\/v2\/product\/45843","targetHints":{"allow":["GET"]}}],"collection":[{"href":"https:\/\/paracherkaoui.ma\/index.php\/wp-json\/wp\/v2\/product"}],"about":[{"href":"https:\/\/paracherkaoui.ma\/index.php\/wp-json\/wp\/v2\/types\/product"}],"replies":[{"embeddable":true,"href":"https:\/\/paracherkaoui.ma\/index.php\/wp-json\/wp\/v2\/comments?post=45843"}],"version-history":[{"count":1,"href":"https:\/\/paracherkaoui.ma\/index.php\/wp-json\/wp\/v2\/product\/45843\/revisions"}],"predecessor-version":[{"id":45870,"href":"https:\/\/paracherkaoui.ma\/index.php\/wp-json\/wp\/v2\/product\/45843\/revisions\/45870"}],"wp:featuredmedia":[{"embeddable":true,"href":"https:\/\/paracherkaoui.ma\/index.php\/wp-json\/wp\/v2\/media\/45869"}],"wp:attachment":[{"href":"https:\/\/paracherkaoui.ma\/index.php\/wp-json\/wp\/v2\/media?parent=45843"}],"wp:term":[{"taxonomy":"product_brand","embeddable":true,"href":"https:\/\/paracherkaoui.ma\/index.php\/wp-json\/wp\/v2\/product_brand?post=45843"},{"taxonomy":"product_cat","embeddable":true,"href":"https:\/\/paracherkaoui.ma\/index.php\/wp-json\/wp\/v2\/product_cat?post=45843"},{"taxonomy":"product_tag","embeddable":true,"href":"https:\/\/paracherkaoui.ma\/index.php\/wp-json\/wp\/v2\/product_tag?post=45843"}],"curies":[{"name":"wp","href":"https:\/\/api.w.org\/{rel}","templated":true}]}}