{"id":45775,"date":"2025-12-12T19:16:21","date_gmt":"2025-12-12T18:16:21","guid":{"rendered":"https:\/\/test.ecbeaute.com\/?post_type=product&#038;p=45775"},"modified":"2025-12-12T19:16:28","modified_gmt":"2025-12-12T18:16:28","slug":"elgydium-brosse-a-dents-clinic-post-operative","status":"publish","type":"product","link":"https:\/\/paracherkaoui.ma\/index.php\/produit\/elgydium-brosse-a-dents-clinic-post-operative\/","title":{"rendered":"ELGYDIUM BROSSE A DENTS CLINIC POST OPERATIVE"},"content":{"rendered":"<p>ELGYDIUM Clinic Brosse \u00e0 Dents 7\/100\u00b0 Post-Operative dispose des brins ultra-souples les plus fins du march\u00e9. 6,5\/100 mm de diam\u00e8tre finement arrondis qui assurent un massage l\u00e9ger des gencives et permettent une utilisation d\u00e8s l\u2019intervention chirurgicale et durant la semaine qui suit. Son manche flexible et son col fin assurent une parfaite prise en main pour encore plus de pr\u00e9cision. ELGYDIUM Clinic Brosse \u00e0 Dents 7\/100\u00b0 Post-Operative, douce et respectueuse des bouches convalescentes, est en plus assainissable au micro-ondes (1 minute \u00e0 600 W en pr\u00e9sence d\u2019eau) pour \u00e9liminer 99,9 % des bact\u00e9ries.<br \/>\nLes bienfaits :<br \/>\n\u2022 DOUCE : des brins ultra-souples, finement arrondis, de 7\/100\u00b0 de millim\u00e8tres, pour une brosse \u00e0 dents postop\u00e9ratoire.<\/p>\n<p>\u2022 SP\u00c9CIFIQUE : une utilisation recommand\u00e9e du 1er au 7e jour suivant l&rsquo;intervention chirurgicale bucco-dentaire.<\/p>\n<p>\u2022 HYGI\u00c9NIQUE : elle est assainissable au micro-ondes en plongeant la t\u00eate dans l&rsquo;eau une minute seulement.<br \/>\nConseils d&rsquo;utilisation:<br \/>\nAssainissable au micro-ondes (1 minute \u00e0 600 W en pr\u00e9sence d\u2019eau).<br \/>\nUtilisable dans les 7 jours qui suivent l&rsquo;intervention chirurgicale.<\/p>\n","protected":false},"excerpt":{"rendered":"<p>ELGYDIUM Clinic Brosse \u00e0 Dents 7\/100\u00b0 Post-Operative dispose des brins ultra-souples les plus fins du march\u00e9. 6,5\/100 mm de diam\u00e8tre<\/p>\n","protected":false},"featured_media":45829,"comment_status":"open","ping_status":"closed","template":"","meta":[],"product_brand":[798],"product_cat":[834],"product_tag":[],"class_list":{"0":"post-45775","1":"product","2":"type-product","3":"status-publish","4":"has-post-thumbnail","6":"product_brand-elgydium","7":"product_cat-brosses-a-dents-adultes","9":"first","10":"instock","11":"sale","12":"shipping-taxable","13":"purchasable","14":"product-type-simple"},"yoast_head":"<!-- This site is optimized with the Yoast SEO plugin v26.6 - https:\/\/yoast.com\/wordpress\/plugins\/seo\/ -->\r\n<title>ELGYDIUM BROSSE A DENTS CLINIC POST OPERATIVE - Paracherkaoui.ma<\/title>\r\n<meta name=\"robots\" content=\"index, follow, max-snippet:-1, max-image-preview:large, max-video-preview:-1\" \/>\r\n<link rel=\"canonical\" href=\"https:\/\/paracherkaoui.ma\/index.php\/produit\/elgydium-brosse-a-dents-clinic-post-operative\/\" \/>\r\n<meta property=\"og:locale\" content=\"fr_FR\" \/>\r\n<meta property=\"og:type\" content=\"article\" \/>\r\n<meta property=\"og:title\" content=\"ELGYDIUM BROSSE A DENTS CLINIC POST OPERATIVE - Paracherkaoui.ma\" \/>\r\n<meta property=\"og:description\" content=\"ELGYDIUM Clinic Brosse \u00e0 Dents 7\/100\u00b0 Post-Operative dispose des brins ultra-souples les plus fins du march\u00e9. 6,5\/100 mm de diam\u00e8tre\" \/>\r\n<meta property=\"og:url\" content=\"https:\/\/paracherkaoui.ma\/index.php\/produit\/elgydium-brosse-a-dents-clinic-post-operative\/\" \/>\r\n<meta property=\"og:site_name\" content=\"Paracherkaoui.ma\" \/>\r\n<meta property=\"article:modified_time\" content=\"2025-12-12T18:16:28+00:00\" \/>\r\n<meta property=\"og:image\" content=\"https:\/\/paracherkaoui.ma\/wp-content\/uploads\/2025\/12\/elgydium-elgydium-brosse-a-dents-clinic-post-operative-brosses-a-dents-adultes.jpg\" \/>\r\n\t<meta property=\"og:image:width\" content=\"700\" \/>\r\n\t<meta property=\"og:image:height\" content=\"700\" \/>\r\n\t<meta property=\"og:image:type\" content=\"image\/jpeg\" \/>\r\n<meta name=\"twitter:card\" content=\"summary_large_image\" \/>\r\n<meta name=\"twitter:label1\" content=\"Dur\u00e9e de lecture estim\u00e9e\" \/>\n\t<meta name=\"twitter:data1\" content=\"1 minute\" \/>\r\n<script type=\"application\/ld+json\" class=\"yoast-schema-graph\">{\"@context\":\"https:\/\/schema.org\",\"@graph\":[{\"@type\":\"WebPage\",\"@id\":\"https:\/\/paracherkaoui.ma\/index.php\/produit\/elgydium-brosse-a-dents-clinic-post-operative\/\",\"url\":\"https:\/\/paracherkaoui.ma\/index.php\/produit\/elgydium-brosse-a-dents-clinic-post-operative\/\",\"name\":\"ELGYDIUM BROSSE A DENTS CLINIC POST OPERATIVE - Paracherkaoui.ma\",\"isPartOf\":{\"@id\":\"https:\/\/paracherkaoui.ma\/#website\"},\"primaryImageOfPage\":{\"@id\":\"https:\/\/paracherkaoui.ma\/index.php\/produit\/elgydium-brosse-a-dents-clinic-post-operative\/#primaryimage\"},\"image\":{\"@id\":\"https:\/\/paracherkaoui.ma\/index.php\/produit\/elgydium-brosse-a-dents-clinic-post-operative\/#primaryimage\"},\"thumbnailUrl\":\"https:\/\/paracherkaoui.ma\/wp-content\/uploads\/2025\/12\/elgydium-elgydium-brosse-a-dents-clinic-post-operative-brosses-a-dents-adultes.jpg\",\"datePublished\":\"2025-12-12T18:16:21+00:00\",\"dateModified\":\"2025-12-12T18:16:28+00:00\",\"breadcrumb\":{\"@id\":\"https:\/\/paracherkaoui.ma\/index.php\/produit\/elgydium-brosse-a-dents-clinic-post-operative\/#breadcrumb\"},\"inLanguage\":\"fr-FR\",\"potentialAction\":[{\"@type\":\"ReadAction\",\"target\":[\"https:\/\/paracherkaoui.ma\/index.php\/produit\/elgydium-brosse-a-dents-clinic-post-operative\/\"]}]},{\"@type\":\"ImageObject\",\"inLanguage\":\"fr-FR\",\"@id\":\"https:\/\/paracherkaoui.ma\/index.php\/produit\/elgydium-brosse-a-dents-clinic-post-operative\/#primaryimage\",\"url\":\"https:\/\/paracherkaoui.ma\/wp-content\/uploads\/2025\/12\/elgydium-elgydium-brosse-a-dents-clinic-post-operative-brosses-a-dents-adultes.jpg\",\"contentUrl\":\"https:\/\/paracherkaoui.ma\/wp-content\/uploads\/2025\/12\/elgydium-elgydium-brosse-a-dents-clinic-post-operative-brosses-a-dents-adultes.jpg\",\"width\":700,\"height\":700},{\"@type\":\"BreadcrumbList\",\"@id\":\"https:\/\/paracherkaoui.ma\/index.php\/produit\/elgydium-brosse-a-dents-clinic-post-operative\/#breadcrumb\",\"itemListElement\":[{\"@type\":\"ListItem\",\"position\":1,\"name\":\"Accueil\",\"item\":\"https:\/\/paracherkaoui.ma\/\"},{\"@type\":\"ListItem\",\"position\":2,\"name\":\"Boutique\",\"item\":\"https:\/\/paracherkaoui.ma\/index.php\/boutique\/\"},{\"@type\":\"ListItem\",\"position\":3,\"name\":\"ELGYDIUM BROSSE A DENTS CLINIC POST OPERATIVE\"}]},{\"@type\":\"WebSite\",\"@id\":\"https:\/\/paracherkaoui.ma\/#website\",\"url\":\"https:\/\/paracherkaoui.ma\/\",\"name\":\"Paracherkaoui.ma\",\"description\":\"Achetez en ligne sur Paracherkaoui.ma\",\"potentialAction\":[{\"@type\":\"SearchAction\",\"target\":{\"@type\":\"EntryPoint\",\"urlTemplate\":\"https:\/\/paracherkaoui.ma\/?s={search_term_string}\"},\"query-input\":{\"@type\":\"PropertyValueSpecification\",\"valueRequired\":true,\"valueName\":\"search_term_string\"}}],\"inLanguage\":\"fr-FR\"}]}<\/script>\r\n<!-- \/ Yoast SEO plugin. -->","yoast_head_json":{"title":"ELGYDIUM BROSSE A DENTS CLINIC POST OPERATIVE - Paracherkaoui.ma","robots":{"index":"index","follow":"follow","max-snippet":"max-snippet:-1","max-image-preview":"max-image-preview:large","max-video-preview":"max-video-preview:-1"},"canonical":"https:\/\/paracherkaoui.ma\/index.php\/produit\/elgydium-brosse-a-dents-clinic-post-operative\/","og_locale":"fr_FR","og_type":"article","og_title":"ELGYDIUM BROSSE A DENTS CLINIC POST OPERATIVE - Paracherkaoui.ma","og_description":"ELGYDIUM Clinic Brosse \u00e0 Dents 7\/100\u00b0 Post-Operative dispose des brins ultra-souples les plus fins du march\u00e9. 6,5\/100 mm de diam\u00e8tre","og_url":"https:\/\/paracherkaoui.ma\/index.php\/produit\/elgydium-brosse-a-dents-clinic-post-operative\/","og_site_name":"Paracherkaoui.ma","article_modified_time":"2025-12-12T18:16:28+00:00","og_image":[{"width":700,"height":700,"url":"https:\/\/paracherkaoui.ma\/wp-content\/uploads\/2025\/12\/elgydium-elgydium-brosse-a-dents-clinic-post-operative-brosses-a-dents-adultes.jpg","type":"image\/jpeg"}],"twitter_card":"summary_large_image","twitter_misc":{"Dur\u00e9e de lecture estim\u00e9e":"1 minute"},"schema":{"@context":"https:\/\/schema.org","@graph":[{"@type":"WebPage","@id":"https:\/\/paracherkaoui.ma\/index.php\/produit\/elgydium-brosse-a-dents-clinic-post-operative\/","url":"https:\/\/paracherkaoui.ma\/index.php\/produit\/elgydium-brosse-a-dents-clinic-post-operative\/","name":"ELGYDIUM BROSSE A DENTS CLINIC POST OPERATIVE - Paracherkaoui.ma","isPartOf":{"@id":"https:\/\/paracherkaoui.ma\/#website"},"primaryImageOfPage":{"@id":"https:\/\/paracherkaoui.ma\/index.php\/produit\/elgydium-brosse-a-dents-clinic-post-operative\/#primaryimage"},"image":{"@id":"https:\/\/paracherkaoui.ma\/index.php\/produit\/elgydium-brosse-a-dents-clinic-post-operative\/#primaryimage"},"thumbnailUrl":"https:\/\/paracherkaoui.ma\/wp-content\/uploads\/2025\/12\/elgydium-elgydium-brosse-a-dents-clinic-post-operative-brosses-a-dents-adultes.jpg","datePublished":"2025-12-12T18:16:21+00:00","dateModified":"2025-12-12T18:16:28+00:00","breadcrumb":{"@id":"https:\/\/paracherkaoui.ma\/index.php\/produit\/elgydium-brosse-a-dents-clinic-post-operative\/#breadcrumb"},"inLanguage":"fr-FR","potentialAction":[{"@type":"ReadAction","target":["https:\/\/paracherkaoui.ma\/index.php\/produit\/elgydium-brosse-a-dents-clinic-post-operative\/"]}]},{"@type":"ImageObject","inLanguage":"fr-FR","@id":"https:\/\/paracherkaoui.ma\/index.php\/produit\/elgydium-brosse-a-dents-clinic-post-operative\/#primaryimage","url":"https:\/\/paracherkaoui.ma\/wp-content\/uploads\/2025\/12\/elgydium-elgydium-brosse-a-dents-clinic-post-operative-brosses-a-dents-adultes.jpg","contentUrl":"https:\/\/paracherkaoui.ma\/wp-content\/uploads\/2025\/12\/elgydium-elgydium-brosse-a-dents-clinic-post-operative-brosses-a-dents-adultes.jpg","width":700,"height":700},{"@type":"BreadcrumbList","@id":"https:\/\/paracherkaoui.ma\/index.php\/produit\/elgydium-brosse-a-dents-clinic-post-operative\/#breadcrumb","itemListElement":[{"@type":"ListItem","position":1,"name":"Accueil","item":"https:\/\/paracherkaoui.ma\/"},{"@type":"ListItem","position":2,"name":"Boutique","item":"https:\/\/paracherkaoui.ma\/index.php\/boutique\/"},{"@type":"ListItem","position":3,"name":"ELGYDIUM BROSSE A DENTS CLINIC POST OPERATIVE"}]},{"@type":"WebSite","@id":"https:\/\/paracherkaoui.ma\/#website","url":"https:\/\/paracherkaoui.ma\/","name":"Paracherkaoui.ma","description":"Achetez en ligne sur Paracherkaoui.ma","potentialAction":[{"@type":"SearchAction","target":{"@type":"EntryPoint","urlTemplate":"https:\/\/paracherkaoui.ma\/?s={search_term_string}"},"query-input":{"@type":"PropertyValueSpecification","valueRequired":true,"valueName":"search_term_string"}}],"inLanguage":"fr-FR"}]}},"_links":{"self":[{"href":"https:\/\/paracherkaoui.ma\/index.php\/wp-json\/wp\/v2\/product\/45775","targetHints":{"allow":["GET"]}}],"collection":[{"href":"https:\/\/paracherkaoui.ma\/index.php\/wp-json\/wp\/v2\/product"}],"about":[{"href":"https:\/\/paracherkaoui.ma\/index.php\/wp-json\/wp\/v2\/types\/product"}],"replies":[{"embeddable":true,"href":"https:\/\/paracherkaoui.ma\/index.php\/wp-json\/wp\/v2\/comments?post=45775"}],"version-history":[{"count":1,"href":"https:\/\/paracherkaoui.ma\/index.php\/wp-json\/wp\/v2\/product\/45775\/revisions"}],"predecessor-version":[{"id":45830,"href":"https:\/\/paracherkaoui.ma\/index.php\/wp-json\/wp\/v2\/product\/45775\/revisions\/45830"}],"wp:featuredmedia":[{"embeddable":true,"href":"https:\/\/paracherkaoui.ma\/index.php\/wp-json\/wp\/v2\/media\/45829"}],"wp:attachment":[{"href":"https:\/\/paracherkaoui.ma\/index.php\/wp-json\/wp\/v2\/media?parent=45775"}],"wp:term":[{"taxonomy":"product_brand","embeddable":true,"href":"https:\/\/paracherkaoui.ma\/index.php\/wp-json\/wp\/v2\/product_brand?post=45775"},{"taxonomy":"product_cat","embeddable":true,"href":"https:\/\/paracherkaoui.ma\/index.php\/wp-json\/wp\/v2\/product_cat?post=45775"},{"taxonomy":"product_tag","embeddable":true,"href":"https:\/\/paracherkaoui.ma\/index.php\/wp-json\/wp\/v2\/product_tag?post=45775"}],"curies":[{"name":"wp","href":"https:\/\/api.w.org\/{rel}","templated":true}]}}