{"id":45579,"date":"2025-12-12T19:16:00","date_gmt":"2025-12-12T18:16:00","guid":{"rendered":"https:\/\/test.ecbeaute.com\/?post_type=product&#038;p=45579"},"modified":"2025-12-12T19:16:04","modified_gmt":"2025-12-12T18:16:04","slug":"buccotherm-teething-gel-brosse","status":"publish","type":"product","link":"https:\/\/paracherkaoui.ma\/index.php\/produit\/buccotherm-teething-gel-brosse\/","title":{"rendered":"BUCCOTHERM TEETHING GEL + BROSSE"},"content":{"rendered":"<p>Ce baume gingival est un des traitement dont les r\u00e9sultats seront des plus efficaces pour ce besoin en particulier. Le tout utilise essentiellement des ingr\u00e9dients d\u2019origine naturelle, ce qui le rend \u00e0 la fois efficace et d\u00e9nu\u00e9 de risques. C\u2019est aussi un produit qui se dote \u00e9galement d\u2019une certification Bio Ecocert, ce qui est une marque de grande qualit\u00e9.<br \/>\nLes composants se distinguent par leur grande douceur, qui est renforc\u00e9e par l\u2019utilisation d\u2019une eau thermale choisie avec pr\u00e9caution. Une fois appliqu\u00e9, ce baume va contribuer \u00e0 combattre les bact\u00e9ries pr\u00e9sentes sur les gencives, dans une certaine mesure.<\/p>\n","protected":false},"excerpt":{"rendered":"<p>Ce baume gingival est un des traitement dont les r\u00e9sultats seront des plus efficaces pour ce besoin en particulier. Le<\/p>\n","protected":false},"featured_media":45617,"comment_status":"open","ping_status":"closed","template":"","meta":[],"product_brand":[801],"product_cat":[824],"product_tag":[],"class_list":{"0":"post-45579","1":"product","2":"type-product","3":"status-publish","4":"has-post-thumbnail","6":"product_brand-buccotherm","7":"product_cat-dentifrices-gencives-sensibles","9":"first","10":"instock","11":"sale","12":"shipping-taxable","13":"purchasable","14":"product-type-simple"},"yoast_head":"<!-- This site is optimized with the Yoast SEO plugin v26.6 - https:\/\/yoast.com\/wordpress\/plugins\/seo\/ -->\r\n<title>BUCCOTHERM TEETHING GEL + BROSSE - Paracherkaoui.ma<\/title>\r\n<meta name=\"robots\" content=\"index, follow, max-snippet:-1, max-image-preview:large, max-video-preview:-1\" \/>\r\n<link rel=\"canonical\" href=\"https:\/\/paracherkaoui.ma\/index.php\/produit\/buccotherm-teething-gel-brosse\/\" \/>\r\n<meta property=\"og:locale\" content=\"fr_FR\" \/>\r\n<meta property=\"og:type\" content=\"article\" \/>\r\n<meta property=\"og:title\" content=\"BUCCOTHERM TEETHING GEL + BROSSE - Paracherkaoui.ma\" \/>\r\n<meta property=\"og:description\" content=\"Ce baume gingival est un des traitement dont les r\u00e9sultats seront des plus efficaces pour ce besoin en particulier. Le\" \/>\r\n<meta property=\"og:url\" content=\"https:\/\/paracherkaoui.ma\/index.php\/produit\/buccotherm-teething-gel-brosse\/\" \/>\r\n<meta property=\"og:site_name\" content=\"Paracherkaoui.ma\" \/>\r\n<meta property=\"article:modified_time\" content=\"2025-12-12T18:16:04+00:00\" \/>\r\n<meta property=\"og:image\" content=\"https:\/\/paracherkaoui.ma\/wp-content\/uploads\/2025\/12\/buccotherm-buccotherm-teething-gel-brosse-dentifrices-gencives-sensibles.jpg\" \/>\r\n\t<meta property=\"og:image:width\" content=\"700\" \/>\r\n\t<meta property=\"og:image:height\" content=\"700\" \/>\r\n\t<meta property=\"og:image:type\" content=\"image\/jpeg\" \/>\r\n<meta name=\"twitter:card\" content=\"summary_large_image\" \/>\r\n<meta name=\"twitter:label1\" content=\"Dur\u00e9e de lecture estim\u00e9e\" \/>\n\t<meta name=\"twitter:data1\" content=\"1 minute\" \/>\r\n<script type=\"application\/ld+json\" class=\"yoast-schema-graph\">{\"@context\":\"https:\/\/schema.org\",\"@graph\":[{\"@type\":\"WebPage\",\"@id\":\"https:\/\/paracherkaoui.ma\/index.php\/produit\/buccotherm-teething-gel-brosse\/\",\"url\":\"https:\/\/paracherkaoui.ma\/index.php\/produit\/buccotherm-teething-gel-brosse\/\",\"name\":\"BUCCOTHERM TEETHING GEL + BROSSE - Paracherkaoui.ma\",\"isPartOf\":{\"@id\":\"https:\/\/paracherkaoui.ma\/#website\"},\"primaryImageOfPage\":{\"@id\":\"https:\/\/paracherkaoui.ma\/index.php\/produit\/buccotherm-teething-gel-brosse\/#primaryimage\"},\"image\":{\"@id\":\"https:\/\/paracherkaoui.ma\/index.php\/produit\/buccotherm-teething-gel-brosse\/#primaryimage\"},\"thumbnailUrl\":\"https:\/\/paracherkaoui.ma\/wp-content\/uploads\/2025\/12\/buccotherm-buccotherm-teething-gel-brosse-dentifrices-gencives-sensibles.jpg\",\"datePublished\":\"2025-12-12T18:16:00+00:00\",\"dateModified\":\"2025-12-12T18:16:04+00:00\",\"breadcrumb\":{\"@id\":\"https:\/\/paracherkaoui.ma\/index.php\/produit\/buccotherm-teething-gel-brosse\/#breadcrumb\"},\"inLanguage\":\"fr-FR\",\"potentialAction\":[{\"@type\":\"ReadAction\",\"target\":[\"https:\/\/paracherkaoui.ma\/index.php\/produit\/buccotherm-teething-gel-brosse\/\"]}]},{\"@type\":\"ImageObject\",\"inLanguage\":\"fr-FR\",\"@id\":\"https:\/\/paracherkaoui.ma\/index.php\/produit\/buccotherm-teething-gel-brosse\/#primaryimage\",\"url\":\"https:\/\/paracherkaoui.ma\/wp-content\/uploads\/2025\/12\/buccotherm-buccotherm-teething-gel-brosse-dentifrices-gencives-sensibles.jpg\",\"contentUrl\":\"https:\/\/paracherkaoui.ma\/wp-content\/uploads\/2025\/12\/buccotherm-buccotherm-teething-gel-brosse-dentifrices-gencives-sensibles.jpg\",\"width\":700,\"height\":700},{\"@type\":\"BreadcrumbList\",\"@id\":\"https:\/\/paracherkaoui.ma\/index.php\/produit\/buccotherm-teething-gel-brosse\/#breadcrumb\",\"itemListElement\":[{\"@type\":\"ListItem\",\"position\":1,\"name\":\"Accueil\",\"item\":\"https:\/\/paracherkaoui.ma\/\"},{\"@type\":\"ListItem\",\"position\":2,\"name\":\"Boutique\",\"item\":\"https:\/\/paracherkaoui.ma\/index.php\/boutique\/\"},{\"@type\":\"ListItem\",\"position\":3,\"name\":\"BUCCOTHERM TEETHING GEL + BROSSE\"}]},{\"@type\":\"WebSite\",\"@id\":\"https:\/\/paracherkaoui.ma\/#website\",\"url\":\"https:\/\/paracherkaoui.ma\/\",\"name\":\"Paracherkaoui.ma\",\"description\":\"Achetez en ligne sur Paracherkaoui.ma\",\"potentialAction\":[{\"@type\":\"SearchAction\",\"target\":{\"@type\":\"EntryPoint\",\"urlTemplate\":\"https:\/\/paracherkaoui.ma\/?s={search_term_string}\"},\"query-input\":{\"@type\":\"PropertyValueSpecification\",\"valueRequired\":true,\"valueName\":\"search_term_string\"}}],\"inLanguage\":\"fr-FR\"}]}<\/script>\r\n<!-- \/ Yoast SEO plugin. -->","yoast_head_json":{"title":"BUCCOTHERM TEETHING GEL + BROSSE - Paracherkaoui.ma","robots":{"index":"index","follow":"follow","max-snippet":"max-snippet:-1","max-image-preview":"max-image-preview:large","max-video-preview":"max-video-preview:-1"},"canonical":"https:\/\/paracherkaoui.ma\/index.php\/produit\/buccotherm-teething-gel-brosse\/","og_locale":"fr_FR","og_type":"article","og_title":"BUCCOTHERM TEETHING GEL + BROSSE - Paracherkaoui.ma","og_description":"Ce baume gingival est un des traitement dont les r\u00e9sultats seront des plus efficaces pour ce besoin en particulier. Le","og_url":"https:\/\/paracherkaoui.ma\/index.php\/produit\/buccotherm-teething-gel-brosse\/","og_site_name":"Paracherkaoui.ma","article_modified_time":"2025-12-12T18:16:04+00:00","og_image":[{"width":700,"height":700,"url":"https:\/\/paracherkaoui.ma\/wp-content\/uploads\/2025\/12\/buccotherm-buccotherm-teething-gel-brosse-dentifrices-gencives-sensibles.jpg","type":"image\/jpeg"}],"twitter_card":"summary_large_image","twitter_misc":{"Dur\u00e9e de lecture estim\u00e9e":"1 minute"},"schema":{"@context":"https:\/\/schema.org","@graph":[{"@type":"WebPage","@id":"https:\/\/paracherkaoui.ma\/index.php\/produit\/buccotherm-teething-gel-brosse\/","url":"https:\/\/paracherkaoui.ma\/index.php\/produit\/buccotherm-teething-gel-brosse\/","name":"BUCCOTHERM TEETHING GEL + BROSSE - Paracherkaoui.ma","isPartOf":{"@id":"https:\/\/paracherkaoui.ma\/#website"},"primaryImageOfPage":{"@id":"https:\/\/paracherkaoui.ma\/index.php\/produit\/buccotherm-teething-gel-brosse\/#primaryimage"},"image":{"@id":"https:\/\/paracherkaoui.ma\/index.php\/produit\/buccotherm-teething-gel-brosse\/#primaryimage"},"thumbnailUrl":"https:\/\/paracherkaoui.ma\/wp-content\/uploads\/2025\/12\/buccotherm-buccotherm-teething-gel-brosse-dentifrices-gencives-sensibles.jpg","datePublished":"2025-12-12T18:16:00+00:00","dateModified":"2025-12-12T18:16:04+00:00","breadcrumb":{"@id":"https:\/\/paracherkaoui.ma\/index.php\/produit\/buccotherm-teething-gel-brosse\/#breadcrumb"},"inLanguage":"fr-FR","potentialAction":[{"@type":"ReadAction","target":["https:\/\/paracherkaoui.ma\/index.php\/produit\/buccotherm-teething-gel-brosse\/"]}]},{"@type":"ImageObject","inLanguage":"fr-FR","@id":"https:\/\/paracherkaoui.ma\/index.php\/produit\/buccotherm-teething-gel-brosse\/#primaryimage","url":"https:\/\/paracherkaoui.ma\/wp-content\/uploads\/2025\/12\/buccotherm-buccotherm-teething-gel-brosse-dentifrices-gencives-sensibles.jpg","contentUrl":"https:\/\/paracherkaoui.ma\/wp-content\/uploads\/2025\/12\/buccotherm-buccotherm-teething-gel-brosse-dentifrices-gencives-sensibles.jpg","width":700,"height":700},{"@type":"BreadcrumbList","@id":"https:\/\/paracherkaoui.ma\/index.php\/produit\/buccotherm-teething-gel-brosse\/#breadcrumb","itemListElement":[{"@type":"ListItem","position":1,"name":"Accueil","item":"https:\/\/paracherkaoui.ma\/"},{"@type":"ListItem","position":2,"name":"Boutique","item":"https:\/\/paracherkaoui.ma\/index.php\/boutique\/"},{"@type":"ListItem","position":3,"name":"BUCCOTHERM TEETHING GEL + BROSSE"}]},{"@type":"WebSite","@id":"https:\/\/paracherkaoui.ma\/#website","url":"https:\/\/paracherkaoui.ma\/","name":"Paracherkaoui.ma","description":"Achetez en ligne sur Paracherkaoui.ma","potentialAction":[{"@type":"SearchAction","target":{"@type":"EntryPoint","urlTemplate":"https:\/\/paracherkaoui.ma\/?s={search_term_string}"},"query-input":{"@type":"PropertyValueSpecification","valueRequired":true,"valueName":"search_term_string"}}],"inLanguage":"fr-FR"}]}},"_links":{"self":[{"href":"https:\/\/paracherkaoui.ma\/index.php\/wp-json\/wp\/v2\/product\/45579","targetHints":{"allow":["GET"]}}],"collection":[{"href":"https:\/\/paracherkaoui.ma\/index.php\/wp-json\/wp\/v2\/product"}],"about":[{"href":"https:\/\/paracherkaoui.ma\/index.php\/wp-json\/wp\/v2\/types\/product"}],"replies":[{"embeddable":true,"href":"https:\/\/paracherkaoui.ma\/index.php\/wp-json\/wp\/v2\/comments?post=45579"}],"version-history":[{"count":1,"href":"https:\/\/paracherkaoui.ma\/index.php\/wp-json\/wp\/v2\/product\/45579\/revisions"}],"predecessor-version":[{"id":45618,"href":"https:\/\/paracherkaoui.ma\/index.php\/wp-json\/wp\/v2\/product\/45579\/revisions\/45618"}],"wp:featuredmedia":[{"embeddable":true,"href":"https:\/\/paracherkaoui.ma\/index.php\/wp-json\/wp\/v2\/media\/45617"}],"wp:attachment":[{"href":"https:\/\/paracherkaoui.ma\/index.php\/wp-json\/wp\/v2\/media?parent=45579"}],"wp:term":[{"taxonomy":"product_brand","embeddable":true,"href":"https:\/\/paracherkaoui.ma\/index.php\/wp-json\/wp\/v2\/product_brand?post=45579"},{"taxonomy":"product_cat","embeddable":true,"href":"https:\/\/paracherkaoui.ma\/index.php\/wp-json\/wp\/v2\/product_cat?post=45579"},{"taxonomy":"product_tag","embeddable":true,"href":"https:\/\/paracherkaoui.ma\/index.php\/wp-json\/wp\/v2\/product_tag?post=45579"}],"curies":[{"name":"wp","href":"https:\/\/api.w.org\/{rel}","templated":true}]}}