{"id":45309,"date":"2025-12-12T19:15:29","date_gmt":"2025-12-12T18:15:29","guid":{"rendered":"https:\/\/test.ecbeaute.com\/?post_type=product&#038;p=45309"},"modified":"2025-12-12T19:15:33","modified_gmt":"2025-12-12T18:15:33","slug":"sensodyne-dentifrice-multi-blancheur-50-ml","status":"publish","type":"product","link":"https:\/\/paracherkaoui.ma\/index.php\/produit\/sensodyne-dentifrice-multi-blancheur-50-ml\/","title":{"rendered":"SENSODYNE DENTIFRICE MULTI BLANCHEUR 50 ML"},"content":{"rendered":"<p>Gr\u00e2ce \u00e0 sa formule unique, ce dentifrice soulage efficacement la douleur caus\u00e9e par la sensibilit\u00e9 dentaire, vous permettant de profiter de vos aliments et boissons pr\u00e9f\u00e9r\u00e9s sans inconfort. En plus de prot\u00e9ger vos dents sensibles, le dentifrice Multi Blancheur aide \u00e0 \u00e9liminer les taches superficielles, vous offrant un sourire plus blanc et \u00e9clatant. Sa formule enrichie en fluorure aide \u00e0 renforcer l&rsquo;\u00e9mail des dents, les rendant plus r\u00e9sistantes aux caries et \u00e0 l&rsquo;usure quotidienne. Utilis\u00e9 r\u00e9guli\u00e8rement, ce dentifrice contribue \u00e0 maintenir des gencives saines, r\u00e9duisant les risques d&rsquo;inflammation et de saignement.<br \/>\nComposition<br \/>\nALUMINA, AROMA, COCAMIDOPROPYL BETAINE, GLYCERIN, PEG-6, PENTASODIUM TRIPHOSPHATE, SODIUM FLUORIDE, SODIUM HYDROXIDE, SODIUM METHYL COCOYL TAURATE, SORBITOL, TITANIUM DIOXIDE, XANTHAN GUM.<br \/>\nConseils d&rsquo;utilisation<br \/>\nUtilisez le dentifrice Sensodyne Multi Blancheur deux fois par jour, matin et soir, pour une protection optimale contre la sensibilit\u00e9 dentaire et pour maintenir la blancheur de vos dents.<br \/>\nAppliquez une petite quantit\u00e9 de dentifrice (de la taille d&rsquo;un pois) sur votre brosse \u00e0 dents.<br \/>\nBrossez vous les dents pendant au moins deux minutes, en veillant \u00e0 bien nettoyer toutes les surfaces des dents et \u00e0 masser doucement les gencives.<br \/>\nApr\u00e8s le brossage, rincez vous la bouche \u00e0 l&rsquo;eau claire pour \u00e9liminer les r\u00e9sidus de dentifrice.<\/p>\n","protected":false},"excerpt":{"rendered":"<p>Gr\u00e2ce \u00e0 sa formule unique, ce dentifrice soulage efficacement la douleur caus\u00e9e par la sensibilit\u00e9 dentaire, vous permettant de profiter<\/p>\n","protected":false},"featured_media":45347,"comment_status":"open","ping_status":"closed","template":"","meta":[],"product_brand":[816],"product_cat":[796],"product_tag":[],"class_list":{"0":"post-45309","1":"product","2":"type-product","3":"status-publish","4":"has-post-thumbnail","6":"product_brand-sensodyne","7":"product_cat-dentifrices-blanchissants","9":"first","10":"instock","11":"sale","12":"shipping-taxable","13":"purchasable","14":"product-type-simple"},"yoast_head":"<!-- This site is optimized with the Yoast SEO plugin v26.6 - https:\/\/yoast.com\/wordpress\/plugins\/seo\/ -->\r\n<title>SENSODYNE DENTIFRICE MULTI BLANCHEUR 50 ML - Paracherkaoui.ma<\/title>\r\n<meta name=\"robots\" content=\"index, follow, max-snippet:-1, max-image-preview:large, max-video-preview:-1\" \/>\r\n<link rel=\"canonical\" href=\"https:\/\/paracherkaoui.ma\/index.php\/produit\/sensodyne-dentifrice-multi-blancheur-50-ml\/\" \/>\r\n<meta property=\"og:locale\" content=\"fr_FR\" \/>\r\n<meta property=\"og:type\" content=\"article\" \/>\r\n<meta property=\"og:title\" content=\"SENSODYNE DENTIFRICE MULTI BLANCHEUR 50 ML - Paracherkaoui.ma\" \/>\r\n<meta property=\"og:description\" content=\"Gr\u00e2ce \u00e0 sa formule unique, ce dentifrice soulage efficacement la douleur caus\u00e9e par la sensibilit\u00e9 dentaire, vous permettant de profiter\" \/>\r\n<meta property=\"og:url\" content=\"https:\/\/paracherkaoui.ma\/index.php\/produit\/sensodyne-dentifrice-multi-blancheur-50-ml\/\" \/>\r\n<meta property=\"og:site_name\" content=\"Paracherkaoui.ma\" \/>\r\n<meta property=\"article:modified_time\" content=\"2025-12-12T18:15:33+00:00\" \/>\r\n<meta property=\"og:image\" content=\"https:\/\/paracherkaoui.ma\/wp-content\/uploads\/2025\/12\/sensodyne-dentifrice-multi-blancheur-50-ml.jpg\" \/>\r\n\t<meta property=\"og:image:width\" content=\"700\" \/>\r\n\t<meta property=\"og:image:height\" content=\"700\" \/>\r\n\t<meta property=\"og:image:type\" content=\"image\/jpeg\" \/>\r\n<meta name=\"twitter:card\" content=\"summary_large_image\" \/>\r\n<meta name=\"twitter:label1\" content=\"Dur\u00e9e de lecture estim\u00e9e\" \/>\n\t<meta name=\"twitter:data1\" content=\"1 minute\" \/>\r\n<script type=\"application\/ld+json\" class=\"yoast-schema-graph\">{\"@context\":\"https:\/\/schema.org\",\"@graph\":[{\"@type\":\"WebPage\",\"@id\":\"https:\/\/paracherkaoui.ma\/index.php\/produit\/sensodyne-dentifrice-multi-blancheur-50-ml\/\",\"url\":\"https:\/\/paracherkaoui.ma\/index.php\/produit\/sensodyne-dentifrice-multi-blancheur-50-ml\/\",\"name\":\"SENSODYNE DENTIFRICE MULTI BLANCHEUR 50 ML - Paracherkaoui.ma\",\"isPartOf\":{\"@id\":\"https:\/\/paracherkaoui.ma\/#website\"},\"primaryImageOfPage\":{\"@id\":\"https:\/\/paracherkaoui.ma\/index.php\/produit\/sensodyne-dentifrice-multi-blancheur-50-ml\/#primaryimage\"},\"image\":{\"@id\":\"https:\/\/paracherkaoui.ma\/index.php\/produit\/sensodyne-dentifrice-multi-blancheur-50-ml\/#primaryimage\"},\"thumbnailUrl\":\"https:\/\/paracherkaoui.ma\/wp-content\/uploads\/2025\/12\/sensodyne-dentifrice-multi-blancheur-50-ml.jpg\",\"datePublished\":\"2025-12-12T18:15:29+00:00\",\"dateModified\":\"2025-12-12T18:15:33+00:00\",\"breadcrumb\":{\"@id\":\"https:\/\/paracherkaoui.ma\/index.php\/produit\/sensodyne-dentifrice-multi-blancheur-50-ml\/#breadcrumb\"},\"inLanguage\":\"fr-FR\",\"potentialAction\":[{\"@type\":\"ReadAction\",\"target\":[\"https:\/\/paracherkaoui.ma\/index.php\/produit\/sensodyne-dentifrice-multi-blancheur-50-ml\/\"]}]},{\"@type\":\"ImageObject\",\"inLanguage\":\"fr-FR\",\"@id\":\"https:\/\/paracherkaoui.ma\/index.php\/produit\/sensodyne-dentifrice-multi-blancheur-50-ml\/#primaryimage\",\"url\":\"https:\/\/paracherkaoui.ma\/wp-content\/uploads\/2025\/12\/sensodyne-dentifrice-multi-blancheur-50-ml.jpg\",\"contentUrl\":\"https:\/\/paracherkaoui.ma\/wp-content\/uploads\/2025\/12\/sensodyne-dentifrice-multi-blancheur-50-ml.jpg\",\"width\":700,\"height\":700},{\"@type\":\"BreadcrumbList\",\"@id\":\"https:\/\/paracherkaoui.ma\/index.php\/produit\/sensodyne-dentifrice-multi-blancheur-50-ml\/#breadcrumb\",\"itemListElement\":[{\"@type\":\"ListItem\",\"position\":1,\"name\":\"Accueil\",\"item\":\"https:\/\/paracherkaoui.ma\/\"},{\"@type\":\"ListItem\",\"position\":2,\"name\":\"Boutique\",\"item\":\"https:\/\/paracherkaoui.ma\/index.php\/boutique\/\"},{\"@type\":\"ListItem\",\"position\":3,\"name\":\"SENSODYNE DENTIFRICE MULTI BLANCHEUR 50 ML\"}]},{\"@type\":\"WebSite\",\"@id\":\"https:\/\/paracherkaoui.ma\/#website\",\"url\":\"https:\/\/paracherkaoui.ma\/\",\"name\":\"Paracherkaoui.ma\",\"description\":\"Achetez en ligne sur Paracherkaoui.ma\",\"potentialAction\":[{\"@type\":\"SearchAction\",\"target\":{\"@type\":\"EntryPoint\",\"urlTemplate\":\"https:\/\/paracherkaoui.ma\/?s={search_term_string}\"},\"query-input\":{\"@type\":\"PropertyValueSpecification\",\"valueRequired\":true,\"valueName\":\"search_term_string\"}}],\"inLanguage\":\"fr-FR\"}]}<\/script>\r\n<!-- \/ Yoast SEO plugin. -->","yoast_head_json":{"title":"SENSODYNE DENTIFRICE MULTI BLANCHEUR 50 ML - Paracherkaoui.ma","robots":{"index":"index","follow":"follow","max-snippet":"max-snippet:-1","max-image-preview":"max-image-preview:large","max-video-preview":"max-video-preview:-1"},"canonical":"https:\/\/paracherkaoui.ma\/index.php\/produit\/sensodyne-dentifrice-multi-blancheur-50-ml\/","og_locale":"fr_FR","og_type":"article","og_title":"SENSODYNE DENTIFRICE MULTI BLANCHEUR 50 ML - Paracherkaoui.ma","og_description":"Gr\u00e2ce \u00e0 sa formule unique, ce dentifrice soulage efficacement la douleur caus\u00e9e par la sensibilit\u00e9 dentaire, vous permettant de profiter","og_url":"https:\/\/paracherkaoui.ma\/index.php\/produit\/sensodyne-dentifrice-multi-blancheur-50-ml\/","og_site_name":"Paracherkaoui.ma","article_modified_time":"2025-12-12T18:15:33+00:00","og_image":[{"width":700,"height":700,"url":"https:\/\/paracherkaoui.ma\/wp-content\/uploads\/2025\/12\/sensodyne-dentifrice-multi-blancheur-50-ml.jpg","type":"image\/jpeg"}],"twitter_card":"summary_large_image","twitter_misc":{"Dur\u00e9e de lecture estim\u00e9e":"1 minute"},"schema":{"@context":"https:\/\/schema.org","@graph":[{"@type":"WebPage","@id":"https:\/\/paracherkaoui.ma\/index.php\/produit\/sensodyne-dentifrice-multi-blancheur-50-ml\/","url":"https:\/\/paracherkaoui.ma\/index.php\/produit\/sensodyne-dentifrice-multi-blancheur-50-ml\/","name":"SENSODYNE DENTIFRICE MULTI BLANCHEUR 50 ML - Paracherkaoui.ma","isPartOf":{"@id":"https:\/\/paracherkaoui.ma\/#website"},"primaryImageOfPage":{"@id":"https:\/\/paracherkaoui.ma\/index.php\/produit\/sensodyne-dentifrice-multi-blancheur-50-ml\/#primaryimage"},"image":{"@id":"https:\/\/paracherkaoui.ma\/index.php\/produit\/sensodyne-dentifrice-multi-blancheur-50-ml\/#primaryimage"},"thumbnailUrl":"https:\/\/paracherkaoui.ma\/wp-content\/uploads\/2025\/12\/sensodyne-dentifrice-multi-blancheur-50-ml.jpg","datePublished":"2025-12-12T18:15:29+00:00","dateModified":"2025-12-12T18:15:33+00:00","breadcrumb":{"@id":"https:\/\/paracherkaoui.ma\/index.php\/produit\/sensodyne-dentifrice-multi-blancheur-50-ml\/#breadcrumb"},"inLanguage":"fr-FR","potentialAction":[{"@type":"ReadAction","target":["https:\/\/paracherkaoui.ma\/index.php\/produit\/sensodyne-dentifrice-multi-blancheur-50-ml\/"]}]},{"@type":"ImageObject","inLanguage":"fr-FR","@id":"https:\/\/paracherkaoui.ma\/index.php\/produit\/sensodyne-dentifrice-multi-blancheur-50-ml\/#primaryimage","url":"https:\/\/paracherkaoui.ma\/wp-content\/uploads\/2025\/12\/sensodyne-dentifrice-multi-blancheur-50-ml.jpg","contentUrl":"https:\/\/paracherkaoui.ma\/wp-content\/uploads\/2025\/12\/sensodyne-dentifrice-multi-blancheur-50-ml.jpg","width":700,"height":700},{"@type":"BreadcrumbList","@id":"https:\/\/paracherkaoui.ma\/index.php\/produit\/sensodyne-dentifrice-multi-blancheur-50-ml\/#breadcrumb","itemListElement":[{"@type":"ListItem","position":1,"name":"Accueil","item":"https:\/\/paracherkaoui.ma\/"},{"@type":"ListItem","position":2,"name":"Boutique","item":"https:\/\/paracherkaoui.ma\/index.php\/boutique\/"},{"@type":"ListItem","position":3,"name":"SENSODYNE DENTIFRICE MULTI BLANCHEUR 50 ML"}]},{"@type":"WebSite","@id":"https:\/\/paracherkaoui.ma\/#website","url":"https:\/\/paracherkaoui.ma\/","name":"Paracherkaoui.ma","description":"Achetez en ligne sur Paracherkaoui.ma","potentialAction":[{"@type":"SearchAction","target":{"@type":"EntryPoint","urlTemplate":"https:\/\/paracherkaoui.ma\/?s={search_term_string}"},"query-input":{"@type":"PropertyValueSpecification","valueRequired":true,"valueName":"search_term_string"}}],"inLanguage":"fr-FR"}]}},"_links":{"self":[{"href":"https:\/\/paracherkaoui.ma\/index.php\/wp-json\/wp\/v2\/product\/45309","targetHints":{"allow":["GET"]}}],"collection":[{"href":"https:\/\/paracherkaoui.ma\/index.php\/wp-json\/wp\/v2\/product"}],"about":[{"href":"https:\/\/paracherkaoui.ma\/index.php\/wp-json\/wp\/v2\/types\/product"}],"replies":[{"embeddable":true,"href":"https:\/\/paracherkaoui.ma\/index.php\/wp-json\/wp\/v2\/comments?post=45309"}],"version-history":[{"count":1,"href":"https:\/\/paracherkaoui.ma\/index.php\/wp-json\/wp\/v2\/product\/45309\/revisions"}],"predecessor-version":[{"id":45348,"href":"https:\/\/paracherkaoui.ma\/index.php\/wp-json\/wp\/v2\/product\/45309\/revisions\/45348"}],"wp:featuredmedia":[{"embeddable":true,"href":"https:\/\/paracherkaoui.ma\/index.php\/wp-json\/wp\/v2\/media\/45347"}],"wp:attachment":[{"href":"https:\/\/paracherkaoui.ma\/index.php\/wp-json\/wp\/v2\/media?parent=45309"}],"wp:term":[{"taxonomy":"product_brand","embeddable":true,"href":"https:\/\/paracherkaoui.ma\/index.php\/wp-json\/wp\/v2\/product_brand?post=45309"},{"taxonomy":"product_cat","embeddable":true,"href":"https:\/\/paracherkaoui.ma\/index.php\/wp-json\/wp\/v2\/product_cat?post=45309"},{"taxonomy":"product_tag","embeddable":true,"href":"https:\/\/paracherkaoui.ma\/index.php\/wp-json\/wp\/v2\/product_tag?post=45309"}],"curies":[{"name":"wp","href":"https:\/\/api.w.org\/{rel}","templated":true}]}}