{"id":44905,"date":"2025-12-12T19:14:24","date_gmt":"2025-12-12T18:14:24","guid":{"rendered":"https:\/\/test.ecbeaute.com\/?post_type=product&#038;p=44905"},"modified":"2025-12-12T19:14:31","modified_gmt":"2025-12-12T18:14:31","slug":"cattier-kids-shampooing-douche-2-en-1-parfum-fleur-de-guimauve-500-ml","status":"publish","type":"product","link":"https:\/\/paracherkaoui.ma\/index.php\/produit\/cattier-kids-shampooing-douche-2-en-1-parfum-fleur-de-guimauve-500-ml\/","title":{"rendered":"CATTIER KIDS SHAMPOOING DOUCHE 2 EN 1 PARFUM FLEUR DE GUIMAUVE 500 ML"},"content":{"rendered":"<p>Cattier Kids Shampooing Douche 2 en 1 : Douceur et Plaisir au Naturel<br \/>\nOffrez \u00e0 vos enfants un moment de soin tout en douceur avec le Cattier Kids Shampooing Douche 2 en 1 Parfum Fleur de Guimauve Bio 500 ml. Sp\u00e9cialement con\u00e7u pour les peaux sensibles et les cheveux fragiles, ce shampoing-douche nettoie d\u00e9licatement tout en respectant l\u2019\u00e9quilibre naturel de l\u2019\u00e9piderme. Sa formule ultra-douce sans tensioactifs sulfat\u00e9s garantit un lavage agr\u00e9able et s\u00fbr, m\u00eame pour les petits.<br \/>\nEnrichi en Aloe Vera Bio, il hydrate, apaise et prot\u00e8ge la peau, tout en laissant les cheveux brillants, souples et faciles \u00e0 coiffer. Gr\u00e2ce \u00e0 son parfum gourmand et sucr\u00e9 de fleur de guimauve, la routine de bain devient un moment de plaisir pour les enfants et leurs parents. Sa composition d\u2019origine naturelle (97%) et biologique (10%) offre un soin respectueux de l\u2019environnement et de la peau.<br \/>\nLe grand format de 500 ml est id\u00e9al pour une utilisation quotidienne en toute s\u00e9r\u00e9nit\u00e9. Avec Cattier Kids Shampooing Douche, la peau est douce, les cheveux resplendissants, et les enfants heureux !<br \/>\nConseils d\u2019utilisation:<br \/>\nApplication : Appliquez une petite quantit\u00e9 sur peau et cheveux mouill\u00e9s.<br \/>\nMoussez d\u00e9licatement : Massez doucement pour cr\u00e9er une mousse l\u00e9g\u00e8re.<br \/>\nRincez abondamment : Utilisez de l\u2019eau ti\u00e8de pour un rin\u00e7age complet.<br \/>\nFr\u00e9quence d\u2019utilisation : Convient \u00e0 une utilisation quotidienne.<br \/>\nComposition :<br \/>\nAloe Barbadensis Leaf Juice (Aloe Vera Bio),Coco-Glucoside, Glycerin, Decyl Glucoside, Sodium Benzoate, Parfum (Fragrance), Potassium Sorbate, Citric Acid<\/p>\n","protected":false},"excerpt":{"rendered":"<p>Cattier Kids Shampooing Douche 2 en 1 : Douceur et Plaisir au Naturel Offrez \u00e0 vos enfants un moment de<\/p>\n","protected":false},"featured_media":44945,"comment_status":"open","ping_status":"closed","template":"","meta":[],"product_brand":[187],"product_cat":[783],"product_tag":[],"class_list":{"0":"post-44905","1":"product","2":"type-product","3":"status-publish","4":"has-post-thumbnail","6":"product_brand-cattier","7":"product_cat-soins-cheveux-visage-et-corps","9":"first","10":"instock","11":"shipping-taxable","12":"purchasable","13":"product-type-simple"},"yoast_head":"<!-- This site is optimized with the Yoast SEO plugin v26.6 - https:\/\/yoast.com\/wordpress\/plugins\/seo\/ -->\r\n<title>CATTIER KIDS SHAMPOOING DOUCHE 2 EN 1 PARFUM FLEUR DE GUIMAUVE 500 ML - Paracherkaoui.ma<\/title>\r\n<meta name=\"robots\" content=\"index, follow, max-snippet:-1, max-image-preview:large, max-video-preview:-1\" \/>\r\n<link rel=\"canonical\" href=\"https:\/\/paracherkaoui.ma\/index.php\/produit\/cattier-kids-shampooing-douche-2-en-1-parfum-fleur-de-guimauve-500-ml\/\" \/>\r\n<meta property=\"og:locale\" content=\"fr_FR\" \/>\r\n<meta property=\"og:type\" content=\"article\" \/>\r\n<meta property=\"og:title\" content=\"CATTIER KIDS SHAMPOOING DOUCHE 2 EN 1 PARFUM FLEUR DE GUIMAUVE 500 ML - Paracherkaoui.ma\" \/>\r\n<meta property=\"og:description\" content=\"Cattier Kids Shampooing Douche 2 en 1 : Douceur et Plaisir au Naturel Offrez \u00e0 vos enfants un moment de\" \/>\r\n<meta property=\"og:url\" content=\"https:\/\/paracherkaoui.ma\/index.php\/produit\/cattier-kids-shampooing-douche-2-en-1-parfum-fleur-de-guimauve-500-ml\/\" \/>\r\n<meta property=\"og:site_name\" content=\"Paracherkaoui.ma\" \/>\r\n<meta property=\"article:modified_time\" content=\"2025-12-12T18:14:31+00:00\" \/>\r\n<meta property=\"og:image\" content=\"https:\/\/paracherkaoui.ma\/wp-content\/uploads\/2025\/12\/cattier-kids-shampooing-douche-2-en-1-parfum-fleur-de-guimauve-500-ml.jpg\" \/>\r\n\t<meta property=\"og:image:width\" content=\"700\" \/>\r\n\t<meta property=\"og:image:height\" content=\"700\" \/>\r\n\t<meta property=\"og:image:type\" content=\"image\/jpeg\" \/>\r\n<meta name=\"twitter:card\" content=\"summary_large_image\" \/>\r\n<meta name=\"twitter:label1\" content=\"Dur\u00e9e de lecture estim\u00e9e\" \/>\n\t<meta name=\"twitter:data1\" content=\"1 minute\" \/>\r\n<script type=\"application\/ld+json\" class=\"yoast-schema-graph\">{\"@context\":\"https:\/\/schema.org\",\"@graph\":[{\"@type\":\"WebPage\",\"@id\":\"https:\/\/paracherkaoui.ma\/index.php\/produit\/cattier-kids-shampooing-douche-2-en-1-parfum-fleur-de-guimauve-500-ml\/\",\"url\":\"https:\/\/paracherkaoui.ma\/index.php\/produit\/cattier-kids-shampooing-douche-2-en-1-parfum-fleur-de-guimauve-500-ml\/\",\"name\":\"CATTIER KIDS SHAMPOOING DOUCHE 2 EN 1 PARFUM FLEUR DE GUIMAUVE 500 ML - Paracherkaoui.ma\",\"isPartOf\":{\"@id\":\"https:\/\/paracherkaoui.ma\/#website\"},\"primaryImageOfPage\":{\"@id\":\"https:\/\/paracherkaoui.ma\/index.php\/produit\/cattier-kids-shampooing-douche-2-en-1-parfum-fleur-de-guimauve-500-ml\/#primaryimage\"},\"image\":{\"@id\":\"https:\/\/paracherkaoui.ma\/index.php\/produit\/cattier-kids-shampooing-douche-2-en-1-parfum-fleur-de-guimauve-500-ml\/#primaryimage\"},\"thumbnailUrl\":\"https:\/\/paracherkaoui.ma\/wp-content\/uploads\/2025\/12\/cattier-kids-shampooing-douche-2-en-1-parfum-fleur-de-guimauve-500-ml.jpg\",\"datePublished\":\"2025-12-12T18:14:24+00:00\",\"dateModified\":\"2025-12-12T18:14:31+00:00\",\"breadcrumb\":{\"@id\":\"https:\/\/paracherkaoui.ma\/index.php\/produit\/cattier-kids-shampooing-douche-2-en-1-parfum-fleur-de-guimauve-500-ml\/#breadcrumb\"},\"inLanguage\":\"fr-FR\",\"potentialAction\":[{\"@type\":\"ReadAction\",\"target\":[\"https:\/\/paracherkaoui.ma\/index.php\/produit\/cattier-kids-shampooing-douche-2-en-1-parfum-fleur-de-guimauve-500-ml\/\"]}]},{\"@type\":\"ImageObject\",\"inLanguage\":\"fr-FR\",\"@id\":\"https:\/\/paracherkaoui.ma\/index.php\/produit\/cattier-kids-shampooing-douche-2-en-1-parfum-fleur-de-guimauve-500-ml\/#primaryimage\",\"url\":\"https:\/\/paracherkaoui.ma\/wp-content\/uploads\/2025\/12\/cattier-kids-shampooing-douche-2-en-1-parfum-fleur-de-guimauve-500-ml.jpg\",\"contentUrl\":\"https:\/\/paracherkaoui.ma\/wp-content\/uploads\/2025\/12\/cattier-kids-shampooing-douche-2-en-1-parfum-fleur-de-guimauve-500-ml.jpg\",\"width\":700,\"height\":700},{\"@type\":\"BreadcrumbList\",\"@id\":\"https:\/\/paracherkaoui.ma\/index.php\/produit\/cattier-kids-shampooing-douche-2-en-1-parfum-fleur-de-guimauve-500-ml\/#breadcrumb\",\"itemListElement\":[{\"@type\":\"ListItem\",\"position\":1,\"name\":\"Accueil\",\"item\":\"https:\/\/paracherkaoui.ma\/\"},{\"@type\":\"ListItem\",\"position\":2,\"name\":\"Boutique\",\"item\":\"https:\/\/paracherkaoui.ma\/index.php\/boutique\/\"},{\"@type\":\"ListItem\",\"position\":3,\"name\":\"CATTIER KIDS SHAMPOOING DOUCHE 2 EN 1 PARFUM FLEUR DE GUIMAUVE 500 ML\"}]},{\"@type\":\"WebSite\",\"@id\":\"https:\/\/paracherkaoui.ma\/#website\",\"url\":\"https:\/\/paracherkaoui.ma\/\",\"name\":\"Paracherkaoui.ma\",\"description\":\"Achetez en ligne sur Paracherkaoui.ma\",\"potentialAction\":[{\"@type\":\"SearchAction\",\"target\":{\"@type\":\"EntryPoint\",\"urlTemplate\":\"https:\/\/paracherkaoui.ma\/?s={search_term_string}\"},\"query-input\":{\"@type\":\"PropertyValueSpecification\",\"valueRequired\":true,\"valueName\":\"search_term_string\"}}],\"inLanguage\":\"fr-FR\"}]}<\/script>\r\n<!-- \/ Yoast SEO plugin. -->","yoast_head_json":{"title":"CATTIER KIDS SHAMPOOING DOUCHE 2 EN 1 PARFUM FLEUR DE GUIMAUVE 500 ML - Paracherkaoui.ma","robots":{"index":"index","follow":"follow","max-snippet":"max-snippet:-1","max-image-preview":"max-image-preview:large","max-video-preview":"max-video-preview:-1"},"canonical":"https:\/\/paracherkaoui.ma\/index.php\/produit\/cattier-kids-shampooing-douche-2-en-1-parfum-fleur-de-guimauve-500-ml\/","og_locale":"fr_FR","og_type":"article","og_title":"CATTIER KIDS SHAMPOOING DOUCHE 2 EN 1 PARFUM FLEUR DE GUIMAUVE 500 ML - Paracherkaoui.ma","og_description":"Cattier Kids Shampooing Douche 2 en 1 : Douceur et Plaisir au Naturel Offrez \u00e0 vos enfants un moment de","og_url":"https:\/\/paracherkaoui.ma\/index.php\/produit\/cattier-kids-shampooing-douche-2-en-1-parfum-fleur-de-guimauve-500-ml\/","og_site_name":"Paracherkaoui.ma","article_modified_time":"2025-12-12T18:14:31+00:00","og_image":[{"width":700,"height":700,"url":"https:\/\/paracherkaoui.ma\/wp-content\/uploads\/2025\/12\/cattier-kids-shampooing-douche-2-en-1-parfum-fleur-de-guimauve-500-ml.jpg","type":"image\/jpeg"}],"twitter_card":"summary_large_image","twitter_misc":{"Dur\u00e9e de lecture estim\u00e9e":"1 minute"},"schema":{"@context":"https:\/\/schema.org","@graph":[{"@type":"WebPage","@id":"https:\/\/paracherkaoui.ma\/index.php\/produit\/cattier-kids-shampooing-douche-2-en-1-parfum-fleur-de-guimauve-500-ml\/","url":"https:\/\/paracherkaoui.ma\/index.php\/produit\/cattier-kids-shampooing-douche-2-en-1-parfum-fleur-de-guimauve-500-ml\/","name":"CATTIER KIDS SHAMPOOING DOUCHE 2 EN 1 PARFUM FLEUR DE GUIMAUVE 500 ML - Paracherkaoui.ma","isPartOf":{"@id":"https:\/\/paracherkaoui.ma\/#website"},"primaryImageOfPage":{"@id":"https:\/\/paracherkaoui.ma\/index.php\/produit\/cattier-kids-shampooing-douche-2-en-1-parfum-fleur-de-guimauve-500-ml\/#primaryimage"},"image":{"@id":"https:\/\/paracherkaoui.ma\/index.php\/produit\/cattier-kids-shampooing-douche-2-en-1-parfum-fleur-de-guimauve-500-ml\/#primaryimage"},"thumbnailUrl":"https:\/\/paracherkaoui.ma\/wp-content\/uploads\/2025\/12\/cattier-kids-shampooing-douche-2-en-1-parfum-fleur-de-guimauve-500-ml.jpg","datePublished":"2025-12-12T18:14:24+00:00","dateModified":"2025-12-12T18:14:31+00:00","breadcrumb":{"@id":"https:\/\/paracherkaoui.ma\/index.php\/produit\/cattier-kids-shampooing-douche-2-en-1-parfum-fleur-de-guimauve-500-ml\/#breadcrumb"},"inLanguage":"fr-FR","potentialAction":[{"@type":"ReadAction","target":["https:\/\/paracherkaoui.ma\/index.php\/produit\/cattier-kids-shampooing-douche-2-en-1-parfum-fleur-de-guimauve-500-ml\/"]}]},{"@type":"ImageObject","inLanguage":"fr-FR","@id":"https:\/\/paracherkaoui.ma\/index.php\/produit\/cattier-kids-shampooing-douche-2-en-1-parfum-fleur-de-guimauve-500-ml\/#primaryimage","url":"https:\/\/paracherkaoui.ma\/wp-content\/uploads\/2025\/12\/cattier-kids-shampooing-douche-2-en-1-parfum-fleur-de-guimauve-500-ml.jpg","contentUrl":"https:\/\/paracherkaoui.ma\/wp-content\/uploads\/2025\/12\/cattier-kids-shampooing-douche-2-en-1-parfum-fleur-de-guimauve-500-ml.jpg","width":700,"height":700},{"@type":"BreadcrumbList","@id":"https:\/\/paracherkaoui.ma\/index.php\/produit\/cattier-kids-shampooing-douche-2-en-1-parfum-fleur-de-guimauve-500-ml\/#breadcrumb","itemListElement":[{"@type":"ListItem","position":1,"name":"Accueil","item":"https:\/\/paracherkaoui.ma\/"},{"@type":"ListItem","position":2,"name":"Boutique","item":"https:\/\/paracherkaoui.ma\/index.php\/boutique\/"},{"@type":"ListItem","position":3,"name":"CATTIER KIDS SHAMPOOING DOUCHE 2 EN 1 PARFUM FLEUR DE GUIMAUVE 500 ML"}]},{"@type":"WebSite","@id":"https:\/\/paracherkaoui.ma\/#website","url":"https:\/\/paracherkaoui.ma\/","name":"Paracherkaoui.ma","description":"Achetez en ligne sur Paracherkaoui.ma","potentialAction":[{"@type":"SearchAction","target":{"@type":"EntryPoint","urlTemplate":"https:\/\/paracherkaoui.ma\/?s={search_term_string}"},"query-input":{"@type":"PropertyValueSpecification","valueRequired":true,"valueName":"search_term_string"}}],"inLanguage":"fr-FR"}]}},"_links":{"self":[{"href":"https:\/\/paracherkaoui.ma\/index.php\/wp-json\/wp\/v2\/product\/44905","targetHints":{"allow":["GET"]}}],"collection":[{"href":"https:\/\/paracherkaoui.ma\/index.php\/wp-json\/wp\/v2\/product"}],"about":[{"href":"https:\/\/paracherkaoui.ma\/index.php\/wp-json\/wp\/v2\/types\/product"}],"replies":[{"embeddable":true,"href":"https:\/\/paracherkaoui.ma\/index.php\/wp-json\/wp\/v2\/comments?post=44905"}],"version-history":[{"count":1,"href":"https:\/\/paracherkaoui.ma\/index.php\/wp-json\/wp\/v2\/product\/44905\/revisions"}],"predecessor-version":[{"id":44946,"href":"https:\/\/paracherkaoui.ma\/index.php\/wp-json\/wp\/v2\/product\/44905\/revisions\/44946"}],"wp:featuredmedia":[{"embeddable":true,"href":"https:\/\/paracherkaoui.ma\/index.php\/wp-json\/wp\/v2\/media\/44945"}],"wp:attachment":[{"href":"https:\/\/paracherkaoui.ma\/index.php\/wp-json\/wp\/v2\/media?parent=44905"}],"wp:term":[{"taxonomy":"product_brand","embeddable":true,"href":"https:\/\/paracherkaoui.ma\/index.php\/wp-json\/wp\/v2\/product_brand?post=44905"},{"taxonomy":"product_cat","embeddable":true,"href":"https:\/\/paracherkaoui.ma\/index.php\/wp-json\/wp\/v2\/product_cat?post=44905"},{"taxonomy":"product_tag","embeddable":true,"href":"https:\/\/paracherkaoui.ma\/index.php\/wp-json\/wp\/v2\/product_tag?post=44905"}],"curies":[{"name":"wp","href":"https:\/\/api.w.org\/{rel}","templated":true}]}}