{"id":44449,"date":"2025-12-12T19:13:13","date_gmt":"2025-12-12T18:13:13","guid":{"rendered":"https:\/\/test.ecbeaute.com\/?post_type=product&#038;p=44449"},"modified":"2025-12-12T19:13:22","modified_gmt":"2025-12-12T18:13:22","slug":"l2n-pharma-lot-de-2-seringues-nasales-6-mois","status":"publish","type":"product","link":"https:\/\/paracherkaoui.ma\/index.php\/produit\/l2n-pharma-lot-de-2-seringues-nasales-6-mois\/","title":{"rendered":"L2N PHARMA LOT DE 2 SERINGUES NASALES 6 MOIS +"},"content":{"rendered":"<p>Meilleure Respiration: Rincez les voies nasales obstru\u00e9es par l\u2019\u00e9coulement nasal, syst\u00e8me de rin\u00e7age des sinus.<br \/>\nSp\u00e9cialement con\u00e7u pour b\u00e9b\u00e9:\u00a0Pression contr\u00f4lable. Embout tr\u00e8s souple<br \/>\nFacile \u00e0 utiliser: Aspirez la solution saline pr\u00e9par\u00e9e dans la seringue, inclinez la t\u00eate vers l\u2019avant puis injectez le contenu de la seringue par une narine et voir toutes les secr\u00e9tions ressortir de l\u2019autre.<br \/>\nR\u00e9utilisable: Embout d\u2019aspiration en silicone nettoyable. Mat\u00e9riaux de s\u00e9curit\u00e9: Inodore et non toxique. Embout en silicone de haute qualit\u00e9. Sans danger pour les b\u00e9b\u00e9s.<\/p>\n","protected":false},"excerpt":{"rendered":"<p>Meilleure Respiration: Rincez les voies nasales obstru\u00e9es par l\u2019\u00e9coulement nasal, syst\u00e8me de rin\u00e7age des sinus. Sp\u00e9cialement con\u00e7u pour b\u00e9b\u00e9:\u00a0Pression contr\u00f4lable.<\/p>\n","protected":false},"featured_media":44500,"comment_status":"open","ping_status":"closed","template":"","meta":[],"product_brand":[202],"product_cat":[779],"product_tag":[],"class_list":{"0":"post-44449","1":"product","2":"type-product","3":"status-publish","4":"has-post-thumbnail","6":"product_brand-l2n-pharma","7":"product_cat-soin-nez-bebe-et-accessoires-nez","9":"first","10":"instock","11":"shipping-taxable","12":"purchasable","13":"product-type-simple"},"yoast_head":"<!-- This site is optimized with the Yoast SEO plugin v26.6 - https:\/\/yoast.com\/wordpress\/plugins\/seo\/ -->\r\n<title>L2N PHARMA LOT DE 2 SERINGUES NASALES 6 MOIS + - Paracherkaoui.ma<\/title>\r\n<meta name=\"robots\" content=\"index, follow, max-snippet:-1, max-image-preview:large, max-video-preview:-1\" \/>\r\n<link rel=\"canonical\" href=\"https:\/\/paracherkaoui.ma\/index.php\/produit\/l2n-pharma-lot-de-2-seringues-nasales-6-mois\/\" \/>\r\n<meta property=\"og:locale\" content=\"fr_FR\" \/>\r\n<meta property=\"og:type\" content=\"article\" \/>\r\n<meta property=\"og:title\" content=\"L2N PHARMA LOT DE 2 SERINGUES NASALES 6 MOIS + - Paracherkaoui.ma\" \/>\r\n<meta property=\"og:description\" content=\"Meilleure Respiration: Rincez les voies nasales obstru\u00e9es par l\u2019\u00e9coulement nasal, syst\u00e8me de rin\u00e7age des sinus. Sp\u00e9cialement con\u00e7u pour b\u00e9b\u00e9:\u00a0Pression contr\u00f4lable.\" \/>\r\n<meta property=\"og:url\" content=\"https:\/\/paracherkaoui.ma\/index.php\/produit\/l2n-pharma-lot-de-2-seringues-nasales-6-mois\/\" \/>\r\n<meta property=\"og:site_name\" content=\"Paracherkaoui.ma\" \/>\r\n<meta property=\"article:modified_time\" content=\"2025-12-12T18:13:22+00:00\" \/>\r\n<meta property=\"og:image\" content=\"https:\/\/paracherkaoui.ma\/wp-content\/uploads\/2025\/12\/l2n-pharma-l2n-pharma-lot-de-2-seringues-nasales-6-mois-nez.jpg\" \/>\r\n\t<meta property=\"og:image:width\" content=\"700\" \/>\r\n\t<meta property=\"og:image:height\" content=\"700\" \/>\r\n\t<meta property=\"og:image:type\" content=\"image\/jpeg\" \/>\r\n<meta name=\"twitter:card\" content=\"summary_large_image\" \/>\r\n<meta name=\"twitter:label1\" content=\"Dur\u00e9e de lecture estim\u00e9e\" \/>\n\t<meta name=\"twitter:data1\" content=\"1 minute\" \/>\r\n<script type=\"application\/ld+json\" class=\"yoast-schema-graph\">{\"@context\":\"https:\/\/schema.org\",\"@graph\":[{\"@type\":\"WebPage\",\"@id\":\"https:\/\/paracherkaoui.ma\/index.php\/produit\/l2n-pharma-lot-de-2-seringues-nasales-6-mois\/\",\"url\":\"https:\/\/paracherkaoui.ma\/index.php\/produit\/l2n-pharma-lot-de-2-seringues-nasales-6-mois\/\",\"name\":\"L2N PHARMA LOT DE 2 SERINGUES NASALES 6 MOIS + - Paracherkaoui.ma\",\"isPartOf\":{\"@id\":\"https:\/\/paracherkaoui.ma\/#website\"},\"primaryImageOfPage\":{\"@id\":\"https:\/\/paracherkaoui.ma\/index.php\/produit\/l2n-pharma-lot-de-2-seringues-nasales-6-mois\/#primaryimage\"},\"image\":{\"@id\":\"https:\/\/paracherkaoui.ma\/index.php\/produit\/l2n-pharma-lot-de-2-seringues-nasales-6-mois\/#primaryimage\"},\"thumbnailUrl\":\"https:\/\/paracherkaoui.ma\/wp-content\/uploads\/2025\/12\/l2n-pharma-l2n-pharma-lot-de-2-seringues-nasales-6-mois-nez.jpg\",\"datePublished\":\"2025-12-12T18:13:13+00:00\",\"dateModified\":\"2025-12-12T18:13:22+00:00\",\"breadcrumb\":{\"@id\":\"https:\/\/paracherkaoui.ma\/index.php\/produit\/l2n-pharma-lot-de-2-seringues-nasales-6-mois\/#breadcrumb\"},\"inLanguage\":\"fr-FR\",\"potentialAction\":[{\"@type\":\"ReadAction\",\"target\":[\"https:\/\/paracherkaoui.ma\/index.php\/produit\/l2n-pharma-lot-de-2-seringues-nasales-6-mois\/\"]}]},{\"@type\":\"ImageObject\",\"inLanguage\":\"fr-FR\",\"@id\":\"https:\/\/paracherkaoui.ma\/index.php\/produit\/l2n-pharma-lot-de-2-seringues-nasales-6-mois\/#primaryimage\",\"url\":\"https:\/\/paracherkaoui.ma\/wp-content\/uploads\/2025\/12\/l2n-pharma-l2n-pharma-lot-de-2-seringues-nasales-6-mois-nez.jpg\",\"contentUrl\":\"https:\/\/paracherkaoui.ma\/wp-content\/uploads\/2025\/12\/l2n-pharma-l2n-pharma-lot-de-2-seringues-nasales-6-mois-nez.jpg\",\"width\":700,\"height\":700},{\"@type\":\"BreadcrumbList\",\"@id\":\"https:\/\/paracherkaoui.ma\/index.php\/produit\/l2n-pharma-lot-de-2-seringues-nasales-6-mois\/#breadcrumb\",\"itemListElement\":[{\"@type\":\"ListItem\",\"position\":1,\"name\":\"Accueil\",\"item\":\"https:\/\/paracherkaoui.ma\/\"},{\"@type\":\"ListItem\",\"position\":2,\"name\":\"Boutique\",\"item\":\"https:\/\/paracherkaoui.ma\/index.php\/boutique\/\"},{\"@type\":\"ListItem\",\"position\":3,\"name\":\"L2N PHARMA LOT DE 2 SERINGUES NASALES 6 MOIS +\"}]},{\"@type\":\"WebSite\",\"@id\":\"https:\/\/paracherkaoui.ma\/#website\",\"url\":\"https:\/\/paracherkaoui.ma\/\",\"name\":\"Paracherkaoui.ma\",\"description\":\"Achetez en ligne sur Paracherkaoui.ma\",\"potentialAction\":[{\"@type\":\"SearchAction\",\"target\":{\"@type\":\"EntryPoint\",\"urlTemplate\":\"https:\/\/paracherkaoui.ma\/?s={search_term_string}\"},\"query-input\":{\"@type\":\"PropertyValueSpecification\",\"valueRequired\":true,\"valueName\":\"search_term_string\"}}],\"inLanguage\":\"fr-FR\"}]}<\/script>\r\n<!-- \/ Yoast SEO plugin. -->","yoast_head_json":{"title":"L2N PHARMA LOT DE 2 SERINGUES NASALES 6 MOIS + - Paracherkaoui.ma","robots":{"index":"index","follow":"follow","max-snippet":"max-snippet:-1","max-image-preview":"max-image-preview:large","max-video-preview":"max-video-preview:-1"},"canonical":"https:\/\/paracherkaoui.ma\/index.php\/produit\/l2n-pharma-lot-de-2-seringues-nasales-6-mois\/","og_locale":"fr_FR","og_type":"article","og_title":"L2N PHARMA LOT DE 2 SERINGUES NASALES 6 MOIS + - Paracherkaoui.ma","og_description":"Meilleure Respiration: Rincez les voies nasales obstru\u00e9es par l\u2019\u00e9coulement nasal, syst\u00e8me de rin\u00e7age des sinus. Sp\u00e9cialement con\u00e7u pour b\u00e9b\u00e9:\u00a0Pression contr\u00f4lable.","og_url":"https:\/\/paracherkaoui.ma\/index.php\/produit\/l2n-pharma-lot-de-2-seringues-nasales-6-mois\/","og_site_name":"Paracherkaoui.ma","article_modified_time":"2025-12-12T18:13:22+00:00","og_image":[{"width":700,"height":700,"url":"https:\/\/paracherkaoui.ma\/wp-content\/uploads\/2025\/12\/l2n-pharma-l2n-pharma-lot-de-2-seringues-nasales-6-mois-nez.jpg","type":"image\/jpeg"}],"twitter_card":"summary_large_image","twitter_misc":{"Dur\u00e9e de lecture estim\u00e9e":"1 minute"},"schema":{"@context":"https:\/\/schema.org","@graph":[{"@type":"WebPage","@id":"https:\/\/paracherkaoui.ma\/index.php\/produit\/l2n-pharma-lot-de-2-seringues-nasales-6-mois\/","url":"https:\/\/paracherkaoui.ma\/index.php\/produit\/l2n-pharma-lot-de-2-seringues-nasales-6-mois\/","name":"L2N PHARMA LOT DE 2 SERINGUES NASALES 6 MOIS + - Paracherkaoui.ma","isPartOf":{"@id":"https:\/\/paracherkaoui.ma\/#website"},"primaryImageOfPage":{"@id":"https:\/\/paracherkaoui.ma\/index.php\/produit\/l2n-pharma-lot-de-2-seringues-nasales-6-mois\/#primaryimage"},"image":{"@id":"https:\/\/paracherkaoui.ma\/index.php\/produit\/l2n-pharma-lot-de-2-seringues-nasales-6-mois\/#primaryimage"},"thumbnailUrl":"https:\/\/paracherkaoui.ma\/wp-content\/uploads\/2025\/12\/l2n-pharma-l2n-pharma-lot-de-2-seringues-nasales-6-mois-nez.jpg","datePublished":"2025-12-12T18:13:13+00:00","dateModified":"2025-12-12T18:13:22+00:00","breadcrumb":{"@id":"https:\/\/paracherkaoui.ma\/index.php\/produit\/l2n-pharma-lot-de-2-seringues-nasales-6-mois\/#breadcrumb"},"inLanguage":"fr-FR","potentialAction":[{"@type":"ReadAction","target":["https:\/\/paracherkaoui.ma\/index.php\/produit\/l2n-pharma-lot-de-2-seringues-nasales-6-mois\/"]}]},{"@type":"ImageObject","inLanguage":"fr-FR","@id":"https:\/\/paracherkaoui.ma\/index.php\/produit\/l2n-pharma-lot-de-2-seringues-nasales-6-mois\/#primaryimage","url":"https:\/\/paracherkaoui.ma\/wp-content\/uploads\/2025\/12\/l2n-pharma-l2n-pharma-lot-de-2-seringues-nasales-6-mois-nez.jpg","contentUrl":"https:\/\/paracherkaoui.ma\/wp-content\/uploads\/2025\/12\/l2n-pharma-l2n-pharma-lot-de-2-seringues-nasales-6-mois-nez.jpg","width":700,"height":700},{"@type":"BreadcrumbList","@id":"https:\/\/paracherkaoui.ma\/index.php\/produit\/l2n-pharma-lot-de-2-seringues-nasales-6-mois\/#breadcrumb","itemListElement":[{"@type":"ListItem","position":1,"name":"Accueil","item":"https:\/\/paracherkaoui.ma\/"},{"@type":"ListItem","position":2,"name":"Boutique","item":"https:\/\/paracherkaoui.ma\/index.php\/boutique\/"},{"@type":"ListItem","position":3,"name":"L2N PHARMA LOT DE 2 SERINGUES NASALES 6 MOIS +"}]},{"@type":"WebSite","@id":"https:\/\/paracherkaoui.ma\/#website","url":"https:\/\/paracherkaoui.ma\/","name":"Paracherkaoui.ma","description":"Achetez en ligne sur Paracherkaoui.ma","potentialAction":[{"@type":"SearchAction","target":{"@type":"EntryPoint","urlTemplate":"https:\/\/paracherkaoui.ma\/?s={search_term_string}"},"query-input":{"@type":"PropertyValueSpecification","valueRequired":true,"valueName":"search_term_string"}}],"inLanguage":"fr-FR"}]}},"_links":{"self":[{"href":"https:\/\/paracherkaoui.ma\/index.php\/wp-json\/wp\/v2\/product\/44449","targetHints":{"allow":["GET"]}}],"collection":[{"href":"https:\/\/paracherkaoui.ma\/index.php\/wp-json\/wp\/v2\/product"}],"about":[{"href":"https:\/\/paracherkaoui.ma\/index.php\/wp-json\/wp\/v2\/types\/product"}],"replies":[{"embeddable":true,"href":"https:\/\/paracherkaoui.ma\/index.php\/wp-json\/wp\/v2\/comments?post=44449"}],"version-history":[{"count":1,"href":"https:\/\/paracherkaoui.ma\/index.php\/wp-json\/wp\/v2\/product\/44449\/revisions"}],"predecessor-version":[{"id":44501,"href":"https:\/\/paracherkaoui.ma\/index.php\/wp-json\/wp\/v2\/product\/44449\/revisions\/44501"}],"wp:featuredmedia":[{"embeddable":true,"href":"https:\/\/paracherkaoui.ma\/index.php\/wp-json\/wp\/v2\/media\/44500"}],"wp:attachment":[{"href":"https:\/\/paracherkaoui.ma\/index.php\/wp-json\/wp\/v2\/media?parent=44449"}],"wp:term":[{"taxonomy":"product_brand","embeddable":true,"href":"https:\/\/paracherkaoui.ma\/index.php\/wp-json\/wp\/v2\/product_brand?post=44449"},{"taxonomy":"product_cat","embeddable":true,"href":"https:\/\/paracherkaoui.ma\/index.php\/wp-json\/wp\/v2\/product_cat?post=44449"},{"taxonomy":"product_tag","embeddable":true,"href":"https:\/\/paracherkaoui.ma\/index.php\/wp-json\/wp\/v2\/product_tag?post=44449"}],"curies":[{"name":"wp","href":"https:\/\/api.w.org\/{rel}","templated":true}]}}