{"id":44448,"date":"2025-12-12T19:13:13","date_gmt":"2025-12-12T18:13:13","guid":{"rendered":"https:\/\/test.ecbeaute.com\/?post_type=product&#038;p=44448"},"modified":"2025-12-12T19:13:21","modified_gmt":"2025-12-12T18:13:21","slug":"petit-nez-kit-de-seringues-nasales-4-m","status":"publish","type":"product","link":"https:\/\/paracherkaoui.ma\/index.php\/produit\/petit-nez-kit-de-seringues-nasales-4-m\/","title":{"rendered":"PETIT NEZ KIT DE SERINGUES NASALES + 4 M"},"content":{"rendered":"<p>Kit de seringues nasales Petit Nez\u00ae : le mouchage facile et sans pleurs pour les enfants<br \/>\nDites adieu aux pleurs pendant le mouchage de votre b\u00e9b\u00e9 !<br \/>\nLe kit de seringues nasales Petit Nez\u00ae est un outil indispensable pour les parents d\u2019enfants de plus de 4 mois.<br \/>\nCe kit complet et facile \u00e0 utiliser vous permettra de nettoyer le nez de votre b\u00e9b\u00e9 en une seule pression, pour un soulagement instantan\u00e9.<br \/>\nLes embouts en silicone doux et flexibles permettent une introduction facile et confortable dans le nez de votre b\u00e9b\u00e9, sans lui faire mal.<br \/>\nLes seringues nasales Petit Nez\u00ae sont fabriqu\u00e9es avec des mat\u00e9riaux m\u00e9dicaux s\u00fbrs et respectueux de l\u2019environnement ont \u00e9galement SANS BPA et SANS PHTALATES.<\/p>\n","protected":false},"excerpt":{"rendered":"<p>Kit de seringues nasales Petit Nez\u00ae : le mouchage facile et sans pleurs pour les enfants Dites adieu aux pleurs<\/p>\n","protected":false},"featured_media":44498,"comment_status":"open","ping_status":"closed","template":"","meta":[],"product_brand":[223],"product_cat":[779],"product_tag":[],"class_list":{"0":"post-44448","1":"product","2":"type-product","3":"status-publish","4":"has-post-thumbnail","6":"product_brand-petit-nez","7":"product_cat-soin-nez-bebe-et-accessoires-nez","9":"first","10":"instock","11":"shipping-taxable","12":"purchasable","13":"product-type-simple"},"yoast_head":"<!-- This site is optimized with the Yoast SEO plugin v26.6 - https:\/\/yoast.com\/wordpress\/plugins\/seo\/ -->\r\n<title>PETIT NEZ KIT DE SERINGUES NASALES + 4 M - Paracherkaoui.ma<\/title>\r\n<meta name=\"robots\" content=\"index, follow, max-snippet:-1, max-image-preview:large, max-video-preview:-1\" \/>\r\n<link rel=\"canonical\" href=\"https:\/\/paracherkaoui.ma\/index.php\/produit\/petit-nez-kit-de-seringues-nasales-4-m\/\" \/>\r\n<meta property=\"og:locale\" content=\"fr_FR\" \/>\r\n<meta property=\"og:type\" content=\"article\" \/>\r\n<meta property=\"og:title\" content=\"PETIT NEZ KIT DE SERINGUES NASALES + 4 M - Paracherkaoui.ma\" \/>\r\n<meta property=\"og:description\" content=\"Kit de seringues nasales Petit Nez\u00ae : le mouchage facile et sans pleurs pour les enfants Dites adieu aux pleurs\" \/>\r\n<meta property=\"og:url\" content=\"https:\/\/paracherkaoui.ma\/index.php\/produit\/petit-nez-kit-de-seringues-nasales-4-m\/\" \/>\r\n<meta property=\"og:site_name\" content=\"Paracherkaoui.ma\" \/>\r\n<meta property=\"article:modified_time\" content=\"2025-12-12T18:13:21+00:00\" \/>\r\n<meta property=\"og:image\" content=\"https:\/\/paracherkaoui.ma\/wp-content\/uploads\/2025\/12\/petit-nez-petit-nez-kit-de-seringues-nasales-4-m-nez.jpg\" \/>\r\n\t<meta property=\"og:image:width\" content=\"700\" \/>\r\n\t<meta property=\"og:image:height\" content=\"700\" \/>\r\n\t<meta property=\"og:image:type\" content=\"image\/jpeg\" \/>\r\n<meta name=\"twitter:card\" content=\"summary_large_image\" \/>\r\n<meta name=\"twitter:label1\" content=\"Dur\u00e9e de lecture estim\u00e9e\" \/>\n\t<meta name=\"twitter:data1\" content=\"1 minute\" \/>\r\n<script type=\"application\/ld+json\" class=\"yoast-schema-graph\">{\"@context\":\"https:\/\/schema.org\",\"@graph\":[{\"@type\":\"WebPage\",\"@id\":\"https:\/\/paracherkaoui.ma\/index.php\/produit\/petit-nez-kit-de-seringues-nasales-4-m\/\",\"url\":\"https:\/\/paracherkaoui.ma\/index.php\/produit\/petit-nez-kit-de-seringues-nasales-4-m\/\",\"name\":\"PETIT NEZ KIT DE SERINGUES NASALES + 4 M - Paracherkaoui.ma\",\"isPartOf\":{\"@id\":\"https:\/\/paracherkaoui.ma\/#website\"},\"primaryImageOfPage\":{\"@id\":\"https:\/\/paracherkaoui.ma\/index.php\/produit\/petit-nez-kit-de-seringues-nasales-4-m\/#primaryimage\"},\"image\":{\"@id\":\"https:\/\/paracherkaoui.ma\/index.php\/produit\/petit-nez-kit-de-seringues-nasales-4-m\/#primaryimage\"},\"thumbnailUrl\":\"https:\/\/paracherkaoui.ma\/wp-content\/uploads\/2025\/12\/petit-nez-petit-nez-kit-de-seringues-nasales-4-m-nez.jpg\",\"datePublished\":\"2025-12-12T18:13:13+00:00\",\"dateModified\":\"2025-12-12T18:13:21+00:00\",\"breadcrumb\":{\"@id\":\"https:\/\/paracherkaoui.ma\/index.php\/produit\/petit-nez-kit-de-seringues-nasales-4-m\/#breadcrumb\"},\"inLanguage\":\"fr-FR\",\"potentialAction\":[{\"@type\":\"ReadAction\",\"target\":[\"https:\/\/paracherkaoui.ma\/index.php\/produit\/petit-nez-kit-de-seringues-nasales-4-m\/\"]}]},{\"@type\":\"ImageObject\",\"inLanguage\":\"fr-FR\",\"@id\":\"https:\/\/paracherkaoui.ma\/index.php\/produit\/petit-nez-kit-de-seringues-nasales-4-m\/#primaryimage\",\"url\":\"https:\/\/paracherkaoui.ma\/wp-content\/uploads\/2025\/12\/petit-nez-petit-nez-kit-de-seringues-nasales-4-m-nez.jpg\",\"contentUrl\":\"https:\/\/paracherkaoui.ma\/wp-content\/uploads\/2025\/12\/petit-nez-petit-nez-kit-de-seringues-nasales-4-m-nez.jpg\",\"width\":700,\"height\":700},{\"@type\":\"BreadcrumbList\",\"@id\":\"https:\/\/paracherkaoui.ma\/index.php\/produit\/petit-nez-kit-de-seringues-nasales-4-m\/#breadcrumb\",\"itemListElement\":[{\"@type\":\"ListItem\",\"position\":1,\"name\":\"Accueil\",\"item\":\"https:\/\/paracherkaoui.ma\/\"},{\"@type\":\"ListItem\",\"position\":2,\"name\":\"Boutique\",\"item\":\"https:\/\/paracherkaoui.ma\/index.php\/boutique\/\"},{\"@type\":\"ListItem\",\"position\":3,\"name\":\"PETIT NEZ KIT DE SERINGUES NASALES + 4 M\"}]},{\"@type\":\"WebSite\",\"@id\":\"https:\/\/paracherkaoui.ma\/#website\",\"url\":\"https:\/\/paracherkaoui.ma\/\",\"name\":\"Paracherkaoui.ma\",\"description\":\"Achetez en ligne sur Paracherkaoui.ma\",\"potentialAction\":[{\"@type\":\"SearchAction\",\"target\":{\"@type\":\"EntryPoint\",\"urlTemplate\":\"https:\/\/paracherkaoui.ma\/?s={search_term_string}\"},\"query-input\":{\"@type\":\"PropertyValueSpecification\",\"valueRequired\":true,\"valueName\":\"search_term_string\"}}],\"inLanguage\":\"fr-FR\"}]}<\/script>\r\n<!-- \/ Yoast SEO plugin. -->","yoast_head_json":{"title":"PETIT NEZ KIT DE SERINGUES NASALES + 4 M - Paracherkaoui.ma","robots":{"index":"index","follow":"follow","max-snippet":"max-snippet:-1","max-image-preview":"max-image-preview:large","max-video-preview":"max-video-preview:-1"},"canonical":"https:\/\/paracherkaoui.ma\/index.php\/produit\/petit-nez-kit-de-seringues-nasales-4-m\/","og_locale":"fr_FR","og_type":"article","og_title":"PETIT NEZ KIT DE SERINGUES NASALES + 4 M - Paracherkaoui.ma","og_description":"Kit de seringues nasales Petit Nez\u00ae : le mouchage facile et sans pleurs pour les enfants Dites adieu aux pleurs","og_url":"https:\/\/paracherkaoui.ma\/index.php\/produit\/petit-nez-kit-de-seringues-nasales-4-m\/","og_site_name":"Paracherkaoui.ma","article_modified_time":"2025-12-12T18:13:21+00:00","og_image":[{"width":700,"height":700,"url":"https:\/\/paracherkaoui.ma\/wp-content\/uploads\/2025\/12\/petit-nez-petit-nez-kit-de-seringues-nasales-4-m-nez.jpg","type":"image\/jpeg"}],"twitter_card":"summary_large_image","twitter_misc":{"Dur\u00e9e de lecture estim\u00e9e":"1 minute"},"schema":{"@context":"https:\/\/schema.org","@graph":[{"@type":"WebPage","@id":"https:\/\/paracherkaoui.ma\/index.php\/produit\/petit-nez-kit-de-seringues-nasales-4-m\/","url":"https:\/\/paracherkaoui.ma\/index.php\/produit\/petit-nez-kit-de-seringues-nasales-4-m\/","name":"PETIT NEZ KIT DE SERINGUES NASALES + 4 M - Paracherkaoui.ma","isPartOf":{"@id":"https:\/\/paracherkaoui.ma\/#website"},"primaryImageOfPage":{"@id":"https:\/\/paracherkaoui.ma\/index.php\/produit\/petit-nez-kit-de-seringues-nasales-4-m\/#primaryimage"},"image":{"@id":"https:\/\/paracherkaoui.ma\/index.php\/produit\/petit-nez-kit-de-seringues-nasales-4-m\/#primaryimage"},"thumbnailUrl":"https:\/\/paracherkaoui.ma\/wp-content\/uploads\/2025\/12\/petit-nez-petit-nez-kit-de-seringues-nasales-4-m-nez.jpg","datePublished":"2025-12-12T18:13:13+00:00","dateModified":"2025-12-12T18:13:21+00:00","breadcrumb":{"@id":"https:\/\/paracherkaoui.ma\/index.php\/produit\/petit-nez-kit-de-seringues-nasales-4-m\/#breadcrumb"},"inLanguage":"fr-FR","potentialAction":[{"@type":"ReadAction","target":["https:\/\/paracherkaoui.ma\/index.php\/produit\/petit-nez-kit-de-seringues-nasales-4-m\/"]}]},{"@type":"ImageObject","inLanguage":"fr-FR","@id":"https:\/\/paracherkaoui.ma\/index.php\/produit\/petit-nez-kit-de-seringues-nasales-4-m\/#primaryimage","url":"https:\/\/paracherkaoui.ma\/wp-content\/uploads\/2025\/12\/petit-nez-petit-nez-kit-de-seringues-nasales-4-m-nez.jpg","contentUrl":"https:\/\/paracherkaoui.ma\/wp-content\/uploads\/2025\/12\/petit-nez-petit-nez-kit-de-seringues-nasales-4-m-nez.jpg","width":700,"height":700},{"@type":"BreadcrumbList","@id":"https:\/\/paracherkaoui.ma\/index.php\/produit\/petit-nez-kit-de-seringues-nasales-4-m\/#breadcrumb","itemListElement":[{"@type":"ListItem","position":1,"name":"Accueil","item":"https:\/\/paracherkaoui.ma\/"},{"@type":"ListItem","position":2,"name":"Boutique","item":"https:\/\/paracherkaoui.ma\/index.php\/boutique\/"},{"@type":"ListItem","position":3,"name":"PETIT NEZ KIT DE SERINGUES NASALES + 4 M"}]},{"@type":"WebSite","@id":"https:\/\/paracherkaoui.ma\/#website","url":"https:\/\/paracherkaoui.ma\/","name":"Paracherkaoui.ma","description":"Achetez en ligne sur Paracherkaoui.ma","potentialAction":[{"@type":"SearchAction","target":{"@type":"EntryPoint","urlTemplate":"https:\/\/paracherkaoui.ma\/?s={search_term_string}"},"query-input":{"@type":"PropertyValueSpecification","valueRequired":true,"valueName":"search_term_string"}}],"inLanguage":"fr-FR"}]}},"_links":{"self":[{"href":"https:\/\/paracherkaoui.ma\/index.php\/wp-json\/wp\/v2\/product\/44448","targetHints":{"allow":["GET"]}}],"collection":[{"href":"https:\/\/paracherkaoui.ma\/index.php\/wp-json\/wp\/v2\/product"}],"about":[{"href":"https:\/\/paracherkaoui.ma\/index.php\/wp-json\/wp\/v2\/types\/product"}],"replies":[{"embeddable":true,"href":"https:\/\/paracherkaoui.ma\/index.php\/wp-json\/wp\/v2\/comments?post=44448"}],"version-history":[{"count":1,"href":"https:\/\/paracherkaoui.ma\/index.php\/wp-json\/wp\/v2\/product\/44448\/revisions"}],"predecessor-version":[{"id":44499,"href":"https:\/\/paracherkaoui.ma\/index.php\/wp-json\/wp\/v2\/product\/44448\/revisions\/44499"}],"wp:featuredmedia":[{"embeddable":true,"href":"https:\/\/paracherkaoui.ma\/index.php\/wp-json\/wp\/v2\/media\/44498"}],"wp:attachment":[{"href":"https:\/\/paracherkaoui.ma\/index.php\/wp-json\/wp\/v2\/media?parent=44448"}],"wp:term":[{"taxonomy":"product_brand","embeddable":true,"href":"https:\/\/paracherkaoui.ma\/index.php\/wp-json\/wp\/v2\/product_brand?post=44448"},{"taxonomy":"product_cat","embeddable":true,"href":"https:\/\/paracherkaoui.ma\/index.php\/wp-json\/wp\/v2\/product_cat?post=44448"},{"taxonomy":"product_tag","embeddable":true,"href":"https:\/\/paracherkaoui.ma\/index.php\/wp-json\/wp\/v2\/product_tag?post=44448"}],"curies":[{"name":"wp","href":"https:\/\/api.w.org\/{rel}","templated":true}]}}