{"id":44343,"date":"2025-12-12T19:13:02","date_gmt":"2025-12-12T18:13:02","guid":{"rendered":"https:\/\/test.ecbeaute.com\/?post_type=product&#038;p=44343"},"modified":"2025-12-12T19:13:05","modified_gmt":"2025-12-12T18:13:05","slug":"bambo-nature-couche-bebe-5xl-12-18-kg-22-pieces","status":"publish","type":"product","link":"https:\/\/paracherkaoui.ma\/index.php\/produit\/bambo-nature-couche-bebe-5xl-12-18-kg-22-pieces\/","title":{"rendered":"BAMBO NATURE COUCHE BEBE 5XL 12-18 KG 22 PIECES"},"content":{"rendered":"<p>Des couches de nature en bambo extr\u00eamement d\u00e9licates et douces ont \u00e9t\u00e9 con\u00e7ues pour minimiser le risque d&rsquo;allergies et de br\u00fblures \u00e0 couches. Sans produits chimiques et parfums dangereux, ils sont non seulement absorbants et confortables, mais aussi super s\u00fbrs.<br \/>\nSuper-consommation. Les couches ont \u00e9t\u00e9 con\u00e7ues avec un noyau absorbant, y compris la derni\u00e8re technologie de tubules, qui \u00e9loigne l&rsquo;humidit\u00e9 de la peau de l&rsquo;enfant et r\u00e9siste \u00e0 un trempage multiple &#8211; m\u00eame la nuit. Un taux humide pratique change la couleur et facilite la v\u00e9rification lorsque vous devez changer. La t\u00e2che flexible \u00e0 la taille et les poignets non crampons sur les jambes aident \u00e0 garder la couche sur place, offrant \u00e0 l&rsquo;enfant le confort et la libert\u00e9 de mouvement, et les bords flexibles prot\u00e8gent contre les fuites<\/p>\n","protected":false},"excerpt":{"rendered":"<p>Des couches de nature en bambo extr\u00eamement d\u00e9licates et douces ont \u00e9t\u00e9 con\u00e7ues pour minimiser le risque d&rsquo;allergies et de<\/p>\n","protected":false},"featured_media":44375,"comment_status":"open","ping_status":"closed","template":"","meta":[],"product_brand":[775],"product_cat":[773],"product_tag":[],"class_list":{"0":"post-44343","1":"product","2":"type-product","3":"status-publish","4":"has-post-thumbnail","6":"product_brand-bambo-nature","7":"product_cat-changes-bebe","9":"first","10":"instock","11":"sale","12":"shipping-taxable","13":"purchasable","14":"product-type-simple"},"yoast_head":"<!-- This site is optimized with the Yoast SEO plugin v26.6 - https:\/\/yoast.com\/wordpress\/plugins\/seo\/ -->\r\n<title>BAMBO NATURE COUCHE BEBE 5XL 12-18 KG 22 PIECES - Paracherkaoui.ma<\/title>\r\n<meta name=\"robots\" content=\"index, follow, max-snippet:-1, max-image-preview:large, max-video-preview:-1\" \/>\r\n<link rel=\"canonical\" href=\"https:\/\/paracherkaoui.ma\/index.php\/produit\/bambo-nature-couche-bebe-5xl-12-18-kg-22-pieces\/\" \/>\r\n<meta property=\"og:locale\" content=\"fr_FR\" \/>\r\n<meta property=\"og:type\" content=\"article\" \/>\r\n<meta property=\"og:title\" content=\"BAMBO NATURE COUCHE BEBE 5XL 12-18 KG 22 PIECES - Paracherkaoui.ma\" \/>\r\n<meta property=\"og:description\" content=\"Des couches de nature en bambo extr\u00eamement d\u00e9licates et douces ont \u00e9t\u00e9 con\u00e7ues pour minimiser le risque d&rsquo;allergies et de\" \/>\r\n<meta property=\"og:url\" content=\"https:\/\/paracherkaoui.ma\/index.php\/produit\/bambo-nature-couche-bebe-5xl-12-18-kg-22-pieces\/\" \/>\r\n<meta property=\"og:site_name\" content=\"Paracherkaoui.ma\" \/>\r\n<meta property=\"article:modified_time\" content=\"2025-12-12T18:13:05+00:00\" \/>\r\n<meta property=\"og:image\" content=\"https:\/\/paracherkaoui.ma\/wp-content\/uploads\/2025\/12\/bambo-nature-bambo-nature-couche-bebe-5xl-12-18-kg-22-pieces-couches.jpg\" \/>\r\n\t<meta property=\"og:image:width\" content=\"700\" \/>\r\n\t<meta property=\"og:image:height\" content=\"700\" \/>\r\n\t<meta property=\"og:image:type\" content=\"image\/jpeg\" \/>\r\n<meta name=\"twitter:card\" content=\"summary_large_image\" \/>\r\n<meta name=\"twitter:label1\" content=\"Dur\u00e9e de lecture estim\u00e9e\" \/>\n\t<meta name=\"twitter:data1\" content=\"1 minute\" \/>\r\n<script type=\"application\/ld+json\" class=\"yoast-schema-graph\">{\"@context\":\"https:\/\/schema.org\",\"@graph\":[{\"@type\":\"WebPage\",\"@id\":\"https:\/\/paracherkaoui.ma\/index.php\/produit\/bambo-nature-couche-bebe-5xl-12-18-kg-22-pieces\/\",\"url\":\"https:\/\/paracherkaoui.ma\/index.php\/produit\/bambo-nature-couche-bebe-5xl-12-18-kg-22-pieces\/\",\"name\":\"BAMBO NATURE COUCHE BEBE 5XL 12-18 KG 22 PIECES - Paracherkaoui.ma\",\"isPartOf\":{\"@id\":\"https:\/\/paracherkaoui.ma\/#website\"},\"primaryImageOfPage\":{\"@id\":\"https:\/\/paracherkaoui.ma\/index.php\/produit\/bambo-nature-couche-bebe-5xl-12-18-kg-22-pieces\/#primaryimage\"},\"image\":{\"@id\":\"https:\/\/paracherkaoui.ma\/index.php\/produit\/bambo-nature-couche-bebe-5xl-12-18-kg-22-pieces\/#primaryimage\"},\"thumbnailUrl\":\"https:\/\/paracherkaoui.ma\/wp-content\/uploads\/2025\/12\/bambo-nature-bambo-nature-couche-bebe-5xl-12-18-kg-22-pieces-couches.jpg\",\"datePublished\":\"2025-12-12T18:13:02+00:00\",\"dateModified\":\"2025-12-12T18:13:05+00:00\",\"breadcrumb\":{\"@id\":\"https:\/\/paracherkaoui.ma\/index.php\/produit\/bambo-nature-couche-bebe-5xl-12-18-kg-22-pieces\/#breadcrumb\"},\"inLanguage\":\"fr-FR\",\"potentialAction\":[{\"@type\":\"ReadAction\",\"target\":[\"https:\/\/paracherkaoui.ma\/index.php\/produit\/bambo-nature-couche-bebe-5xl-12-18-kg-22-pieces\/\"]}]},{\"@type\":\"ImageObject\",\"inLanguage\":\"fr-FR\",\"@id\":\"https:\/\/paracherkaoui.ma\/index.php\/produit\/bambo-nature-couche-bebe-5xl-12-18-kg-22-pieces\/#primaryimage\",\"url\":\"https:\/\/paracherkaoui.ma\/wp-content\/uploads\/2025\/12\/bambo-nature-bambo-nature-couche-bebe-5xl-12-18-kg-22-pieces-couches.jpg\",\"contentUrl\":\"https:\/\/paracherkaoui.ma\/wp-content\/uploads\/2025\/12\/bambo-nature-bambo-nature-couche-bebe-5xl-12-18-kg-22-pieces-couches.jpg\",\"width\":700,\"height\":700},{\"@type\":\"BreadcrumbList\",\"@id\":\"https:\/\/paracherkaoui.ma\/index.php\/produit\/bambo-nature-couche-bebe-5xl-12-18-kg-22-pieces\/#breadcrumb\",\"itemListElement\":[{\"@type\":\"ListItem\",\"position\":1,\"name\":\"Accueil\",\"item\":\"https:\/\/paracherkaoui.ma\/\"},{\"@type\":\"ListItem\",\"position\":2,\"name\":\"Boutique\",\"item\":\"https:\/\/paracherkaoui.ma\/index.php\/boutique\/\"},{\"@type\":\"ListItem\",\"position\":3,\"name\":\"BAMBO NATURE COUCHE BEBE 5XL 12-18 KG 22 PIECES\"}]},{\"@type\":\"WebSite\",\"@id\":\"https:\/\/paracherkaoui.ma\/#website\",\"url\":\"https:\/\/paracherkaoui.ma\/\",\"name\":\"Paracherkaoui.ma\",\"description\":\"Achetez en ligne sur Paracherkaoui.ma\",\"potentialAction\":[{\"@type\":\"SearchAction\",\"target\":{\"@type\":\"EntryPoint\",\"urlTemplate\":\"https:\/\/paracherkaoui.ma\/?s={search_term_string}\"},\"query-input\":{\"@type\":\"PropertyValueSpecification\",\"valueRequired\":true,\"valueName\":\"search_term_string\"}}],\"inLanguage\":\"fr-FR\"}]}<\/script>\r\n<!-- \/ Yoast SEO plugin. -->","yoast_head_json":{"title":"BAMBO NATURE COUCHE BEBE 5XL 12-18 KG 22 PIECES - Paracherkaoui.ma","robots":{"index":"index","follow":"follow","max-snippet":"max-snippet:-1","max-image-preview":"max-image-preview:large","max-video-preview":"max-video-preview:-1"},"canonical":"https:\/\/paracherkaoui.ma\/index.php\/produit\/bambo-nature-couche-bebe-5xl-12-18-kg-22-pieces\/","og_locale":"fr_FR","og_type":"article","og_title":"BAMBO NATURE COUCHE BEBE 5XL 12-18 KG 22 PIECES - Paracherkaoui.ma","og_description":"Des couches de nature en bambo extr\u00eamement d\u00e9licates et douces ont \u00e9t\u00e9 con\u00e7ues pour minimiser le risque d&rsquo;allergies et de","og_url":"https:\/\/paracherkaoui.ma\/index.php\/produit\/bambo-nature-couche-bebe-5xl-12-18-kg-22-pieces\/","og_site_name":"Paracherkaoui.ma","article_modified_time":"2025-12-12T18:13:05+00:00","og_image":[{"width":700,"height":700,"url":"https:\/\/paracherkaoui.ma\/wp-content\/uploads\/2025\/12\/bambo-nature-bambo-nature-couche-bebe-5xl-12-18-kg-22-pieces-couches.jpg","type":"image\/jpeg"}],"twitter_card":"summary_large_image","twitter_misc":{"Dur\u00e9e de lecture estim\u00e9e":"1 minute"},"schema":{"@context":"https:\/\/schema.org","@graph":[{"@type":"WebPage","@id":"https:\/\/paracherkaoui.ma\/index.php\/produit\/bambo-nature-couche-bebe-5xl-12-18-kg-22-pieces\/","url":"https:\/\/paracherkaoui.ma\/index.php\/produit\/bambo-nature-couche-bebe-5xl-12-18-kg-22-pieces\/","name":"BAMBO NATURE COUCHE BEBE 5XL 12-18 KG 22 PIECES - Paracherkaoui.ma","isPartOf":{"@id":"https:\/\/paracherkaoui.ma\/#website"},"primaryImageOfPage":{"@id":"https:\/\/paracherkaoui.ma\/index.php\/produit\/bambo-nature-couche-bebe-5xl-12-18-kg-22-pieces\/#primaryimage"},"image":{"@id":"https:\/\/paracherkaoui.ma\/index.php\/produit\/bambo-nature-couche-bebe-5xl-12-18-kg-22-pieces\/#primaryimage"},"thumbnailUrl":"https:\/\/paracherkaoui.ma\/wp-content\/uploads\/2025\/12\/bambo-nature-bambo-nature-couche-bebe-5xl-12-18-kg-22-pieces-couches.jpg","datePublished":"2025-12-12T18:13:02+00:00","dateModified":"2025-12-12T18:13:05+00:00","breadcrumb":{"@id":"https:\/\/paracherkaoui.ma\/index.php\/produit\/bambo-nature-couche-bebe-5xl-12-18-kg-22-pieces\/#breadcrumb"},"inLanguage":"fr-FR","potentialAction":[{"@type":"ReadAction","target":["https:\/\/paracherkaoui.ma\/index.php\/produit\/bambo-nature-couche-bebe-5xl-12-18-kg-22-pieces\/"]}]},{"@type":"ImageObject","inLanguage":"fr-FR","@id":"https:\/\/paracherkaoui.ma\/index.php\/produit\/bambo-nature-couche-bebe-5xl-12-18-kg-22-pieces\/#primaryimage","url":"https:\/\/paracherkaoui.ma\/wp-content\/uploads\/2025\/12\/bambo-nature-bambo-nature-couche-bebe-5xl-12-18-kg-22-pieces-couches.jpg","contentUrl":"https:\/\/paracherkaoui.ma\/wp-content\/uploads\/2025\/12\/bambo-nature-bambo-nature-couche-bebe-5xl-12-18-kg-22-pieces-couches.jpg","width":700,"height":700},{"@type":"BreadcrumbList","@id":"https:\/\/paracherkaoui.ma\/index.php\/produit\/bambo-nature-couche-bebe-5xl-12-18-kg-22-pieces\/#breadcrumb","itemListElement":[{"@type":"ListItem","position":1,"name":"Accueil","item":"https:\/\/paracherkaoui.ma\/"},{"@type":"ListItem","position":2,"name":"Boutique","item":"https:\/\/paracherkaoui.ma\/index.php\/boutique\/"},{"@type":"ListItem","position":3,"name":"BAMBO NATURE COUCHE BEBE 5XL 12-18 KG 22 PIECES"}]},{"@type":"WebSite","@id":"https:\/\/paracherkaoui.ma\/#website","url":"https:\/\/paracherkaoui.ma\/","name":"Paracherkaoui.ma","description":"Achetez en ligne sur Paracherkaoui.ma","potentialAction":[{"@type":"SearchAction","target":{"@type":"EntryPoint","urlTemplate":"https:\/\/paracherkaoui.ma\/?s={search_term_string}"},"query-input":{"@type":"PropertyValueSpecification","valueRequired":true,"valueName":"search_term_string"}}],"inLanguage":"fr-FR"}]}},"_links":{"self":[{"href":"https:\/\/paracherkaoui.ma\/index.php\/wp-json\/wp\/v2\/product\/44343","targetHints":{"allow":["GET"]}}],"collection":[{"href":"https:\/\/paracherkaoui.ma\/index.php\/wp-json\/wp\/v2\/product"}],"about":[{"href":"https:\/\/paracherkaoui.ma\/index.php\/wp-json\/wp\/v2\/types\/product"}],"replies":[{"embeddable":true,"href":"https:\/\/paracherkaoui.ma\/index.php\/wp-json\/wp\/v2\/comments?post=44343"}],"version-history":[{"count":1,"href":"https:\/\/paracherkaoui.ma\/index.php\/wp-json\/wp\/v2\/product\/44343\/revisions"}],"predecessor-version":[{"id":44376,"href":"https:\/\/paracherkaoui.ma\/index.php\/wp-json\/wp\/v2\/product\/44343\/revisions\/44376"}],"wp:featuredmedia":[{"embeddable":true,"href":"https:\/\/paracherkaoui.ma\/index.php\/wp-json\/wp\/v2\/media\/44375"}],"wp:attachment":[{"href":"https:\/\/paracherkaoui.ma\/index.php\/wp-json\/wp\/v2\/media?parent=44343"}],"wp:term":[{"taxonomy":"product_brand","embeddable":true,"href":"https:\/\/paracherkaoui.ma\/index.php\/wp-json\/wp\/v2\/product_brand?post=44343"},{"taxonomy":"product_cat","embeddable":true,"href":"https:\/\/paracherkaoui.ma\/index.php\/wp-json\/wp\/v2\/product_cat?post=44343"},{"taxonomy":"product_tag","embeddable":true,"href":"https:\/\/paracherkaoui.ma\/index.php\/wp-json\/wp\/v2\/product_tag?post=44343"}],"curies":[{"name":"wp","href":"https:\/\/api.w.org\/{rel}","templated":true}]}}