{"id":44341,"date":"2025-12-12T19:13:02","date_gmt":"2025-12-12T18:13:02","guid":{"rendered":"https:\/\/test.ecbeaute.com\/?post_type=product&#038;p=44341"},"modified":"2025-12-12T19:13:05","modified_gmt":"2025-12-12T18:13:05","slug":"bambo-dreamy-night-pants-filles-et-garcons-medium-4-7-ans-15-35-kg-10-unites","status":"publish","type":"product","link":"https:\/\/paracherkaoui.ma\/index.php\/produit\/bambo-dreamy-night-pants-filles-et-garcons-medium-4-7-ans-15-35-kg-10-unites\/","title":{"rendered":"BAMBO DREAMY NIGHT PANTS FILLES ET GARCONS MEDIUM 4-7 ANS 15-35 KG 10 unites"},"content":{"rendered":"<p>Une culotte de nuit discr\u00e8te et efficace<br \/>\nLes\u00a0culottes de nuit Bambo Dreamy\u00a0arborent un design discret et \u00e9l\u00e9gant, imitant \u00e0 s&rsquo;y m\u00e9prendre un sous-v\u00eatement classique. Fini les complexes et les regards indiscrets lors des soir\u00e9es pyjama ! Leur design nordique \u00e9pur\u00e9 et leurs motifs subtils permettent \u00e0 votre enfant de se sentir \u00e0 l&rsquo;aise et en confiance. Gr\u00e2ce \u00e0 leur forme ergonomique et anatomique, les Bambo Dreamy Night Pants s\u2019adaptent parfaitement au corps de l\u2019enfant, lui offrant une libert\u00e9 de mouvement totale sans sensation d\u2019inconfort. Leur design inspir\u00e9 des sous-v\u00eatements classiques avec des motifs et des couleurs neutres les rend discrets et agr\u00e9ables \u00e0 porter, parfaits pour les soir\u00e9es pyjama ou les nuits \u00e0 l\u2019ext\u00e9rieur.<br \/>\nTechnologie absorbante avanc\u00e9e<br \/>\nCes culottes de nuit b\u00e9n\u00e9ficient d\u2019un c\u0153ur absorbant ultra-performant qui capture rapidement l\u2019humidit\u00e9 et la retient efficacement pour garder la peau au sec et \u00e9viter les r\u00e9veils nocturnes li\u00e9s aux fuites. Fabriqu\u00e9es avec des mat\u00e9riaux respirants et extra-doux, elles respectent la peau d\u00e9licate des enfants tout en assurant une sensation de fra\u00eecheur.<br \/>\nRespect de l&rsquo;environnement et de la peau :<br \/>\nSoucieux de l&rsquo;environnement et de la sant\u00e9 de votre enfant, Bambo Nature a con\u00e7u ces culottes de nuit \u00e0 partir de mat\u00e9riaux \u00e9cologiques et respectueux de la peau. Leur emballage est fabriqu\u00e9 \u00e0 partir de plastique biosourc\u00e9 issu de la canne \u00e0 sucre, et leur c\u0153ur absorbant est compos\u00e9 de cellulose certifi\u00e9e FSC, blanchie sans chlore \u00e9l\u00e9mentaire (ECF). De plus, elles sont garanties sans parfum, sans lotion, sans substances potentiellement toxiques (r\u00e9sidus de chlore, latex, phtalates), minimisant ainsi les risques d&rsquo;allergies et d&rsquo;irritations.<br \/>\nConseils d&rsquo;utilisation :<br \/>\nChoisissez la taille appropri\u00e9e en fonction du poids de votre enfant (15-35 kg).<br \/>\nEnfilez la culotte comme un sous-v\u00eatement classique.<br \/>\nAssurez-vous qu&rsquo;elle est bien ajust\u00e9e pour une protection optimale.<br \/>\nApr\u00e8s utilisation, refermez la culotte \u00e0 l&rsquo;aide de la languette autocollante situ\u00e9e \u00e0 l&rsquo;arri\u00e8re.<br \/>\nJetez la culotte usag\u00e9e \u00e0 la poubelle.<\/p>\n","protected":false},"excerpt":{"rendered":"<p>Une culotte de nuit discr\u00e8te et efficace Les\u00a0culottes de nuit Bambo Dreamy\u00a0arborent un design discret et \u00e9l\u00e9gant, imitant \u00e0 s&rsquo;y<\/p>\n","protected":false},"featured_media":44371,"comment_status":"open","ping_status":"closed","template":"","meta":[],"product_brand":[775],"product_cat":[773],"product_tag":[],"class_list":{"0":"post-44341","1":"product","2":"type-product","3":"status-publish","4":"has-post-thumbnail","6":"product_brand-bambo-nature","7":"product_cat-changes-bebe","9":"first","10":"instock","11":"sale","12":"shipping-taxable","13":"purchasable","14":"product-type-simple"},"yoast_head":"<!-- This site is optimized with the Yoast SEO plugin v26.6 - https:\/\/yoast.com\/wordpress\/plugins\/seo\/ -->\r\n<title>BAMBO DREAMY NIGHT PANTS FILLES ET GARCONS MEDIUM 4-7 ANS 15-35 KG 10 unites - Paracherkaoui.ma<\/title>\r\n<meta name=\"robots\" content=\"index, follow, max-snippet:-1, max-image-preview:large, max-video-preview:-1\" \/>\r\n<link rel=\"canonical\" href=\"https:\/\/paracherkaoui.ma\/index.php\/produit\/bambo-dreamy-night-pants-filles-et-garcons-medium-4-7-ans-15-35-kg-10-unites\/\" \/>\r\n<meta property=\"og:locale\" content=\"fr_FR\" \/>\r\n<meta property=\"og:type\" content=\"article\" \/>\r\n<meta property=\"og:title\" content=\"BAMBO DREAMY NIGHT PANTS FILLES ET GARCONS MEDIUM 4-7 ANS 15-35 KG 10 unites - Paracherkaoui.ma\" \/>\r\n<meta property=\"og:description\" content=\"Une culotte de nuit discr\u00e8te et efficace Les\u00a0culottes de nuit Bambo Dreamy\u00a0arborent un design discret et \u00e9l\u00e9gant, imitant \u00e0 s&rsquo;y\" \/>\r\n<meta property=\"og:url\" content=\"https:\/\/paracherkaoui.ma\/index.php\/produit\/bambo-dreamy-night-pants-filles-et-garcons-medium-4-7-ans-15-35-kg-10-unites\/\" \/>\r\n<meta property=\"og:site_name\" content=\"Paracherkaoui.ma\" \/>\r\n<meta property=\"article:modified_time\" content=\"2025-12-12T18:13:05+00:00\" \/>\r\n<meta property=\"og:image\" content=\"https:\/\/paracherkaoui.ma\/wp-content\/uploads\/2025\/12\/bambo-nature-bambo-dreamy-night-pants-filles-et-garcons-medium-4-7-ans-15-35-kg-10-unites-changes-bebe.jpg\" \/>\r\n\t<meta property=\"og:image:width\" content=\"700\" \/>\r\n\t<meta property=\"og:image:height\" content=\"700\" \/>\r\n\t<meta property=\"og:image:type\" content=\"image\/jpeg\" \/>\r\n<meta name=\"twitter:card\" content=\"summary_large_image\" \/>\r\n<meta name=\"twitter:label1\" content=\"Dur\u00e9e de lecture estim\u00e9e\" \/>\n\t<meta name=\"twitter:data1\" content=\"2 minutes\" \/>\r\n<script type=\"application\/ld+json\" class=\"yoast-schema-graph\">{\"@context\":\"https:\/\/schema.org\",\"@graph\":[{\"@type\":\"WebPage\",\"@id\":\"https:\/\/paracherkaoui.ma\/index.php\/produit\/bambo-dreamy-night-pants-filles-et-garcons-medium-4-7-ans-15-35-kg-10-unites\/\",\"url\":\"https:\/\/paracherkaoui.ma\/index.php\/produit\/bambo-dreamy-night-pants-filles-et-garcons-medium-4-7-ans-15-35-kg-10-unites\/\",\"name\":\"BAMBO DREAMY NIGHT PANTS FILLES ET GARCONS MEDIUM 4-7 ANS 15-35 KG 10 unites - Paracherkaoui.ma\",\"isPartOf\":{\"@id\":\"https:\/\/paracherkaoui.ma\/#website\"},\"primaryImageOfPage\":{\"@id\":\"https:\/\/paracherkaoui.ma\/index.php\/produit\/bambo-dreamy-night-pants-filles-et-garcons-medium-4-7-ans-15-35-kg-10-unites\/#primaryimage\"},\"image\":{\"@id\":\"https:\/\/paracherkaoui.ma\/index.php\/produit\/bambo-dreamy-night-pants-filles-et-garcons-medium-4-7-ans-15-35-kg-10-unites\/#primaryimage\"},\"thumbnailUrl\":\"https:\/\/paracherkaoui.ma\/wp-content\/uploads\/2025\/12\/bambo-nature-bambo-dreamy-night-pants-filles-et-garcons-medium-4-7-ans-15-35-kg-10-unites-changes-bebe.jpg\",\"datePublished\":\"2025-12-12T18:13:02+00:00\",\"dateModified\":\"2025-12-12T18:13:05+00:00\",\"breadcrumb\":{\"@id\":\"https:\/\/paracherkaoui.ma\/index.php\/produit\/bambo-dreamy-night-pants-filles-et-garcons-medium-4-7-ans-15-35-kg-10-unites\/#breadcrumb\"},\"inLanguage\":\"fr-FR\",\"potentialAction\":[{\"@type\":\"ReadAction\",\"target\":[\"https:\/\/paracherkaoui.ma\/index.php\/produit\/bambo-dreamy-night-pants-filles-et-garcons-medium-4-7-ans-15-35-kg-10-unites\/\"]}]},{\"@type\":\"ImageObject\",\"inLanguage\":\"fr-FR\",\"@id\":\"https:\/\/paracherkaoui.ma\/index.php\/produit\/bambo-dreamy-night-pants-filles-et-garcons-medium-4-7-ans-15-35-kg-10-unites\/#primaryimage\",\"url\":\"https:\/\/paracherkaoui.ma\/wp-content\/uploads\/2025\/12\/bambo-nature-bambo-dreamy-night-pants-filles-et-garcons-medium-4-7-ans-15-35-kg-10-unites-changes-bebe.jpg\",\"contentUrl\":\"https:\/\/paracherkaoui.ma\/wp-content\/uploads\/2025\/12\/bambo-nature-bambo-dreamy-night-pants-filles-et-garcons-medium-4-7-ans-15-35-kg-10-unites-changes-bebe.jpg\",\"width\":700,\"height\":700},{\"@type\":\"BreadcrumbList\",\"@id\":\"https:\/\/paracherkaoui.ma\/index.php\/produit\/bambo-dreamy-night-pants-filles-et-garcons-medium-4-7-ans-15-35-kg-10-unites\/#breadcrumb\",\"itemListElement\":[{\"@type\":\"ListItem\",\"position\":1,\"name\":\"Accueil\",\"item\":\"https:\/\/paracherkaoui.ma\/\"},{\"@type\":\"ListItem\",\"position\":2,\"name\":\"Boutique\",\"item\":\"https:\/\/paracherkaoui.ma\/index.php\/boutique\/\"},{\"@type\":\"ListItem\",\"position\":3,\"name\":\"BAMBO DREAMY NIGHT PANTS FILLES ET GARCONS MEDIUM 4-7 ANS 15-35 KG 10 unites\"}]},{\"@type\":\"WebSite\",\"@id\":\"https:\/\/paracherkaoui.ma\/#website\",\"url\":\"https:\/\/paracherkaoui.ma\/\",\"name\":\"Paracherkaoui.ma\",\"description\":\"Achetez en ligne sur Paracherkaoui.ma\",\"potentialAction\":[{\"@type\":\"SearchAction\",\"target\":{\"@type\":\"EntryPoint\",\"urlTemplate\":\"https:\/\/paracherkaoui.ma\/?s={search_term_string}\"},\"query-input\":{\"@type\":\"PropertyValueSpecification\",\"valueRequired\":true,\"valueName\":\"search_term_string\"}}],\"inLanguage\":\"fr-FR\"}]}<\/script>\r\n<!-- \/ Yoast SEO plugin. -->","yoast_head_json":{"title":"BAMBO DREAMY NIGHT PANTS FILLES ET GARCONS MEDIUM 4-7 ANS 15-35 KG 10 unites - Paracherkaoui.ma","robots":{"index":"index","follow":"follow","max-snippet":"max-snippet:-1","max-image-preview":"max-image-preview:large","max-video-preview":"max-video-preview:-1"},"canonical":"https:\/\/paracherkaoui.ma\/index.php\/produit\/bambo-dreamy-night-pants-filles-et-garcons-medium-4-7-ans-15-35-kg-10-unites\/","og_locale":"fr_FR","og_type":"article","og_title":"BAMBO DREAMY NIGHT PANTS FILLES ET GARCONS MEDIUM 4-7 ANS 15-35 KG 10 unites - Paracherkaoui.ma","og_description":"Une culotte de nuit discr\u00e8te et efficace Les\u00a0culottes de nuit Bambo Dreamy\u00a0arborent un design discret et \u00e9l\u00e9gant, imitant \u00e0 s&rsquo;y","og_url":"https:\/\/paracherkaoui.ma\/index.php\/produit\/bambo-dreamy-night-pants-filles-et-garcons-medium-4-7-ans-15-35-kg-10-unites\/","og_site_name":"Paracherkaoui.ma","article_modified_time":"2025-12-12T18:13:05+00:00","og_image":[{"width":700,"height":700,"url":"https:\/\/paracherkaoui.ma\/wp-content\/uploads\/2025\/12\/bambo-nature-bambo-dreamy-night-pants-filles-et-garcons-medium-4-7-ans-15-35-kg-10-unites-changes-bebe.jpg","type":"image\/jpeg"}],"twitter_card":"summary_large_image","twitter_misc":{"Dur\u00e9e de lecture estim\u00e9e":"2 minutes"},"schema":{"@context":"https:\/\/schema.org","@graph":[{"@type":"WebPage","@id":"https:\/\/paracherkaoui.ma\/index.php\/produit\/bambo-dreamy-night-pants-filles-et-garcons-medium-4-7-ans-15-35-kg-10-unites\/","url":"https:\/\/paracherkaoui.ma\/index.php\/produit\/bambo-dreamy-night-pants-filles-et-garcons-medium-4-7-ans-15-35-kg-10-unites\/","name":"BAMBO DREAMY NIGHT PANTS FILLES ET GARCONS MEDIUM 4-7 ANS 15-35 KG 10 unites - Paracherkaoui.ma","isPartOf":{"@id":"https:\/\/paracherkaoui.ma\/#website"},"primaryImageOfPage":{"@id":"https:\/\/paracherkaoui.ma\/index.php\/produit\/bambo-dreamy-night-pants-filles-et-garcons-medium-4-7-ans-15-35-kg-10-unites\/#primaryimage"},"image":{"@id":"https:\/\/paracherkaoui.ma\/index.php\/produit\/bambo-dreamy-night-pants-filles-et-garcons-medium-4-7-ans-15-35-kg-10-unites\/#primaryimage"},"thumbnailUrl":"https:\/\/paracherkaoui.ma\/wp-content\/uploads\/2025\/12\/bambo-nature-bambo-dreamy-night-pants-filles-et-garcons-medium-4-7-ans-15-35-kg-10-unites-changes-bebe.jpg","datePublished":"2025-12-12T18:13:02+00:00","dateModified":"2025-12-12T18:13:05+00:00","breadcrumb":{"@id":"https:\/\/paracherkaoui.ma\/index.php\/produit\/bambo-dreamy-night-pants-filles-et-garcons-medium-4-7-ans-15-35-kg-10-unites\/#breadcrumb"},"inLanguage":"fr-FR","potentialAction":[{"@type":"ReadAction","target":["https:\/\/paracherkaoui.ma\/index.php\/produit\/bambo-dreamy-night-pants-filles-et-garcons-medium-4-7-ans-15-35-kg-10-unites\/"]}]},{"@type":"ImageObject","inLanguage":"fr-FR","@id":"https:\/\/paracherkaoui.ma\/index.php\/produit\/bambo-dreamy-night-pants-filles-et-garcons-medium-4-7-ans-15-35-kg-10-unites\/#primaryimage","url":"https:\/\/paracherkaoui.ma\/wp-content\/uploads\/2025\/12\/bambo-nature-bambo-dreamy-night-pants-filles-et-garcons-medium-4-7-ans-15-35-kg-10-unites-changes-bebe.jpg","contentUrl":"https:\/\/paracherkaoui.ma\/wp-content\/uploads\/2025\/12\/bambo-nature-bambo-dreamy-night-pants-filles-et-garcons-medium-4-7-ans-15-35-kg-10-unites-changes-bebe.jpg","width":700,"height":700},{"@type":"BreadcrumbList","@id":"https:\/\/paracherkaoui.ma\/index.php\/produit\/bambo-dreamy-night-pants-filles-et-garcons-medium-4-7-ans-15-35-kg-10-unites\/#breadcrumb","itemListElement":[{"@type":"ListItem","position":1,"name":"Accueil","item":"https:\/\/paracherkaoui.ma\/"},{"@type":"ListItem","position":2,"name":"Boutique","item":"https:\/\/paracherkaoui.ma\/index.php\/boutique\/"},{"@type":"ListItem","position":3,"name":"BAMBO DREAMY NIGHT PANTS FILLES ET GARCONS MEDIUM 4-7 ANS 15-35 KG 10 unites"}]},{"@type":"WebSite","@id":"https:\/\/paracherkaoui.ma\/#website","url":"https:\/\/paracherkaoui.ma\/","name":"Paracherkaoui.ma","description":"Achetez en ligne sur Paracherkaoui.ma","potentialAction":[{"@type":"SearchAction","target":{"@type":"EntryPoint","urlTemplate":"https:\/\/paracherkaoui.ma\/?s={search_term_string}"},"query-input":{"@type":"PropertyValueSpecification","valueRequired":true,"valueName":"search_term_string"}}],"inLanguage":"fr-FR"}]}},"_links":{"self":[{"href":"https:\/\/paracherkaoui.ma\/index.php\/wp-json\/wp\/v2\/product\/44341","targetHints":{"allow":["GET"]}}],"collection":[{"href":"https:\/\/paracherkaoui.ma\/index.php\/wp-json\/wp\/v2\/product"}],"about":[{"href":"https:\/\/paracherkaoui.ma\/index.php\/wp-json\/wp\/v2\/types\/product"}],"replies":[{"embeddable":true,"href":"https:\/\/paracherkaoui.ma\/index.php\/wp-json\/wp\/v2\/comments?post=44341"}],"version-history":[{"count":1,"href":"https:\/\/paracherkaoui.ma\/index.php\/wp-json\/wp\/v2\/product\/44341\/revisions"}],"predecessor-version":[{"id":44372,"href":"https:\/\/paracherkaoui.ma\/index.php\/wp-json\/wp\/v2\/product\/44341\/revisions\/44372"}],"wp:featuredmedia":[{"embeddable":true,"href":"https:\/\/paracherkaoui.ma\/index.php\/wp-json\/wp\/v2\/media\/44371"}],"wp:attachment":[{"href":"https:\/\/paracherkaoui.ma\/index.php\/wp-json\/wp\/v2\/media?parent=44341"}],"wp:term":[{"taxonomy":"product_brand","embeddable":true,"href":"https:\/\/paracherkaoui.ma\/index.php\/wp-json\/wp\/v2\/product_brand?post=44341"},{"taxonomy":"product_cat","embeddable":true,"href":"https:\/\/paracherkaoui.ma\/index.php\/wp-json\/wp\/v2\/product_cat?post=44341"},{"taxonomy":"product_tag","embeddable":true,"href":"https:\/\/paracherkaoui.ma\/index.php\/wp-json\/wp\/v2\/product_tag?post=44341"}],"curies":[{"name":"wp","href":"https:\/\/api.w.org\/{rel}","templated":true}]}}