{"id":44200,"date":"2025-12-12T19:12:43","date_gmt":"2025-12-12T18:12:43","guid":{"rendered":"https:\/\/test.ecbeaute.com\/?post_type=product&#038;p=44200"},"modified":"2025-12-12T19:12:51","modified_gmt":"2025-12-12T18:12:51","slug":"cattier-moussant-familial-corps-et-cheveux-1-litre-2","status":"publish","type":"product","link":"https:\/\/paracherkaoui.ma\/index.php\/produit\/cattier-moussant-familial-corps-et-cheveux-1-litre-2\/","title":{"rendered":"CATTIER MOUSSANT FAMILIAL CORPS ET CHEVEUX 1 LITRE"},"content":{"rendered":"<p>Cattier Moussant Familial 1 L format familial nettoie chaque jour le corps et les cheveux de toute la famille, sans agresser.<\/p>\n<p>Ce moussant adoucit et hydrate gr\u00e2ce au lactos\u00e9rum (extrait de yogourt). En effet ce lactos\u00e9rum lib\u00e8re des prot\u00e9ines qui renforcent les d\u00e9fenses naturelles de la peau, redonnent brillance aux cheveux et facilitent le d\u00e9m\u00ealage. L&rsquo;eau florale de bleuet bio apporte ses propri\u00e9t\u00e9s adoucissantes et apaisantes pour une peau souple et douce.<\/p>\n<p>Sans savon. Certifi\u00e9 bio par Ecocert.<br \/>\n98,9% du total des ingr\u00e9dients sont d&rsquo;origine naturelle.<br \/>\n11,1% du total des ingr\u00e9dients sont issus de l&rsquo;agriculture biologique.<br \/>\nAppliquer quotidiennement sur le corps et les cheveux mouill\u00e9s, faire mousser puis rincer.<br \/>\nIndication : Nettoyer, nourrir et adoucir le corps et les cheveux de toute la famille.<\/p>\n","protected":false},"excerpt":{"rendered":"<p>Cattier Moussant Familial 1 L format familial nettoie chaque jour le corps et les cheveux de toute la famille, sans<\/p>\n","protected":false},"featured_media":35290,"comment_status":"open","ping_status":"closed","template":"","meta":[],"product_brand":[187],"product_cat":[773],"product_tag":[],"class_list":{"0":"post-44200","1":"product","2":"type-product","3":"status-publish","4":"has-post-thumbnail","6":"product_brand-cattier","7":"product_cat-changes-bebe","9":"first","10":"instock","11":"shipping-taxable","12":"purchasable","13":"product-type-simple"},"yoast_head":"<!-- This site is optimized with the Yoast SEO plugin v26.6 - https:\/\/yoast.com\/wordpress\/plugins\/seo\/ -->\r\n<title>CATTIER MOUSSANT FAMILIAL CORPS ET CHEVEUX 1 LITRE - Paracherkaoui.ma<\/title>\r\n<meta name=\"robots\" content=\"index, follow, max-snippet:-1, max-image-preview:large, max-video-preview:-1\" \/>\r\n<link rel=\"canonical\" href=\"https:\/\/paracherkaoui.ma\/index.php\/produit\/cattier-moussant-familial-corps-et-cheveux-1-litre-2\/\" \/>\r\n<meta property=\"og:locale\" content=\"fr_FR\" \/>\r\n<meta property=\"og:type\" content=\"article\" \/>\r\n<meta property=\"og:title\" content=\"CATTIER MOUSSANT FAMILIAL CORPS ET CHEVEUX 1 LITRE - Paracherkaoui.ma\" \/>\r\n<meta property=\"og:description\" content=\"Cattier Moussant Familial 1 L format familial nettoie chaque jour le corps et les cheveux de toute la famille, sans\" \/>\r\n<meta property=\"og:url\" content=\"https:\/\/paracherkaoui.ma\/index.php\/produit\/cattier-moussant-familial-corps-et-cheveux-1-litre-2\/\" \/>\r\n<meta property=\"og:site_name\" content=\"Paracherkaoui.ma\" \/>\r\n<meta property=\"article:modified_time\" content=\"2025-12-12T18:12:51+00:00\" \/>\r\n<meta property=\"og:image\" content=\"https:\/\/paracherkaoui.ma\/wp-content\/uploads\/2025\/12\/cattier-moussant-familial-corps-et-cheveux-1-litre.jpg\" \/>\r\n\t<meta property=\"og:image:width\" content=\"700\" \/>\r\n\t<meta property=\"og:image:height\" content=\"700\" \/>\r\n\t<meta property=\"og:image:type\" content=\"image\/jpeg\" \/>\r\n<meta name=\"twitter:card\" content=\"summary_large_image\" \/>\r\n<meta name=\"twitter:label1\" content=\"Dur\u00e9e de lecture estim\u00e9e\" \/>\n\t<meta name=\"twitter:data1\" content=\"1 minute\" \/>\r\n<script type=\"application\/ld+json\" class=\"yoast-schema-graph\">{\"@context\":\"https:\/\/schema.org\",\"@graph\":[{\"@type\":\"WebPage\",\"@id\":\"https:\/\/paracherkaoui.ma\/index.php\/produit\/cattier-moussant-familial-corps-et-cheveux-1-litre-2\/\",\"url\":\"https:\/\/paracherkaoui.ma\/index.php\/produit\/cattier-moussant-familial-corps-et-cheveux-1-litre-2\/\",\"name\":\"CATTIER MOUSSANT FAMILIAL CORPS ET CHEVEUX 1 LITRE - Paracherkaoui.ma\",\"isPartOf\":{\"@id\":\"https:\/\/paracherkaoui.ma\/#website\"},\"primaryImageOfPage\":{\"@id\":\"https:\/\/paracherkaoui.ma\/index.php\/produit\/cattier-moussant-familial-corps-et-cheveux-1-litre-2\/#primaryimage\"},\"image\":{\"@id\":\"https:\/\/paracherkaoui.ma\/index.php\/produit\/cattier-moussant-familial-corps-et-cheveux-1-litre-2\/#primaryimage\"},\"thumbnailUrl\":\"https:\/\/paracherkaoui.ma\/wp-content\/uploads\/2025\/12\/cattier-moussant-familial-corps-et-cheveux-1-litre.jpg\",\"datePublished\":\"2025-12-12T18:12:43+00:00\",\"dateModified\":\"2025-12-12T18:12:51+00:00\",\"breadcrumb\":{\"@id\":\"https:\/\/paracherkaoui.ma\/index.php\/produit\/cattier-moussant-familial-corps-et-cheveux-1-litre-2\/#breadcrumb\"},\"inLanguage\":\"fr-FR\",\"potentialAction\":[{\"@type\":\"ReadAction\",\"target\":[\"https:\/\/paracherkaoui.ma\/index.php\/produit\/cattier-moussant-familial-corps-et-cheveux-1-litre-2\/\"]}]},{\"@type\":\"ImageObject\",\"inLanguage\":\"fr-FR\",\"@id\":\"https:\/\/paracherkaoui.ma\/index.php\/produit\/cattier-moussant-familial-corps-et-cheveux-1-litre-2\/#primaryimage\",\"url\":\"https:\/\/paracherkaoui.ma\/wp-content\/uploads\/2025\/12\/cattier-moussant-familial-corps-et-cheveux-1-litre.jpg\",\"contentUrl\":\"https:\/\/paracherkaoui.ma\/wp-content\/uploads\/2025\/12\/cattier-moussant-familial-corps-et-cheveux-1-litre.jpg\",\"width\":700,\"height\":700},{\"@type\":\"BreadcrumbList\",\"@id\":\"https:\/\/paracherkaoui.ma\/index.php\/produit\/cattier-moussant-familial-corps-et-cheveux-1-litre-2\/#breadcrumb\",\"itemListElement\":[{\"@type\":\"ListItem\",\"position\":1,\"name\":\"Accueil\",\"item\":\"https:\/\/paracherkaoui.ma\/\"},{\"@type\":\"ListItem\",\"position\":2,\"name\":\"Boutique\",\"item\":\"https:\/\/paracherkaoui.ma\/index.php\/boutique\/\"},{\"@type\":\"ListItem\",\"position\":3,\"name\":\"CATTIER MOUSSANT FAMILIAL CORPS ET CHEVEUX 1 LITRE\"}]},{\"@type\":\"WebSite\",\"@id\":\"https:\/\/paracherkaoui.ma\/#website\",\"url\":\"https:\/\/paracherkaoui.ma\/\",\"name\":\"Paracherkaoui.ma\",\"description\":\"Achetez en ligne sur Paracherkaoui.ma\",\"potentialAction\":[{\"@type\":\"SearchAction\",\"target\":{\"@type\":\"EntryPoint\",\"urlTemplate\":\"https:\/\/paracherkaoui.ma\/?s={search_term_string}\"},\"query-input\":{\"@type\":\"PropertyValueSpecification\",\"valueRequired\":true,\"valueName\":\"search_term_string\"}}],\"inLanguage\":\"fr-FR\"}]}<\/script>\r\n<!-- \/ Yoast SEO plugin. -->","yoast_head_json":{"title":"CATTIER MOUSSANT FAMILIAL CORPS ET CHEVEUX 1 LITRE - Paracherkaoui.ma","robots":{"index":"index","follow":"follow","max-snippet":"max-snippet:-1","max-image-preview":"max-image-preview:large","max-video-preview":"max-video-preview:-1"},"canonical":"https:\/\/paracherkaoui.ma\/index.php\/produit\/cattier-moussant-familial-corps-et-cheveux-1-litre-2\/","og_locale":"fr_FR","og_type":"article","og_title":"CATTIER MOUSSANT FAMILIAL CORPS ET CHEVEUX 1 LITRE - Paracherkaoui.ma","og_description":"Cattier Moussant Familial 1 L format familial nettoie chaque jour le corps et les cheveux de toute la famille, sans","og_url":"https:\/\/paracherkaoui.ma\/index.php\/produit\/cattier-moussant-familial-corps-et-cheveux-1-litre-2\/","og_site_name":"Paracherkaoui.ma","article_modified_time":"2025-12-12T18:12:51+00:00","og_image":[{"width":700,"height":700,"url":"https:\/\/paracherkaoui.ma\/wp-content\/uploads\/2025\/12\/cattier-moussant-familial-corps-et-cheveux-1-litre.jpg","type":"image\/jpeg"}],"twitter_card":"summary_large_image","twitter_misc":{"Dur\u00e9e de lecture estim\u00e9e":"1 minute"},"schema":{"@context":"https:\/\/schema.org","@graph":[{"@type":"WebPage","@id":"https:\/\/paracherkaoui.ma\/index.php\/produit\/cattier-moussant-familial-corps-et-cheveux-1-litre-2\/","url":"https:\/\/paracherkaoui.ma\/index.php\/produit\/cattier-moussant-familial-corps-et-cheveux-1-litre-2\/","name":"CATTIER MOUSSANT FAMILIAL CORPS ET CHEVEUX 1 LITRE - Paracherkaoui.ma","isPartOf":{"@id":"https:\/\/paracherkaoui.ma\/#website"},"primaryImageOfPage":{"@id":"https:\/\/paracherkaoui.ma\/index.php\/produit\/cattier-moussant-familial-corps-et-cheveux-1-litre-2\/#primaryimage"},"image":{"@id":"https:\/\/paracherkaoui.ma\/index.php\/produit\/cattier-moussant-familial-corps-et-cheveux-1-litre-2\/#primaryimage"},"thumbnailUrl":"https:\/\/paracherkaoui.ma\/wp-content\/uploads\/2025\/12\/cattier-moussant-familial-corps-et-cheveux-1-litre.jpg","datePublished":"2025-12-12T18:12:43+00:00","dateModified":"2025-12-12T18:12:51+00:00","breadcrumb":{"@id":"https:\/\/paracherkaoui.ma\/index.php\/produit\/cattier-moussant-familial-corps-et-cheveux-1-litre-2\/#breadcrumb"},"inLanguage":"fr-FR","potentialAction":[{"@type":"ReadAction","target":["https:\/\/paracherkaoui.ma\/index.php\/produit\/cattier-moussant-familial-corps-et-cheveux-1-litre-2\/"]}]},{"@type":"ImageObject","inLanguage":"fr-FR","@id":"https:\/\/paracherkaoui.ma\/index.php\/produit\/cattier-moussant-familial-corps-et-cheveux-1-litre-2\/#primaryimage","url":"https:\/\/paracherkaoui.ma\/wp-content\/uploads\/2025\/12\/cattier-moussant-familial-corps-et-cheveux-1-litre.jpg","contentUrl":"https:\/\/paracherkaoui.ma\/wp-content\/uploads\/2025\/12\/cattier-moussant-familial-corps-et-cheveux-1-litre.jpg","width":700,"height":700},{"@type":"BreadcrumbList","@id":"https:\/\/paracherkaoui.ma\/index.php\/produit\/cattier-moussant-familial-corps-et-cheveux-1-litre-2\/#breadcrumb","itemListElement":[{"@type":"ListItem","position":1,"name":"Accueil","item":"https:\/\/paracherkaoui.ma\/"},{"@type":"ListItem","position":2,"name":"Boutique","item":"https:\/\/paracherkaoui.ma\/index.php\/boutique\/"},{"@type":"ListItem","position":3,"name":"CATTIER MOUSSANT FAMILIAL CORPS ET CHEVEUX 1 LITRE"}]},{"@type":"WebSite","@id":"https:\/\/paracherkaoui.ma\/#website","url":"https:\/\/paracherkaoui.ma\/","name":"Paracherkaoui.ma","description":"Achetez en ligne sur Paracherkaoui.ma","potentialAction":[{"@type":"SearchAction","target":{"@type":"EntryPoint","urlTemplate":"https:\/\/paracherkaoui.ma\/?s={search_term_string}"},"query-input":{"@type":"PropertyValueSpecification","valueRequired":true,"valueName":"search_term_string"}}],"inLanguage":"fr-FR"}]}},"_links":{"self":[{"href":"https:\/\/paracherkaoui.ma\/index.php\/wp-json\/wp\/v2\/product\/44200","targetHints":{"allow":["GET"]}}],"collection":[{"href":"https:\/\/paracherkaoui.ma\/index.php\/wp-json\/wp\/v2\/product"}],"about":[{"href":"https:\/\/paracherkaoui.ma\/index.php\/wp-json\/wp\/v2\/types\/product"}],"replies":[{"embeddable":true,"href":"https:\/\/paracherkaoui.ma\/index.php\/wp-json\/wp\/v2\/comments?post=44200"}],"version-history":[{"count":1,"href":"https:\/\/paracherkaoui.ma\/index.php\/wp-json\/wp\/v2\/product\/44200\/revisions"}],"predecessor-version":[{"id":44256,"href":"https:\/\/paracherkaoui.ma\/index.php\/wp-json\/wp\/v2\/product\/44200\/revisions\/44256"}],"wp:featuredmedia":[{"embeddable":true,"href":"https:\/\/paracherkaoui.ma\/index.php\/wp-json\/wp\/v2\/media\/35290"}],"wp:attachment":[{"href":"https:\/\/paracherkaoui.ma\/index.php\/wp-json\/wp\/v2\/media?parent=44200"}],"wp:term":[{"taxonomy":"product_brand","embeddable":true,"href":"https:\/\/paracherkaoui.ma\/index.php\/wp-json\/wp\/v2\/product_brand?post=44200"},{"taxonomy":"product_cat","embeddable":true,"href":"https:\/\/paracherkaoui.ma\/index.php\/wp-json\/wp\/v2\/product_cat?post=44200"},{"taxonomy":"product_tag","embeddable":true,"href":"https:\/\/paracherkaoui.ma\/index.php\/wp-json\/wp\/v2\/product_tag?post=44200"}],"curies":[{"name":"wp","href":"https:\/\/api.w.org\/{rel}","templated":true}]}}