{"id":43973,"date":"2025-12-12T19:12:11","date_gmt":"2025-12-12T18:12:11","guid":{"rendered":"https:\/\/test.ecbeaute.com\/?post_type=product&#038;p=43973"},"modified":"2025-12-12T19:12:15","modified_gmt":"2025-12-12T18:12:15","slug":"klorane-bebe-gel-lavant-doux-au-calendula-500-ml-2","status":"publish","type":"product","link":"https:\/\/paracherkaoui.ma\/index.php\/produit\/klorane-bebe-gel-lavant-doux-au-calendula-500-ml-2\/","title":{"rendered":"KLORANE BEBE GEL LAVANT DOUX AU CALENDULA 500 ML"},"content":{"rendered":"<p>Le Gel lavant doux Klorane B\u00e9b\u00e9 nettoie, apaise et prot\u00e8ge la peau et les cheveux d\u00e9licats de b\u00e9b\u00e9, sans piquer les yeux. La formule biod\u00e9gradable aux fleurs de Calendula issues de culture BIO, apaisantes et protectrices, est enrichie d&rsquo;agents hydratants naturels et test\u00e9e sous contr\u00f4le p\u00e9diatrique. La peau des tout-petits est hydrat\u00e9e et prot\u00e9g\u00e9e, sans danger. La mousse l\u00e9g\u00e8re et parfum\u00e9e transforme le bain quotidien en un doux moment de d\u00e9tente et de partage<br \/>\nLes bienfaits :<br \/>\nNettoie : pratique, sa formule biod\u00e9gradable 2-en-1 nettoie tout en douceur la peau fragile et les cheveux d\u00e9licats des plus petits.<br \/>\nApaise : le Gel lavant doux Klorane est d\u00e9licatement parfum\u00e9 d&rsquo;un accord floral relaxant, pour apaiser et d\u00e9tendre lors de l&rsquo;application.<br \/>\nProt\u00e8ge : riche en agents hydratants naturels et en Calendula adoucissant, la peau est prot\u00e9g\u00e9e du dess\u00e8chement et les cheveux fins se d\u00e9m\u00ealent facilement.<br \/>\nConseils d&rsquo;utilisation:<br \/>\nFaire mousser sur le corps et les cheveux pr\u00e9alablement mouill\u00e9s. Rincer en cas de contact avec les yeux.<\/p>\n","protected":false},"excerpt":{"rendered":"<p>Le Gel lavant doux Klorane B\u00e9b\u00e9 nettoie, apaise et prot\u00e8ge la peau et les cheveux d\u00e9licats de b\u00e9b\u00e9, sans piquer<\/p>\n","protected":false},"featured_media":12613,"comment_status":"open","ping_status":"closed","template":"","meta":[],"product_brand":[145],"product_cat":[773],"product_tag":[],"class_list":{"0":"post-43973","1":"product","2":"type-product","3":"status-publish","4":"has-post-thumbnail","6":"product_brand-klorane","7":"product_cat-changes-bebe","9":"first","10":"instock","11":"sale","12":"shipping-taxable","13":"purchasable","14":"product-type-simple"},"yoast_head":"<!-- This site is optimized with the Yoast SEO plugin v26.6 - https:\/\/yoast.com\/wordpress\/plugins\/seo\/ -->\r\n<title>KLORANE BEBE GEL LAVANT DOUX AU CALENDULA 500 ML - Paracherkaoui.ma<\/title>\r\n<meta name=\"robots\" content=\"index, follow, max-snippet:-1, max-image-preview:large, max-video-preview:-1\" \/>\r\n<link rel=\"canonical\" href=\"https:\/\/paracherkaoui.ma\/index.php\/produit\/klorane-bebe-gel-lavant-doux-au-calendula-500-ml-2\/\" \/>\r\n<meta property=\"og:locale\" content=\"fr_FR\" \/>\r\n<meta property=\"og:type\" content=\"article\" \/>\r\n<meta property=\"og:title\" content=\"KLORANE BEBE GEL LAVANT DOUX AU CALENDULA 500 ML - Paracherkaoui.ma\" \/>\r\n<meta property=\"og:description\" content=\"Le Gel lavant doux Klorane B\u00e9b\u00e9 nettoie, apaise et prot\u00e8ge la peau et les cheveux d\u00e9licats de b\u00e9b\u00e9, sans piquer\" \/>\r\n<meta property=\"og:url\" content=\"https:\/\/paracherkaoui.ma\/index.php\/produit\/klorane-bebe-gel-lavant-doux-au-calendula-500-ml-2\/\" \/>\r\n<meta property=\"og:site_name\" content=\"Paracherkaoui.ma\" \/>\r\n<meta property=\"article:modified_time\" content=\"2025-12-12T18:12:15+00:00\" \/>\r\n<meta property=\"og:image\" content=\"https:\/\/paracherkaoui.ma\/wp-content\/uploads\/2025\/12\/klorane-klorane-bebe-gel-lavant-doux-au-calendula-500-ml-nettoyants-liniments-et-talcs.jpg\" \/>\r\n\t<meta property=\"og:image:width\" content=\"700\" \/>\r\n\t<meta property=\"og:image:height\" content=\"700\" \/>\r\n\t<meta property=\"og:image:type\" content=\"image\/jpeg\" \/>\r\n<meta name=\"twitter:card\" content=\"summary_large_image\" \/>\r\n<meta name=\"twitter:label1\" content=\"Dur\u00e9e de lecture estim\u00e9e\" \/>\n\t<meta name=\"twitter:data1\" content=\"1 minute\" \/>\r\n<script type=\"application\/ld+json\" class=\"yoast-schema-graph\">{\"@context\":\"https:\/\/schema.org\",\"@graph\":[{\"@type\":\"WebPage\",\"@id\":\"https:\/\/paracherkaoui.ma\/index.php\/produit\/klorane-bebe-gel-lavant-doux-au-calendula-500-ml-2\/\",\"url\":\"https:\/\/paracherkaoui.ma\/index.php\/produit\/klorane-bebe-gel-lavant-doux-au-calendula-500-ml-2\/\",\"name\":\"KLORANE BEBE GEL LAVANT DOUX AU CALENDULA 500 ML - Paracherkaoui.ma\",\"isPartOf\":{\"@id\":\"https:\/\/paracherkaoui.ma\/#website\"},\"primaryImageOfPage\":{\"@id\":\"https:\/\/paracherkaoui.ma\/index.php\/produit\/klorane-bebe-gel-lavant-doux-au-calendula-500-ml-2\/#primaryimage\"},\"image\":{\"@id\":\"https:\/\/paracherkaoui.ma\/index.php\/produit\/klorane-bebe-gel-lavant-doux-au-calendula-500-ml-2\/#primaryimage\"},\"thumbnailUrl\":\"https:\/\/paracherkaoui.ma\/wp-content\/uploads\/2025\/12\/klorane-klorane-bebe-gel-lavant-doux-au-calendula-500-ml-nettoyants-liniments-et-talcs.jpg\",\"datePublished\":\"2025-12-12T18:12:11+00:00\",\"dateModified\":\"2025-12-12T18:12:15+00:00\",\"breadcrumb\":{\"@id\":\"https:\/\/paracherkaoui.ma\/index.php\/produit\/klorane-bebe-gel-lavant-doux-au-calendula-500-ml-2\/#breadcrumb\"},\"inLanguage\":\"fr-FR\",\"potentialAction\":[{\"@type\":\"ReadAction\",\"target\":[\"https:\/\/paracherkaoui.ma\/index.php\/produit\/klorane-bebe-gel-lavant-doux-au-calendula-500-ml-2\/\"]}]},{\"@type\":\"ImageObject\",\"inLanguage\":\"fr-FR\",\"@id\":\"https:\/\/paracherkaoui.ma\/index.php\/produit\/klorane-bebe-gel-lavant-doux-au-calendula-500-ml-2\/#primaryimage\",\"url\":\"https:\/\/paracherkaoui.ma\/wp-content\/uploads\/2025\/12\/klorane-klorane-bebe-gel-lavant-doux-au-calendula-500-ml-nettoyants-liniments-et-talcs.jpg\",\"contentUrl\":\"https:\/\/paracherkaoui.ma\/wp-content\/uploads\/2025\/12\/klorane-klorane-bebe-gel-lavant-doux-au-calendula-500-ml-nettoyants-liniments-et-talcs.jpg\",\"width\":700,\"height\":700},{\"@type\":\"BreadcrumbList\",\"@id\":\"https:\/\/paracherkaoui.ma\/index.php\/produit\/klorane-bebe-gel-lavant-doux-au-calendula-500-ml-2\/#breadcrumb\",\"itemListElement\":[{\"@type\":\"ListItem\",\"position\":1,\"name\":\"Accueil\",\"item\":\"https:\/\/paracherkaoui.ma\/\"},{\"@type\":\"ListItem\",\"position\":2,\"name\":\"Boutique\",\"item\":\"https:\/\/paracherkaoui.ma\/index.php\/boutique\/\"},{\"@type\":\"ListItem\",\"position\":3,\"name\":\"KLORANE BEBE GEL LAVANT DOUX AU CALENDULA 500 ML\"}]},{\"@type\":\"WebSite\",\"@id\":\"https:\/\/paracherkaoui.ma\/#website\",\"url\":\"https:\/\/paracherkaoui.ma\/\",\"name\":\"Paracherkaoui.ma\",\"description\":\"Achetez en ligne sur Paracherkaoui.ma\",\"potentialAction\":[{\"@type\":\"SearchAction\",\"target\":{\"@type\":\"EntryPoint\",\"urlTemplate\":\"https:\/\/paracherkaoui.ma\/?s={search_term_string}\"},\"query-input\":{\"@type\":\"PropertyValueSpecification\",\"valueRequired\":true,\"valueName\":\"search_term_string\"}}],\"inLanguage\":\"fr-FR\"}]}<\/script>\r\n<!-- \/ Yoast SEO plugin. -->","yoast_head_json":{"title":"KLORANE BEBE GEL LAVANT DOUX AU CALENDULA 500 ML - Paracherkaoui.ma","robots":{"index":"index","follow":"follow","max-snippet":"max-snippet:-1","max-image-preview":"max-image-preview:large","max-video-preview":"max-video-preview:-1"},"canonical":"https:\/\/paracherkaoui.ma\/index.php\/produit\/klorane-bebe-gel-lavant-doux-au-calendula-500-ml-2\/","og_locale":"fr_FR","og_type":"article","og_title":"KLORANE BEBE GEL LAVANT DOUX AU CALENDULA 500 ML - Paracherkaoui.ma","og_description":"Le Gel lavant doux Klorane B\u00e9b\u00e9 nettoie, apaise et prot\u00e8ge la peau et les cheveux d\u00e9licats de b\u00e9b\u00e9, sans piquer","og_url":"https:\/\/paracherkaoui.ma\/index.php\/produit\/klorane-bebe-gel-lavant-doux-au-calendula-500-ml-2\/","og_site_name":"Paracherkaoui.ma","article_modified_time":"2025-12-12T18:12:15+00:00","og_image":[{"width":700,"height":700,"url":"https:\/\/paracherkaoui.ma\/wp-content\/uploads\/2025\/12\/klorane-klorane-bebe-gel-lavant-doux-au-calendula-500-ml-nettoyants-liniments-et-talcs.jpg","type":"image\/jpeg"}],"twitter_card":"summary_large_image","twitter_misc":{"Dur\u00e9e de lecture estim\u00e9e":"1 minute"},"schema":{"@context":"https:\/\/schema.org","@graph":[{"@type":"WebPage","@id":"https:\/\/paracherkaoui.ma\/index.php\/produit\/klorane-bebe-gel-lavant-doux-au-calendula-500-ml-2\/","url":"https:\/\/paracherkaoui.ma\/index.php\/produit\/klorane-bebe-gel-lavant-doux-au-calendula-500-ml-2\/","name":"KLORANE BEBE GEL LAVANT DOUX AU CALENDULA 500 ML - Paracherkaoui.ma","isPartOf":{"@id":"https:\/\/paracherkaoui.ma\/#website"},"primaryImageOfPage":{"@id":"https:\/\/paracherkaoui.ma\/index.php\/produit\/klorane-bebe-gel-lavant-doux-au-calendula-500-ml-2\/#primaryimage"},"image":{"@id":"https:\/\/paracherkaoui.ma\/index.php\/produit\/klorane-bebe-gel-lavant-doux-au-calendula-500-ml-2\/#primaryimage"},"thumbnailUrl":"https:\/\/paracherkaoui.ma\/wp-content\/uploads\/2025\/12\/klorane-klorane-bebe-gel-lavant-doux-au-calendula-500-ml-nettoyants-liniments-et-talcs.jpg","datePublished":"2025-12-12T18:12:11+00:00","dateModified":"2025-12-12T18:12:15+00:00","breadcrumb":{"@id":"https:\/\/paracherkaoui.ma\/index.php\/produit\/klorane-bebe-gel-lavant-doux-au-calendula-500-ml-2\/#breadcrumb"},"inLanguage":"fr-FR","potentialAction":[{"@type":"ReadAction","target":["https:\/\/paracherkaoui.ma\/index.php\/produit\/klorane-bebe-gel-lavant-doux-au-calendula-500-ml-2\/"]}]},{"@type":"ImageObject","inLanguage":"fr-FR","@id":"https:\/\/paracherkaoui.ma\/index.php\/produit\/klorane-bebe-gel-lavant-doux-au-calendula-500-ml-2\/#primaryimage","url":"https:\/\/paracherkaoui.ma\/wp-content\/uploads\/2025\/12\/klorane-klorane-bebe-gel-lavant-doux-au-calendula-500-ml-nettoyants-liniments-et-talcs.jpg","contentUrl":"https:\/\/paracherkaoui.ma\/wp-content\/uploads\/2025\/12\/klorane-klorane-bebe-gel-lavant-doux-au-calendula-500-ml-nettoyants-liniments-et-talcs.jpg","width":700,"height":700},{"@type":"BreadcrumbList","@id":"https:\/\/paracherkaoui.ma\/index.php\/produit\/klorane-bebe-gel-lavant-doux-au-calendula-500-ml-2\/#breadcrumb","itemListElement":[{"@type":"ListItem","position":1,"name":"Accueil","item":"https:\/\/paracherkaoui.ma\/"},{"@type":"ListItem","position":2,"name":"Boutique","item":"https:\/\/paracherkaoui.ma\/index.php\/boutique\/"},{"@type":"ListItem","position":3,"name":"KLORANE BEBE GEL LAVANT DOUX AU CALENDULA 500 ML"}]},{"@type":"WebSite","@id":"https:\/\/paracherkaoui.ma\/#website","url":"https:\/\/paracherkaoui.ma\/","name":"Paracherkaoui.ma","description":"Achetez en ligne sur Paracherkaoui.ma","potentialAction":[{"@type":"SearchAction","target":{"@type":"EntryPoint","urlTemplate":"https:\/\/paracherkaoui.ma\/?s={search_term_string}"},"query-input":{"@type":"PropertyValueSpecification","valueRequired":true,"valueName":"search_term_string"}}],"inLanguage":"fr-FR"}]}},"_links":{"self":[{"href":"https:\/\/paracherkaoui.ma\/index.php\/wp-json\/wp\/v2\/product\/43973","targetHints":{"allow":["GET"]}}],"collection":[{"href":"https:\/\/paracherkaoui.ma\/index.php\/wp-json\/wp\/v2\/product"}],"about":[{"href":"https:\/\/paracherkaoui.ma\/index.php\/wp-json\/wp\/v2\/types\/product"}],"replies":[{"embeddable":true,"href":"https:\/\/paracherkaoui.ma\/index.php\/wp-json\/wp\/v2\/comments?post=43973"}],"version-history":[{"count":1,"href":"https:\/\/paracherkaoui.ma\/index.php\/wp-json\/wp\/v2\/product\/43973\/revisions"}],"predecessor-version":[{"id":44019,"href":"https:\/\/paracherkaoui.ma\/index.php\/wp-json\/wp\/v2\/product\/43973\/revisions\/44019"}],"wp:featuredmedia":[{"embeddable":true,"href":"https:\/\/paracherkaoui.ma\/index.php\/wp-json\/wp\/v2\/media\/12613"}],"wp:attachment":[{"href":"https:\/\/paracherkaoui.ma\/index.php\/wp-json\/wp\/v2\/media?parent=43973"}],"wp:term":[{"taxonomy":"product_brand","embeddable":true,"href":"https:\/\/paracherkaoui.ma\/index.php\/wp-json\/wp\/v2\/product_brand?post=43973"},{"taxonomy":"product_cat","embeddable":true,"href":"https:\/\/paracherkaoui.ma\/index.php\/wp-json\/wp\/v2\/product_cat?post=43973"},{"taxonomy":"product_tag","embeddable":true,"href":"https:\/\/paracherkaoui.ma\/index.php\/wp-json\/wp\/v2\/product_tag?post=43973"}],"curies":[{"name":"wp","href":"https:\/\/api.w.org\/{rel}","templated":true}]}}