{"id":43807,"date":"2025-12-12T19:11:52","date_gmt":"2025-12-12T18:11:52","guid":{"rendered":"https:\/\/test.ecbeaute.com\/?post_type=product&#038;p=43807"},"modified":"2025-12-12T19:11:58","modified_gmt":"2025-12-12T18:11:58","slug":"mam-tasse-dapprentissage-270-ml-8-mois","status":"publish","type":"product","link":"https:\/\/paracherkaoui.ma\/index.php\/produit\/mam-tasse-dapprentissage-270-ml-8-mois\/","title":{"rendered":"MAM TASSE D&rsquo;APPRENTISSAGE 270 ML 8 MOIS+"},"content":{"rendered":"<p>Pr\u00eat pour la Fun To Drink Cup\u00a0? Les designers MAM ont cr\u00e9\u00e9 la tasse innovante Fun To Drink Cup, pour que b\u00e9b\u00e9 apprenne \u00e0 boire tout seul.<br \/>\nBec dur, id\u00e9al pour faciliter la transition entre la tasse d\u2019apprentissage et le verre<br \/>\nSyst\u00e8me de ventilation brevet\u00e9, dispositif anti-gouttes ou de d\u00e9bit continu<br \/>\nStyle et simplicit\u00e9\u00a0: parfait pour les petits explorateurs<\/p>\n","protected":false},"excerpt":{"rendered":"<p>Pr\u00eat pour la Fun To Drink Cup\u00a0? Les designers MAM ont cr\u00e9\u00e9 la tasse innovante Fun To Drink Cup, pour<\/p>\n","protected":false},"featured_media":43865,"comment_status":"open","ping_status":"closed","template":"","meta":[],"product_brand":[727],"product_cat":[765],"product_tag":[],"class_list":{"0":"post-43807","1":"product","2":"type-product","3":"status-publish","4":"has-post-thumbnail","6":"product_brand-mam","7":"product_cat-tasses-dapprentissage","9":"first","10":"instock","11":"sale","12":"shipping-taxable","13":"purchasable","14":"product-type-simple"},"yoast_head":"<!-- This site is optimized with the Yoast SEO plugin v26.6 - https:\/\/yoast.com\/wordpress\/plugins\/seo\/ -->\r\n<title>MAM TASSE D&#039;APPRENTISSAGE 270 ML 8 MOIS+ - Paracherkaoui.ma<\/title>\r\n<meta name=\"robots\" content=\"index, follow, max-snippet:-1, max-image-preview:large, max-video-preview:-1\" \/>\r\n<link rel=\"canonical\" href=\"https:\/\/paracherkaoui.ma\/index.php\/produit\/mam-tasse-dapprentissage-270-ml-8-mois\/\" \/>\r\n<meta property=\"og:locale\" content=\"fr_FR\" \/>\r\n<meta property=\"og:type\" content=\"article\" \/>\r\n<meta property=\"og:title\" content=\"MAM TASSE D&#039;APPRENTISSAGE 270 ML 8 MOIS+ - Paracherkaoui.ma\" \/>\r\n<meta property=\"og:description\" content=\"Pr\u00eat pour la Fun To Drink Cup\u00a0? Les designers MAM ont cr\u00e9\u00e9 la tasse innovante Fun To Drink Cup, pour\" \/>\r\n<meta property=\"og:url\" content=\"https:\/\/paracherkaoui.ma\/index.php\/produit\/mam-tasse-dapprentissage-270-ml-8-mois\/\" \/>\r\n<meta property=\"og:site_name\" content=\"Paracherkaoui.ma\" \/>\r\n<meta property=\"article:modified_time\" content=\"2025-12-12T18:11:58+00:00\" \/>\r\n<meta property=\"og:image\" content=\"https:\/\/paracherkaoui.ma\/wp-content\/uploads\/2025\/12\/mam-tasse-d-apprentissage-270-ml-8-mois.jpg\" \/>\r\n\t<meta property=\"og:image:width\" content=\"700\" \/>\r\n\t<meta property=\"og:image:height\" content=\"700\" \/>\r\n\t<meta property=\"og:image:type\" content=\"image\/jpeg\" \/>\r\n<meta name=\"twitter:card\" content=\"summary_large_image\" \/>\r\n<script type=\"application\/ld+json\" class=\"yoast-schema-graph\">{\"@context\":\"https:\/\/schema.org\",\"@graph\":[{\"@type\":\"WebPage\",\"@id\":\"https:\/\/paracherkaoui.ma\/index.php\/produit\/mam-tasse-dapprentissage-270-ml-8-mois\/\",\"url\":\"https:\/\/paracherkaoui.ma\/index.php\/produit\/mam-tasse-dapprentissage-270-ml-8-mois\/\",\"name\":\"MAM TASSE D'APPRENTISSAGE 270 ML 8 MOIS+ - Paracherkaoui.ma\",\"isPartOf\":{\"@id\":\"https:\/\/paracherkaoui.ma\/#website\"},\"primaryImageOfPage\":{\"@id\":\"https:\/\/paracherkaoui.ma\/index.php\/produit\/mam-tasse-dapprentissage-270-ml-8-mois\/#primaryimage\"},\"image\":{\"@id\":\"https:\/\/paracherkaoui.ma\/index.php\/produit\/mam-tasse-dapprentissage-270-ml-8-mois\/#primaryimage\"},\"thumbnailUrl\":\"https:\/\/paracherkaoui.ma\/wp-content\/uploads\/2025\/12\/mam-tasse-d-apprentissage-270-ml-8-mois.jpg\",\"datePublished\":\"2025-12-12T18:11:52+00:00\",\"dateModified\":\"2025-12-12T18:11:58+00:00\",\"breadcrumb\":{\"@id\":\"https:\/\/paracherkaoui.ma\/index.php\/produit\/mam-tasse-dapprentissage-270-ml-8-mois\/#breadcrumb\"},\"inLanguage\":\"fr-FR\",\"potentialAction\":[{\"@type\":\"ReadAction\",\"target\":[\"https:\/\/paracherkaoui.ma\/index.php\/produit\/mam-tasse-dapprentissage-270-ml-8-mois\/\"]}]},{\"@type\":\"ImageObject\",\"inLanguage\":\"fr-FR\",\"@id\":\"https:\/\/paracherkaoui.ma\/index.php\/produit\/mam-tasse-dapprentissage-270-ml-8-mois\/#primaryimage\",\"url\":\"https:\/\/paracherkaoui.ma\/wp-content\/uploads\/2025\/12\/mam-tasse-d-apprentissage-270-ml-8-mois.jpg\",\"contentUrl\":\"https:\/\/paracherkaoui.ma\/wp-content\/uploads\/2025\/12\/mam-tasse-d-apprentissage-270-ml-8-mois.jpg\",\"width\":700,\"height\":700},{\"@type\":\"BreadcrumbList\",\"@id\":\"https:\/\/paracherkaoui.ma\/index.php\/produit\/mam-tasse-dapprentissage-270-ml-8-mois\/#breadcrumb\",\"itemListElement\":[{\"@type\":\"ListItem\",\"position\":1,\"name\":\"Accueil\",\"item\":\"https:\/\/paracherkaoui.ma\/\"},{\"@type\":\"ListItem\",\"position\":2,\"name\":\"Boutique\",\"item\":\"https:\/\/paracherkaoui.ma\/index.php\/boutique\/\"},{\"@type\":\"ListItem\",\"position\":3,\"name\":\"MAM TASSE D&rsquo;APPRENTISSAGE 270 ML 8 MOIS+\"}]},{\"@type\":\"WebSite\",\"@id\":\"https:\/\/paracherkaoui.ma\/#website\",\"url\":\"https:\/\/paracherkaoui.ma\/\",\"name\":\"Paracherkaoui.ma\",\"description\":\"Achetez en ligne sur Paracherkaoui.ma\",\"potentialAction\":[{\"@type\":\"SearchAction\",\"target\":{\"@type\":\"EntryPoint\",\"urlTemplate\":\"https:\/\/paracherkaoui.ma\/?s={search_term_string}\"},\"query-input\":{\"@type\":\"PropertyValueSpecification\",\"valueRequired\":true,\"valueName\":\"search_term_string\"}}],\"inLanguage\":\"fr-FR\"}]}<\/script>\r\n<!-- \/ Yoast SEO plugin. -->","yoast_head_json":{"title":"MAM TASSE D'APPRENTISSAGE 270 ML 8 MOIS+ - Paracherkaoui.ma","robots":{"index":"index","follow":"follow","max-snippet":"max-snippet:-1","max-image-preview":"max-image-preview:large","max-video-preview":"max-video-preview:-1"},"canonical":"https:\/\/paracherkaoui.ma\/index.php\/produit\/mam-tasse-dapprentissage-270-ml-8-mois\/","og_locale":"fr_FR","og_type":"article","og_title":"MAM TASSE D'APPRENTISSAGE 270 ML 8 MOIS+ - Paracherkaoui.ma","og_description":"Pr\u00eat pour la Fun To Drink Cup\u00a0? Les designers MAM ont cr\u00e9\u00e9 la tasse innovante Fun To Drink Cup, pour","og_url":"https:\/\/paracherkaoui.ma\/index.php\/produit\/mam-tasse-dapprentissage-270-ml-8-mois\/","og_site_name":"Paracherkaoui.ma","article_modified_time":"2025-12-12T18:11:58+00:00","og_image":[{"width":700,"height":700,"url":"https:\/\/paracherkaoui.ma\/wp-content\/uploads\/2025\/12\/mam-tasse-d-apprentissage-270-ml-8-mois.jpg","type":"image\/jpeg"}],"twitter_card":"summary_large_image","schema":{"@context":"https:\/\/schema.org","@graph":[{"@type":"WebPage","@id":"https:\/\/paracherkaoui.ma\/index.php\/produit\/mam-tasse-dapprentissage-270-ml-8-mois\/","url":"https:\/\/paracherkaoui.ma\/index.php\/produit\/mam-tasse-dapprentissage-270-ml-8-mois\/","name":"MAM TASSE D'APPRENTISSAGE 270 ML 8 MOIS+ - Paracherkaoui.ma","isPartOf":{"@id":"https:\/\/paracherkaoui.ma\/#website"},"primaryImageOfPage":{"@id":"https:\/\/paracherkaoui.ma\/index.php\/produit\/mam-tasse-dapprentissage-270-ml-8-mois\/#primaryimage"},"image":{"@id":"https:\/\/paracherkaoui.ma\/index.php\/produit\/mam-tasse-dapprentissage-270-ml-8-mois\/#primaryimage"},"thumbnailUrl":"https:\/\/paracherkaoui.ma\/wp-content\/uploads\/2025\/12\/mam-tasse-d-apprentissage-270-ml-8-mois.jpg","datePublished":"2025-12-12T18:11:52+00:00","dateModified":"2025-12-12T18:11:58+00:00","breadcrumb":{"@id":"https:\/\/paracherkaoui.ma\/index.php\/produit\/mam-tasse-dapprentissage-270-ml-8-mois\/#breadcrumb"},"inLanguage":"fr-FR","potentialAction":[{"@type":"ReadAction","target":["https:\/\/paracherkaoui.ma\/index.php\/produit\/mam-tasse-dapprentissage-270-ml-8-mois\/"]}]},{"@type":"ImageObject","inLanguage":"fr-FR","@id":"https:\/\/paracherkaoui.ma\/index.php\/produit\/mam-tasse-dapprentissage-270-ml-8-mois\/#primaryimage","url":"https:\/\/paracherkaoui.ma\/wp-content\/uploads\/2025\/12\/mam-tasse-d-apprentissage-270-ml-8-mois.jpg","contentUrl":"https:\/\/paracherkaoui.ma\/wp-content\/uploads\/2025\/12\/mam-tasse-d-apprentissage-270-ml-8-mois.jpg","width":700,"height":700},{"@type":"BreadcrumbList","@id":"https:\/\/paracherkaoui.ma\/index.php\/produit\/mam-tasse-dapprentissage-270-ml-8-mois\/#breadcrumb","itemListElement":[{"@type":"ListItem","position":1,"name":"Accueil","item":"https:\/\/paracherkaoui.ma\/"},{"@type":"ListItem","position":2,"name":"Boutique","item":"https:\/\/paracherkaoui.ma\/index.php\/boutique\/"},{"@type":"ListItem","position":3,"name":"MAM TASSE D&rsquo;APPRENTISSAGE 270 ML 8 MOIS+"}]},{"@type":"WebSite","@id":"https:\/\/paracherkaoui.ma\/#website","url":"https:\/\/paracherkaoui.ma\/","name":"Paracherkaoui.ma","description":"Achetez en ligne sur Paracherkaoui.ma","potentialAction":[{"@type":"SearchAction","target":{"@type":"EntryPoint","urlTemplate":"https:\/\/paracherkaoui.ma\/?s={search_term_string}"},"query-input":{"@type":"PropertyValueSpecification","valueRequired":true,"valueName":"search_term_string"}}],"inLanguage":"fr-FR"}]}},"_links":{"self":[{"href":"https:\/\/paracherkaoui.ma\/index.php\/wp-json\/wp\/v2\/product\/43807","targetHints":{"allow":["GET"]}}],"collection":[{"href":"https:\/\/paracherkaoui.ma\/index.php\/wp-json\/wp\/v2\/product"}],"about":[{"href":"https:\/\/paracherkaoui.ma\/index.php\/wp-json\/wp\/v2\/types\/product"}],"replies":[{"embeddable":true,"href":"https:\/\/paracherkaoui.ma\/index.php\/wp-json\/wp\/v2\/comments?post=43807"}],"version-history":[{"count":1,"href":"https:\/\/paracherkaoui.ma\/index.php\/wp-json\/wp\/v2\/product\/43807\/revisions"}],"predecessor-version":[{"id":43866,"href":"https:\/\/paracherkaoui.ma\/index.php\/wp-json\/wp\/v2\/product\/43807\/revisions\/43866"}],"wp:featuredmedia":[{"embeddable":true,"href":"https:\/\/paracherkaoui.ma\/index.php\/wp-json\/wp\/v2\/media\/43865"}],"wp:attachment":[{"href":"https:\/\/paracherkaoui.ma\/index.php\/wp-json\/wp\/v2\/media?parent=43807"}],"wp:term":[{"taxonomy":"product_brand","embeddable":true,"href":"https:\/\/paracherkaoui.ma\/index.php\/wp-json\/wp\/v2\/product_brand?post=43807"},{"taxonomy":"product_cat","embeddable":true,"href":"https:\/\/paracherkaoui.ma\/index.php\/wp-json\/wp\/v2\/product_cat?post=43807"},{"taxonomy":"product_tag","embeddable":true,"href":"https:\/\/paracherkaoui.ma\/index.php\/wp-json\/wp\/v2\/product_tag?post=43807"}],"curies":[{"name":"wp","href":"https:\/\/api.w.org\/{rel}","templated":true}]}}