{"id":43544,"date":"2025-12-12T19:11:12","date_gmt":"2025-12-12T18:11:12","guid":{"rendered":"https:\/\/test.ecbeaute.com\/?post_type=product&#038;p=43544"},"modified":"2025-12-12T19:11:15","modified_gmt":"2025-12-12T18:11:15","slug":"dodie-tetine-ini-anti-colique-d4-6m-liquide-epais-x2","status":"publish","type":"product","link":"https:\/\/paracherkaoui.ma\/index.php\/produit\/dodie-tetine-ini-anti-colique-d4-6m-liquide-epais-x2\/","title":{"rendered":"DODIE TETINE INI+ ANTI COLIQUE D4 +6M LIQUIDE EPAIS X2"},"content":{"rendered":"<p>Description:<br \/>\nLes t\u00e9tines anti-colique ont une forme large et ronde proche de la forme du sein et adapt\u00e9e \u00e0 la bouche de b\u00e9b\u00e9. Dot\u00e9e d\u2019une valve brevet\u00e9e assurant une circulation de l\u2019air r\u00e9guli\u00e8re, les t\u00e9tines EASY AIR aident \u00e0 r\u00e9duire les risques de coliques, de r\u00e9gurgitations et d\u2019a\u00e9rophagie<br \/>\nLes t\u00e9tines EASY AIR s\u2019adaptent \u00e0 tous les biberons Dodie Initiation+ et \u00c9volution+3 vitesses<\/p>\n","protected":false},"excerpt":{"rendered":"<p>Description: Les t\u00e9tines anti-colique ont une forme large et ronde proche de la forme du sein et adapt\u00e9e \u00e0 la<\/p>\n","protected":false},"featured_media":43567,"comment_status":"open","ping_status":"closed","template":"","meta":[],"product_brand":[725],"product_cat":[753],"product_tag":[],"class_list":{"0":"post-43544","1":"product","2":"type-product","3":"status-publish","4":"has-post-thumbnail","6":"product_brand-dodie","7":"product_cat-tetine","9":"first","10":"instock","11":"sale","12":"shipping-taxable","13":"purchasable","14":"product-type-simple"},"yoast_head":"<!-- This site is optimized with the Yoast SEO plugin v26.6 - https:\/\/yoast.com\/wordpress\/plugins\/seo\/ -->\r\n<title>DODIE TETINE INI+ ANTI COLIQUE D4 +6M LIQUIDE EPAIS X2 - Paracherkaoui.ma<\/title>\r\n<meta name=\"robots\" content=\"index, follow, max-snippet:-1, max-image-preview:large, max-video-preview:-1\" \/>\r\n<link rel=\"canonical\" href=\"https:\/\/paracherkaoui.ma\/index.php\/produit\/dodie-tetine-ini-anti-colique-d4-6m-liquide-epais-x2\/\" \/>\r\n<meta property=\"og:locale\" content=\"fr_FR\" \/>\r\n<meta property=\"og:type\" content=\"article\" \/>\r\n<meta property=\"og:title\" content=\"DODIE TETINE INI+ ANTI COLIQUE D4 +6M LIQUIDE EPAIS X2 - Paracherkaoui.ma\" \/>\r\n<meta property=\"og:description\" content=\"Description: Les t\u00e9tines anti-colique ont une forme large et ronde proche de la forme du sein et adapt\u00e9e \u00e0 la\" \/>\r\n<meta property=\"og:url\" content=\"https:\/\/paracherkaoui.ma\/index.php\/produit\/dodie-tetine-ini-anti-colique-d4-6m-liquide-epais-x2\/\" \/>\r\n<meta property=\"og:site_name\" content=\"Paracherkaoui.ma\" \/>\r\n<meta property=\"article:modified_time\" content=\"2025-12-12T18:11:15+00:00\" \/>\r\n<meta property=\"og:image\" content=\"https:\/\/paracherkaoui.ma\/wp-content\/uploads\/2025\/12\/dodie-dodie-tetine-ini-anti-colique-d4-6m-liquide-epais-x2-tetines.jpg\" \/>\r\n\t<meta property=\"og:image:width\" content=\"700\" \/>\r\n\t<meta property=\"og:image:height\" content=\"700\" \/>\r\n\t<meta property=\"og:image:type\" content=\"image\/jpeg\" \/>\r\n<meta name=\"twitter:card\" content=\"summary_large_image\" \/>\r\n<script type=\"application\/ld+json\" class=\"yoast-schema-graph\">{\"@context\":\"https:\/\/schema.org\",\"@graph\":[{\"@type\":\"WebPage\",\"@id\":\"https:\/\/paracherkaoui.ma\/index.php\/produit\/dodie-tetine-ini-anti-colique-d4-6m-liquide-epais-x2\/\",\"url\":\"https:\/\/paracherkaoui.ma\/index.php\/produit\/dodie-tetine-ini-anti-colique-d4-6m-liquide-epais-x2\/\",\"name\":\"DODIE TETINE INI+ ANTI COLIQUE D4 +6M LIQUIDE EPAIS X2 - Paracherkaoui.ma\",\"isPartOf\":{\"@id\":\"https:\/\/paracherkaoui.ma\/#website\"},\"primaryImageOfPage\":{\"@id\":\"https:\/\/paracherkaoui.ma\/index.php\/produit\/dodie-tetine-ini-anti-colique-d4-6m-liquide-epais-x2\/#primaryimage\"},\"image\":{\"@id\":\"https:\/\/paracherkaoui.ma\/index.php\/produit\/dodie-tetine-ini-anti-colique-d4-6m-liquide-epais-x2\/#primaryimage\"},\"thumbnailUrl\":\"https:\/\/paracherkaoui.ma\/wp-content\/uploads\/2025\/12\/dodie-dodie-tetine-ini-anti-colique-d4-6m-liquide-epais-x2-tetines.jpg\",\"datePublished\":\"2025-12-12T18:11:12+00:00\",\"dateModified\":\"2025-12-12T18:11:15+00:00\",\"breadcrumb\":{\"@id\":\"https:\/\/paracherkaoui.ma\/index.php\/produit\/dodie-tetine-ini-anti-colique-d4-6m-liquide-epais-x2\/#breadcrumb\"},\"inLanguage\":\"fr-FR\",\"potentialAction\":[{\"@type\":\"ReadAction\",\"target\":[\"https:\/\/paracherkaoui.ma\/index.php\/produit\/dodie-tetine-ini-anti-colique-d4-6m-liquide-epais-x2\/\"]}]},{\"@type\":\"ImageObject\",\"inLanguage\":\"fr-FR\",\"@id\":\"https:\/\/paracherkaoui.ma\/index.php\/produit\/dodie-tetine-ini-anti-colique-d4-6m-liquide-epais-x2\/#primaryimage\",\"url\":\"https:\/\/paracherkaoui.ma\/wp-content\/uploads\/2025\/12\/dodie-dodie-tetine-ini-anti-colique-d4-6m-liquide-epais-x2-tetines.jpg\",\"contentUrl\":\"https:\/\/paracherkaoui.ma\/wp-content\/uploads\/2025\/12\/dodie-dodie-tetine-ini-anti-colique-d4-6m-liquide-epais-x2-tetines.jpg\",\"width\":700,\"height\":700},{\"@type\":\"BreadcrumbList\",\"@id\":\"https:\/\/paracherkaoui.ma\/index.php\/produit\/dodie-tetine-ini-anti-colique-d4-6m-liquide-epais-x2\/#breadcrumb\",\"itemListElement\":[{\"@type\":\"ListItem\",\"position\":1,\"name\":\"Accueil\",\"item\":\"https:\/\/paracherkaoui.ma\/\"},{\"@type\":\"ListItem\",\"position\":2,\"name\":\"Boutique\",\"item\":\"https:\/\/paracherkaoui.ma\/index.php\/boutique\/\"},{\"@type\":\"ListItem\",\"position\":3,\"name\":\"DODIE TETINE INI+ ANTI COLIQUE D4 +6M LIQUIDE EPAIS X2\"}]},{\"@type\":\"WebSite\",\"@id\":\"https:\/\/paracherkaoui.ma\/#website\",\"url\":\"https:\/\/paracherkaoui.ma\/\",\"name\":\"Paracherkaoui.ma\",\"description\":\"Achetez en ligne sur Paracherkaoui.ma\",\"potentialAction\":[{\"@type\":\"SearchAction\",\"target\":{\"@type\":\"EntryPoint\",\"urlTemplate\":\"https:\/\/paracherkaoui.ma\/?s={search_term_string}\"},\"query-input\":{\"@type\":\"PropertyValueSpecification\",\"valueRequired\":true,\"valueName\":\"search_term_string\"}}],\"inLanguage\":\"fr-FR\"}]}<\/script>\r\n<!-- \/ Yoast SEO plugin. -->","yoast_head_json":{"title":"DODIE TETINE INI+ ANTI COLIQUE D4 +6M LIQUIDE EPAIS X2 - Paracherkaoui.ma","robots":{"index":"index","follow":"follow","max-snippet":"max-snippet:-1","max-image-preview":"max-image-preview:large","max-video-preview":"max-video-preview:-1"},"canonical":"https:\/\/paracherkaoui.ma\/index.php\/produit\/dodie-tetine-ini-anti-colique-d4-6m-liquide-epais-x2\/","og_locale":"fr_FR","og_type":"article","og_title":"DODIE TETINE INI+ ANTI COLIQUE D4 +6M LIQUIDE EPAIS X2 - Paracherkaoui.ma","og_description":"Description: Les t\u00e9tines anti-colique ont une forme large et ronde proche de la forme du sein et adapt\u00e9e \u00e0 la","og_url":"https:\/\/paracherkaoui.ma\/index.php\/produit\/dodie-tetine-ini-anti-colique-d4-6m-liquide-epais-x2\/","og_site_name":"Paracherkaoui.ma","article_modified_time":"2025-12-12T18:11:15+00:00","og_image":[{"width":700,"height":700,"url":"https:\/\/paracherkaoui.ma\/wp-content\/uploads\/2025\/12\/dodie-dodie-tetine-ini-anti-colique-d4-6m-liquide-epais-x2-tetines.jpg","type":"image\/jpeg"}],"twitter_card":"summary_large_image","schema":{"@context":"https:\/\/schema.org","@graph":[{"@type":"WebPage","@id":"https:\/\/paracherkaoui.ma\/index.php\/produit\/dodie-tetine-ini-anti-colique-d4-6m-liquide-epais-x2\/","url":"https:\/\/paracherkaoui.ma\/index.php\/produit\/dodie-tetine-ini-anti-colique-d4-6m-liquide-epais-x2\/","name":"DODIE TETINE INI+ ANTI COLIQUE D4 +6M LIQUIDE EPAIS X2 - Paracherkaoui.ma","isPartOf":{"@id":"https:\/\/paracherkaoui.ma\/#website"},"primaryImageOfPage":{"@id":"https:\/\/paracherkaoui.ma\/index.php\/produit\/dodie-tetine-ini-anti-colique-d4-6m-liquide-epais-x2\/#primaryimage"},"image":{"@id":"https:\/\/paracherkaoui.ma\/index.php\/produit\/dodie-tetine-ini-anti-colique-d4-6m-liquide-epais-x2\/#primaryimage"},"thumbnailUrl":"https:\/\/paracherkaoui.ma\/wp-content\/uploads\/2025\/12\/dodie-dodie-tetine-ini-anti-colique-d4-6m-liquide-epais-x2-tetines.jpg","datePublished":"2025-12-12T18:11:12+00:00","dateModified":"2025-12-12T18:11:15+00:00","breadcrumb":{"@id":"https:\/\/paracherkaoui.ma\/index.php\/produit\/dodie-tetine-ini-anti-colique-d4-6m-liquide-epais-x2\/#breadcrumb"},"inLanguage":"fr-FR","potentialAction":[{"@type":"ReadAction","target":["https:\/\/paracherkaoui.ma\/index.php\/produit\/dodie-tetine-ini-anti-colique-d4-6m-liquide-epais-x2\/"]}]},{"@type":"ImageObject","inLanguage":"fr-FR","@id":"https:\/\/paracherkaoui.ma\/index.php\/produit\/dodie-tetine-ini-anti-colique-d4-6m-liquide-epais-x2\/#primaryimage","url":"https:\/\/paracherkaoui.ma\/wp-content\/uploads\/2025\/12\/dodie-dodie-tetine-ini-anti-colique-d4-6m-liquide-epais-x2-tetines.jpg","contentUrl":"https:\/\/paracherkaoui.ma\/wp-content\/uploads\/2025\/12\/dodie-dodie-tetine-ini-anti-colique-d4-6m-liquide-epais-x2-tetines.jpg","width":700,"height":700},{"@type":"BreadcrumbList","@id":"https:\/\/paracherkaoui.ma\/index.php\/produit\/dodie-tetine-ini-anti-colique-d4-6m-liquide-epais-x2\/#breadcrumb","itemListElement":[{"@type":"ListItem","position":1,"name":"Accueil","item":"https:\/\/paracherkaoui.ma\/"},{"@type":"ListItem","position":2,"name":"Boutique","item":"https:\/\/paracherkaoui.ma\/index.php\/boutique\/"},{"@type":"ListItem","position":3,"name":"DODIE TETINE INI+ ANTI COLIQUE D4 +6M LIQUIDE EPAIS X2"}]},{"@type":"WebSite","@id":"https:\/\/paracherkaoui.ma\/#website","url":"https:\/\/paracherkaoui.ma\/","name":"Paracherkaoui.ma","description":"Achetez en ligne sur Paracherkaoui.ma","potentialAction":[{"@type":"SearchAction","target":{"@type":"EntryPoint","urlTemplate":"https:\/\/paracherkaoui.ma\/?s={search_term_string}"},"query-input":{"@type":"PropertyValueSpecification","valueRequired":true,"valueName":"search_term_string"}}],"inLanguage":"fr-FR"}]}},"_links":{"self":[{"href":"https:\/\/paracherkaoui.ma\/index.php\/wp-json\/wp\/v2\/product\/43544","targetHints":{"allow":["GET"]}}],"collection":[{"href":"https:\/\/paracherkaoui.ma\/index.php\/wp-json\/wp\/v2\/product"}],"about":[{"href":"https:\/\/paracherkaoui.ma\/index.php\/wp-json\/wp\/v2\/types\/product"}],"replies":[{"embeddable":true,"href":"https:\/\/paracherkaoui.ma\/index.php\/wp-json\/wp\/v2\/comments?post=43544"}],"version-history":[{"count":1,"href":"https:\/\/paracherkaoui.ma\/index.php\/wp-json\/wp\/v2\/product\/43544\/revisions"}],"predecessor-version":[{"id":43568,"href":"https:\/\/paracherkaoui.ma\/index.php\/wp-json\/wp\/v2\/product\/43544\/revisions\/43568"}],"wp:featuredmedia":[{"embeddable":true,"href":"https:\/\/paracherkaoui.ma\/index.php\/wp-json\/wp\/v2\/media\/43567"}],"wp:attachment":[{"href":"https:\/\/paracherkaoui.ma\/index.php\/wp-json\/wp\/v2\/media?parent=43544"}],"wp:term":[{"taxonomy":"product_brand","embeddable":true,"href":"https:\/\/paracherkaoui.ma\/index.php\/wp-json\/wp\/v2\/product_brand?post=43544"},{"taxonomy":"product_cat","embeddable":true,"href":"https:\/\/paracherkaoui.ma\/index.php\/wp-json\/wp\/v2\/product_cat?post=43544"},{"taxonomy":"product_tag","embeddable":true,"href":"https:\/\/paracherkaoui.ma\/index.php\/wp-json\/wp\/v2\/product_tag?post=43544"}],"curies":[{"name":"wp","href":"https:\/\/api.w.org\/{rel}","templated":true}]}}